{"id":4803,"date":"2025-05-27T12:11:01","date_gmt":"2025-05-27T10:11:01","guid":{"rendered":"https:\/\/www.coverseal.fr\/?post_type=ufaq&#038;p=4803"},"modified":"2025-10-17T11:40:48","modified_gmt":"2025-10-17T09:40:48","slug":"pourquoi-ne-voulez-vous-pas-prendre-les-dimensions-sur-plans-avant-la-fin-de-chantier","status":"publish","type":"ufaq","link":"https:\/\/coverseal.be\/fr\/ufaq\/pourquoi-ne-voulez-vous-pas-prendre-les-dimensions-sur-plans-avant-la-fin-de-chantier\/","title":{"rendered":"Pourquoi ne voulez-vous pas prendre les dimensions sur plans ?"},"content":{"rendered":"<style>.ewd-ufaq-post-margin-symbol { color: #7f351b !important; }.ewd-ufaq-faq-title .ewd-ufaq-post-margin-symbol span { font-size: 22px !important; }div.ewd-ufaq-faq-title h5 { font-family: Lexend !important; }div.ewd-ufaq-faq-title h5 { font-size: 20px !important; }<\/style><div  class=\"ewd-ufaq-faq-list ewd-ufaq-page-type-infinite_scroll ewd-ufaq-category-tabs-\" id='ewd-ufaq-faq-list'>\n\n\t<input type='hidden' name='show_on_load' value='' id='ewd-ufaq-show-on-load' \/>\n<input type='hidden' name='include_category' value='' id='ewd-ufaq-include-category' \/>\n<input type='hidden' name='exclude_category' value='' id='ewd-ufaq-exclude-category' \/>\n<input type='hidden' name='orderby' value='title' id='ewd-ufaq-orderby' \/>\n<input type='hidden' name='order' value='asc' id='ewd-ufaq-order' \/>\n<input type='hidden' name='post_count' value='-1' id='ewd-ufaq-post-count' \/>\n<input type='hidden' name='current_url' value='\/fr\/wp-json\/wp\/v2\/ufaq\/4803' id='ewd-ufaq-current-url' \/>\n\t\n\t\n\t<div class='ewd-ufaq-faqs'>\n\n\t\t<div  class=\"ewd-ufaq-faq-div ewd-ufaq-faq-column-count-one ewd-ufaq-faq-responsive-columns- ewd-ufaq-faq-display-style-default ewd-ufaq-can-be-toggled\" id='ewd-ufaq-post-4803-ghqbz8xkle' data-post_id='4803'>\n\n\t\t\n\t<div class='ewd-ufaq-faq-title ewd-ufaq-faq-toggle'>\n\t\n\t<a class='ewd-ufaq-post-margin'  href='#' role=\"button\">\n\n\t\t<div class='ewd-ufaq-post-margin-symbol ewd-ufaq-'>\n\t\t\t<span >B<\/span>\n\t\t<\/div>\n\n\t\t<div class='ewd-ufaq-faq-title-text'>\n\n\t\t\t<h5>\n\t\t\t\tPourquoi ne voulez-vous pas prendre les dimensions sur plans ?\t\t\t<\/h5>\n\n\t\t<\/div>\n\n\t\t<div class='ewd-ufaq-clear'><\/div>\n\n\t<\/a>\n\t\n<\/div>\n\t\n\t<div class='ewd-ufaq-faq-body' >\n\n\t\t\n\t\t\t<div class='ewd-ufaq-faq-categories'>\n\t\n\tCategory:\n\t\n\t\tG\u00e9n\u00e9ralit\u00e9s\n\t\n<\/div>\n\t\t\n\t\t\t<div class='ewd-ufaq-post-margin ewd-ufaq-faq-post'>\n\t<div class=\"dsm_faq_child_21 dsm-faq-item-wrapper dsm-faq-item-active\">\n<div class=\"dsm-faq-content\">\n<p>Il est indispensable de pouvoir d\u00e9terminer les dimensions de la couverture au centim\u00e8tre pr\u00e8s afin d\u2019\u00e9viter tout obstacle (comme le bo\u00eetier technique), de v\u00e9rifier les \u00e9ventuelles pentes, les joints ou les bordures en pierre (risques de casse), d\u2019assurer un rendu esth\u00e9tique optimal et de garantir que la couverture fabriqu\u00e9e puisse \u00eatre pos\u00e9e sans difficult\u00e9.<\/p>\n<\/div>\n<\/div>\n<div class=\"dsm_faq_child_22 dsm-faq-item-wrapper\">\n<div class=\"dsm-title-wrapper\">\n<div class=\"dsm-title-inner-wrapper\"><\/div>\n<\/div>\n<\/div>\n<\/div>\n\t\t\n\t\t\t\n\t\t\n\t\t\t\n\t\t\n\t\t\t\n\t\t\n\t\t\t\n\t\t\n\t\t\t\n\t\t\n\t\t\t\n\t\t\n\t\t\t\n\t\t\n\t\t\t\n\t\t\n\t<\/div>\n\n<\/div>\n\t<\/div>\n\n\t\n<\/div>","protected":false},"excerpt":{"rendered":"<p>B Pourquoi ne voulez-vous pas prendre les dimensions sur plans ? Category: G\u00e9n\u00e9ralit\u00e9s Il est indispensable de pouvoir d\u00e9terminer les dimensions de la couverture au centim\u00e8tre pr\u00e8s afin d\u2019\u00e9viter tout obstacle (comme le bo\u00eetier technique), de v\u00e9rifier les \u00e9ventuelles pentes, les joints ou les bordures en pierre (risques de casse), d\u2019assurer un rendu esth\u00e9tique optimal [&hellip;]<\/p>\n","protected":false},"author":19,"featured_media":0,"comment_status":"closed","ping_status":"closed","template":"","ufaq-category":[33],"ufaq-tag":[],"class_list":["post-4803","ufaq","type-ufaq","status-publish","hentry","ufaq-category-generalite"],"yoast_head":"<!-- This site is optimized with the Yoast SEO plugin v27.5 - https:\/\/yoast.com\/product\/yoast-seo-wordpress\/ -->\n<title>Pourquoi ne voulez-vous pas prendre les dimensions sur plans ? | Coverseal<\/title>\n<meta name=\"robots\" content=\"index, follow, max-snippet:-1, max-image-preview:large, max-video-preview:-1\" \/>\n<link rel=\"canonical\" href=\"https:\/\/coverseal.be\/fr\/ufaq\/pourquoi-ne-voulez-vous-pas-prendre-les-dimensions-sur-plans-avant-la-fin-de-chantier\/\" \/>\n<meta property=\"og:locale\" content=\"fr_FR\" \/>\n<meta property=\"og:type\" content=\"article\" \/>\n<meta property=\"og:title\" content=\"Pourquoi ne voulez-vous pas prendre les dimensions sur plans ? | Coverseal\" \/>\n<meta property=\"og:description\" content=\"B Pourquoi ne voulez-vous pas prendre les dimensions sur plans ? Category: G\u00e9n\u00e9ralit\u00e9s Il est indispensable de pouvoir d\u00e9terminer les dimensions de la couverture au centim\u00e8tre pr\u00e8s afin d\u2019\u00e9viter tout obstacle (comme le bo\u00eetier technique), de v\u00e9rifier les \u00e9ventuelles pentes, les joints ou les bordures en pierre (risques de casse), d\u2019assurer un rendu esth\u00e9tique optimal [&hellip;]\" \/>\n<meta property=\"og:url\" content=\"https:\/\/coverseal.be\/fr\/ufaq\/pourquoi-ne-voulez-vous-pas-prendre-les-dimensions-sur-plans-avant-la-fin-de-chantier\/\" \/>\n<meta property=\"og:site_name\" content=\"Coverseal\" \/>\n<meta property=\"article:modified_time\" content=\"2025-10-17T09:40:48+00:00\" \/>\n<meta name=\"twitter:card\" content=\"summary_large_image\" \/>\n<meta name=\"twitter:label1\" content=\"Dur\u00e9e de lecture est.\" \/>\n\t<meta name=\"twitter:data1\" content=\"1 minute\" \/>\n<script type=\"application\/ld+json\" class=\"yoast-schema-graph\">{\"@context\":\"https:\\\/\\\/schema.org\",\"@graph\":[{\"@type\":\"WebPage\",\"@id\":\"https:\\\/\\\/coverseal.be\\\/fr\\\/ufaq\\\/pourquoi-ne-voulez-vous-pas-prendre-les-dimensions-sur-plans-avant-la-fin-de-chantier\\\/\",\"url\":\"https:\\\/\\\/coverseal.be\\\/fr\\\/ufaq\\\/pourquoi-ne-voulez-vous-pas-prendre-les-dimensions-sur-plans-avant-la-fin-de-chantier\\\/\",\"name\":\"Pourquoi ne voulez-vous pas prendre les dimensions sur plans ? | Coverseal\",\"isPartOf\":{\"@id\":\"https:\\\/\\\/coverseal.be\\\/fr\\\/#website\"},\"datePublished\":\"2025-05-27T10:11:01+00:00\",\"dateModified\":\"2025-10-17T09:40:48+00:00\",\"breadcrumb\":{\"@id\":\"https:\\\/\\\/coverseal.be\\\/fr\\\/ufaq\\\/pourquoi-ne-voulez-vous-pas-prendre-les-dimensions-sur-plans-avant-la-fin-de-chantier\\\/#breadcrumb\"},\"inLanguage\":\"fr-BE\",\"potentialAction\":[{\"@type\":\"ReadAction\",\"target\":[\"https:\\\/\\\/coverseal.be\\\/fr\\\/ufaq\\\/pourquoi-ne-voulez-vous-pas-prendre-les-dimensions-sur-plans-avant-la-fin-de-chantier\\\/\"]}]},{\"@type\":\"BreadcrumbList\",\"@id\":\"https:\\\/\\\/coverseal.be\\\/fr\\\/ufaq\\\/pourquoi-ne-voulez-vous-pas-prendre-les-dimensions-sur-plans-avant-la-fin-de-chantier\\\/#breadcrumb\",\"itemListElement\":[{\"@type\":\"ListItem\",\"position\":1,\"name\":\"Accueil\",\"item\":\"https:\\\/\\\/coverseal.be\\\/fr\\\/\"},{\"@type\":\"ListItem\",\"position\":2,\"name\":\"FAQs\",\"item\":\"https:\\\/\\\/coverseal.be\\\/fr\\\/ufaq\\\/\"},{\"@type\":\"ListItem\",\"position\":3,\"name\":\"Pourquoi ne voulez-vous pas prendre les dimensions sur plans ?\"}]},{\"@type\":\"WebSite\",\"@id\":\"https:\\\/\\\/coverseal.be\\\/fr\\\/#website\",\"url\":\"https:\\\/\\\/coverseal.be\\\/fr\\\/\",\"name\":\"Coverseal\",\"description\":\"\",\"potentialAction\":[{\"@type\":\"SearchAction\",\"target\":{\"@type\":\"EntryPoint\",\"urlTemplate\":\"https:\\\/\\\/coverseal.be\\\/fr\\\/?s={search_term_string}\"},\"query-input\":{\"@type\":\"PropertyValueSpecification\",\"valueRequired\":true,\"valueName\":\"search_term_string\"}}],\"inLanguage\":\"fr-BE\"}]}<\/script>\n<!-- \/ Yoast SEO plugin. -->","yoast_head_json":{"title":"Pourquoi ne voulez-vous pas prendre les dimensions sur plans ? | Coverseal","robots":{"index":"index","follow":"follow","max-snippet":"max-snippet:-1","max-image-preview":"max-image-preview:large","max-video-preview":"max-video-preview:-1"},"canonical":"https:\/\/coverseal.be\/fr\/ufaq\/pourquoi-ne-voulez-vous-pas-prendre-les-dimensions-sur-plans-avant-la-fin-de-chantier\/","og_locale":"fr_FR","og_type":"article","og_title":"Pourquoi ne voulez-vous pas prendre les dimensions sur plans ? | Coverseal","og_description":"B Pourquoi ne voulez-vous pas prendre les dimensions sur plans ? Category: G\u00e9n\u00e9ralit\u00e9s Il est indispensable de pouvoir d\u00e9terminer les dimensions de la couverture au centim\u00e8tre pr\u00e8s afin d\u2019\u00e9viter tout obstacle (comme le bo\u00eetier technique), de v\u00e9rifier les \u00e9ventuelles pentes, les joints ou les bordures en pierre (risques de casse), d\u2019assurer un rendu esth\u00e9tique optimal [&hellip;]","og_url":"https:\/\/coverseal.be\/fr\/ufaq\/pourquoi-ne-voulez-vous-pas-prendre-les-dimensions-sur-plans-avant-la-fin-de-chantier\/","og_site_name":"Coverseal","article_modified_time":"2025-10-17T09:40:48+00:00","twitter_card":"summary_large_image","twitter_misc":{"Dur\u00e9e de lecture est.":"1 minute"},"schema":{"@context":"https:\/\/schema.org","@graph":[{"@type":"WebPage","@id":"https:\/\/coverseal.be\/fr\/ufaq\/pourquoi-ne-voulez-vous-pas-prendre-les-dimensions-sur-plans-avant-la-fin-de-chantier\/","url":"https:\/\/coverseal.be\/fr\/ufaq\/pourquoi-ne-voulez-vous-pas-prendre-les-dimensions-sur-plans-avant-la-fin-de-chantier\/","name":"Pourquoi ne voulez-vous pas prendre les dimensions sur plans ? | Coverseal","isPartOf":{"@id":"https:\/\/coverseal.be\/fr\/#website"},"datePublished":"2025-05-27T10:11:01+00:00","dateModified":"2025-10-17T09:40:48+00:00","breadcrumb":{"@id":"https:\/\/coverseal.be\/fr\/ufaq\/pourquoi-ne-voulez-vous-pas-prendre-les-dimensions-sur-plans-avant-la-fin-de-chantier\/#breadcrumb"},"inLanguage":"fr-BE","potentialAction":[{"@type":"ReadAction","target":["https:\/\/coverseal.be\/fr\/ufaq\/pourquoi-ne-voulez-vous-pas-prendre-les-dimensions-sur-plans-avant-la-fin-de-chantier\/"]}]},{"@type":"BreadcrumbList","@id":"https:\/\/coverseal.be\/fr\/ufaq\/pourquoi-ne-voulez-vous-pas-prendre-les-dimensions-sur-plans-avant-la-fin-de-chantier\/#breadcrumb","itemListElement":[{"@type":"ListItem","position":1,"name":"Accueil","item":"https:\/\/coverseal.be\/fr\/"},{"@type":"ListItem","position":2,"name":"FAQs","item":"https:\/\/coverseal.be\/fr\/ufaq\/"},{"@type":"ListItem","position":3,"name":"Pourquoi ne voulez-vous pas prendre les dimensions sur plans ?"}]},{"@type":"WebSite","@id":"https:\/\/coverseal.be\/fr\/#website","url":"https:\/\/coverseal.be\/fr\/","name":"Coverseal","description":"","potentialAction":[{"@type":"SearchAction","target":{"@type":"EntryPoint","urlTemplate":"https:\/\/coverseal.be\/fr\/?s={search_term_string}"},"query-input":{"@type":"PropertyValueSpecification","valueRequired":true,"valueName":"search_term_string"}}],"inLanguage":"fr-BE"}]}},"_links":{"self":[{"href":"https:\/\/coverseal.be\/fr\/wp-json\/wp\/v2\/ufaq\/4803","targetHints":{"allow":["GET"]}}],"collection":[{"href":"https:\/\/coverseal.be\/fr\/wp-json\/wp\/v2\/ufaq"}],"about":[{"href":"https:\/\/coverseal.be\/fr\/wp-json\/wp\/v2\/types\/ufaq"}],"author":[{"embeddable":true,"href":"https:\/\/coverseal.be\/fr\/wp-json\/wp\/v2\/users\/19"}],"replies":[{"embeddable":true,"href":"https:\/\/coverseal.be\/fr\/wp-json\/wp\/v2\/comments?post=4803"}],"wp:attachment":[{"href":"https:\/\/coverseal.be\/fr\/wp-json\/wp\/v2\/media?parent=4803"}],"wp:term":[{"taxonomy":"ufaq-category","embeddable":true,"href":"https:\/\/coverseal.be\/fr\/wp-json\/wp\/v2\/ufaq-category?post=4803"},{"taxonomy":"ufaq-tag","embeddable":true,"href":"https:\/\/coverseal.be\/fr\/wp-json\/wp\/v2\/ufaq-tag?post=4803"}],"curies":[{"name":"wp","href":"https:\/\/api.w.org\/{rel}","templated":true}]}}

<style>.ewd-ufaq-post-margin-symbol { color: #7f351b !important; }.ewd-ufaq-faq-title .ewd-ufaq-post-margin-symbol span { font-size: 22px !important; }div.ewd-ufaq-faq-title h5 { font-family: Lexend !important; }div.ewd-ufaq-faq-title h5 { font-size: 20px !important; }</style><div  class="ewd-ufaq-faq-list ewd-ufaq-page-type-infinite_scroll ewd-ufaq-category-tabs-" id='ewd-ufaq-faq-list'>

	<input type='hidden' name='show_on_load' value='' id='ewd-ufaq-show-on-load' />
<input type='hidden' name='include_category' value='' id='ewd-ufaq-include-category' />
<input type='hidden' name='exclude_category' value='' id='ewd-ufaq-exclude-category' />
<input type='hidden' name='orderby' value='title' id='ewd-ufaq-orderby' />
<input type='hidden' name='order' value='asc' id='ewd-ufaq-order' />
<input type='hidden' name='post_count' value='-1' id='ewd-ufaq-post-count' />
<input type='hidden' name='current_url' value='/fr/wp-json/wp/v2/ufaq/4803' id='ewd-ufaq-current-url' />
	
	
	<div class='ewd-ufaq-faqs'>

		<div  class="ewd-ufaq-faq-div ewd-ufaq-faq-column-count-one ewd-ufaq-faq-responsive-columns- ewd-ufaq-faq-display-style-default ewd-ufaq-can-be-toggled" id='ewd-ufaq-post-4803-ghqbz8xkle' data-post_id='4803'>

		
	<div class='ewd-ufaq-faq-title ewd-ufaq-faq-toggle'>
	
	<a class='ewd-ufaq-post-margin'  href='#' role="button">

		<div class='ewd-ufaq-post-margin-symbol ewd-ufaq-'>
			<span >B</span>
		</div>

		<div class='ewd-ufaq-faq-title-text'>

			<h5>
				Pourquoi ne voulez-vous pas prendre les dimensions sur plans ?			</h5>

		</div>

		<div class='ewd-ufaq-clear'></div>

	</a>
	
</div>
	
	<div class='ewd-ufaq-faq-body' >

		
			<div class='ewd-ufaq-faq-categories'>
	
	Category:
	
		Généralités
	
</div>
		
			<div class='ewd-ufaq-post-margin ewd-ufaq-faq-post'>
	<div class="dsm_faq_child_21 dsm-faq-item-wrapper dsm-faq-item-active">
<div class="dsm-faq-content">
<p>Il est indispensable de pouvoir déterminer les dimensions de la couverture au centimètre près afin d’éviter tout obstacle (comme le boîtier technique), de vérifier les éventuelles pentes, les joints ou les bordures en pierre (risques de casse), d’assurer un rendu esthétique optimal et de garantir que la couverture fabriquée puisse être posée sans difficulté.</p>
</div>
</div>
<div class="dsm_faq_child_22 dsm-faq-item-wrapper">
<div class="dsm-title-wrapper">
<div class="dsm-title-inner-wrapper"></div>
</div>
</div>
</div>
		
			
		
			
		
			
		
			
		
			
		
			
		
			
		
			
		
	</div>

</div>
	</div>

	
</div>

<p>B Pourquoi ne voulez-vous pas prendre les dimensions sur plans ? Category: Généralités Il est indispensable de pouvoir déterminer les dimensions de la couverture au centimètre près afin d’éviter tout obstacle (comme le boîtier technique), de vérifier les éventuelles pentes, les joints ou les bordures en pierre (risques de casse), d’assurer un rendu esthétique optimal [&hellip;]</p>

<!-- This site is optimized with the Yoast SEO plugin v27.5 - https://yoast.com/product/yoast-seo-wordpress/ -->
<title>Pourquoi ne voulez-vous pas prendre les dimensions sur plans ? | Coverseal</title>
<meta name="robots" content="index, follow, max-snippet:-1, max-image-preview:large, max-video-preview:-1" />
<link rel="canonical" href="https://coverseal.be/fr/ufaq/pourquoi-ne-voulez-vous-pas-prendre-les-dimensions-sur-plans-avant-la-fin-de-chantier/" />
<meta property="og:locale" content="fr_FR" />
<meta property="og:type" content="article" />
<meta property="og:title" content="Pourquoi ne voulez-vous pas prendre les dimensions sur plans ? | Coverseal" />
<meta property="og:description" content="B Pourquoi ne voulez-vous pas prendre les dimensions sur plans ? Category: Généralités Il est indispensable de pouvoir déterminer les dimensions de la couverture au centimètre près afin d’éviter tout obstacle (comme le boîtier technique), de vérifier les éventuelles pentes, les joints ou les bordures en pierre (risques de casse), d’assurer un rendu esthétique optimal [&hellip;]" />
<meta property="og:url" content="https://coverseal.be/fr/ufaq/pourquoi-ne-voulez-vous-pas-prendre-les-dimensions-sur-plans-avant-la-fin-de-chantier/" />
<meta property="og:site_name" content="Coverseal" />
<meta property="article:modified_time" content="2025-10-17T09:40:48+00:00" />
<meta name="twitter:card" content="summary_large_image" />
<meta name="twitter:label1" content="Durée de lecture est." />
	<meta name="twitter:data1" content="1 minute" />
<script type="application/ld+json" class="yoast-schema-graph">{"@context":"https:\/\/schema.org","@graph":[{"@type":"WebPage","@id":"https:\/\/coverseal.be\/fr\/ufaq\/pourquoi-ne-voulez-vous-pas-prendre-les-dimensions-sur-plans-avant-la-fin-de-chantier\/","url":"https:\/\/coverseal.be\/fr\/ufaq\/pourquoi-ne-voulez-vous-pas-prendre-les-dimensions-sur-plans-avant-la-fin-de-chantier\/","name":"Pourquoi ne voulez-vous pas prendre les dimensions sur plans ? | Coverseal","isPartOf":{"@id":"https:\/\/coverseal.be\/fr\/#website"},"datePublished":"2025-05-27T10:11:01+00:00","dateModified":"2025-10-17T09:40:48+00:00","breadcrumb":{"@id":"https:\/\/coverseal.be\/fr\/ufaq\/pourquoi-ne-voulez-vous-pas-prendre-les-dimensions-sur-plans-avant-la-fin-de-chantier\/#breadcrumb"},"inLanguage":"fr-BE","potentialAction":[{"@type":"ReadAction","target":["https:\/\/coverseal.be\/fr\/ufaq\/pourquoi-ne-voulez-vous-pas-prendre-les-dimensions-sur-plans-avant-la-fin-de-chantier\/"]}]},{"@type":"BreadcrumbList","@id":"https:\/\/coverseal.be\/fr\/ufaq\/pourquoi-ne-voulez-vous-pas-prendre-les-dimensions-sur-plans-avant-la-fin-de-chantier\/#breadcrumb","itemListElement":[{"@type":"ListItem","position":1,"name":"Accueil","item":"https:\/\/coverseal.be\/fr\/"},{"@type":"ListItem","position":2,"name":"FAQs","item":"https:\/\/coverseal.be\/fr\/ufaq\/"},{"@type":"ListItem","position":3,"name":"Pourquoi ne voulez-vous pas prendre les dimensions sur plans ?"}]},{"@type":"WebSite","@id":"https:\/\/coverseal.be\/fr\/#website","url":"https:\/\/coverseal.be\/fr\/","name":"Coverseal","description":"","potentialAction":[{"@type":"SearchAction","target":{"@type":"EntryPoint","urlTemplate":"https:\/\/coverseal.be\/fr\/?s={search_term_string}"},"query-input":{"@type":"PropertyValueSpecification","valueRequired":true,"valueName":"search_term_string"}}],"inLanguage":"fr-BE"}]}</script>
<!-- / Yoast SEO plugin. -->

B Pourquoi ne voulez-vous pas prendre les dimensions sur plans ? Category: Généralités Il est indispensable de pouvoir déterminer les dimensions de la couverture au centimètre près afin d’éviter tout obstacle (comme le boîtier technique), de vérifier les éventuelles pentes, les joints ou les bordures en pierre (risques de casse), d’assurer un rendu esthétique optimal [&hellip;]
