{"id":4788,"date":"2025-05-27T12:06:40","date_gmt":"2025-05-27T10:06:40","guid":{"rendered":"https:\/\/www.coverseal.fr\/?post_type=ufaq&#038;p=4788"},"modified":"2025-10-17T11:32:11","modified_gmt":"2025-10-17T09:32:11","slug":"la-membrane-reste-t-elle-parfaitement-tendue","status":"publish","type":"ufaq","link":"https:\/\/coverseal.be\/fr\/ufaq\/la-membrane-reste-t-elle-parfaitement-tendue\/","title":{"rendered":"La membrane reste-t-elle parfaitement tendue ?"},"content":{"rendered":"<style>.ewd-ufaq-post-margin-symbol { color: #7f351b !important; }.ewd-ufaq-faq-title .ewd-ufaq-post-margin-symbol span { font-size: 22px !important; }div.ewd-ufaq-faq-title h5 { font-family: Lexend !important; }div.ewd-ufaq-faq-title h5 { font-size: 20px !important; }<\/style><div  class=\"ewd-ufaq-faq-list ewd-ufaq-page-type-infinite_scroll ewd-ufaq-category-tabs-\" id='ewd-ufaq-faq-list'>\n\n\t<input type='hidden' name='show_on_load' value='' id='ewd-ufaq-show-on-load' \/>\n<input type='hidden' name='include_category' value='' id='ewd-ufaq-include-category' \/>\n<input type='hidden' name='exclude_category' value='' id='ewd-ufaq-exclude-category' \/>\n<input type='hidden' name='orderby' value='title' id='ewd-ufaq-orderby' \/>\n<input type='hidden' name='order' value='asc' id='ewd-ufaq-order' \/>\n<input type='hidden' name='post_count' value='-1' id='ewd-ufaq-post-count' \/>\n<input type='hidden' name='current_url' value='\/fr\/wp-json\/wp\/v2\/ufaq\/4788' id='ewd-ufaq-current-url' \/>\n\t\n\t\n\t<div class='ewd-ufaq-faqs'>\n\n\t\t<div  class=\"ewd-ufaq-faq-div ewd-ufaq-faq-column-count-one ewd-ufaq-faq-responsive-columns- ewd-ufaq-faq-display-style-default ewd-ufaq-can-be-toggled\" id='ewd-ufaq-post-4788-jLjSJd574H' data-post_id='4788'>\n\n\t\t\n\t<div class='ewd-ufaq-faq-title ewd-ufaq-faq-toggle'>\n\t\n\t<a class='ewd-ufaq-post-margin'  href='#' role=\"button\">\n\n\t\t<div class='ewd-ufaq-post-margin-symbol ewd-ufaq-'>\n\t\t\t<span >B<\/span>\n\t\t<\/div>\n\n\t\t<div class='ewd-ufaq-faq-title-text'>\n\n\t\t\t<h5>\n\t\t\t\tLa membrane reste-t-elle parfaitement tendue ?\t\t\t<\/h5>\n\n\t\t<\/div>\n\n\t\t<div class='ewd-ufaq-clear'><\/div>\n\n\t<\/a>\n\t\n<\/div>\n\t\n\t<div class='ewd-ufaq-faq-body' >\n\n\t\t\n\t\t\t<div class='ewd-ufaq-faq-categories'>\n\t\n\tCategory:\n\t\n\t\tG\u00e9n\u00e9ralit\u00e9s\n\t\n<\/div>\n\t\t\n\t\t\t<div class='ewd-ufaq-post-margin ewd-ufaq-faq-post'>\n\t<div class=\"ewa-rteLine\">Visuellement, la membrane pr\u00e9sente une tension parfaitement uniforme, avec une l\u00e9g\u00e8re fl\u00e8che technique d\u2019environ 1 cm par m\u00e8tre de largeur. Cette tension, combin\u00e9e \u00e0 des orifices d\u2019\u00e9vacuation situ\u00e9s au centre, emp\u00eache toute stagnation d\u2019eau et limite ainsi l\u2019accumulation de salet\u00e9s. Les feuilles qui peuvent s\u2019y d\u00e9poser sont facilement emport\u00e9es par le vent. Avec le temps, la membrane conserve sa tenue initiale : la fl\u00e8che ne s\u2019accentue pas. Dans les r\u00e9gions soumises \u00e0 des conditions m\u00e9t\u00e9orologiques extr\u00eames, il est toutefois essentiel de maintenir un niveau d\u2019eau normal afin que celle-ci soutienne la membrane en cas de fortes chutes de neige et pr\u00e9serve ainsi son esth\u00e9tique.<\/div>\n<\/div>\n\t\t\n\t\t\t\n\t\t\n\t\t\t\n\t\t\n\t\t\t\n\t\t\n\t\t\t\n\t\t\n\t\t\t\n\t\t\n\t\t\t\n\t\t\n\t\t\t\n\t\t\n\t\t\t\n\t\t\n\t<\/div>\n\n<\/div>\n\t<\/div>\n\n\t\n<\/div>","protected":false},"excerpt":{"rendered":"<p>B La membrane reste-t-elle parfaitement tendue ? Category: G\u00e9n\u00e9ralit\u00e9s Visuellement, la membrane pr\u00e9sente une tension parfaitement uniforme, avec une l\u00e9g\u00e8re fl\u00e8che technique d\u2019environ 1 cm par m\u00e8tre de largeur. Cette tension, combin\u00e9e \u00e0 des orifices d\u2019\u00e9vacuation situ\u00e9s au centre, emp\u00eache toute stagnation d\u2019eau et limite ainsi l\u2019accumulation de salet\u00e9s. Les feuilles qui peuvent s\u2019y d\u00e9poser [&hellip;]<\/p>\n","protected":false},"author":19,"featured_media":0,"comment_status":"closed","ping_status":"closed","template":"","ufaq-category":[33],"ufaq-tag":[],"class_list":["post-4788","ufaq","type-ufaq","status-publish","hentry","ufaq-category-generalite"],"yoast_head":"<!-- This site is optimized with the Yoast SEO plugin v27.5 - https:\/\/yoast.com\/product\/yoast-seo-wordpress\/ -->\n<title>La membrane reste-t-elle parfaitement tendue ? | Coverseal<\/title>\n<meta name=\"robots\" content=\"index, follow, max-snippet:-1, max-image-preview:large, max-video-preview:-1\" \/>\n<link rel=\"canonical\" href=\"https:\/\/coverseal.be\/fr\/ufaq\/la-membrane-reste-t-elle-parfaitement-tendue\/\" \/>\n<meta property=\"og:locale\" content=\"fr_FR\" \/>\n<meta property=\"og:type\" content=\"article\" \/>\n<meta property=\"og:title\" content=\"La membrane reste-t-elle parfaitement tendue ? | Coverseal\" \/>\n<meta property=\"og:description\" content=\"B La membrane reste-t-elle parfaitement tendue ? Category: G\u00e9n\u00e9ralit\u00e9s Visuellement, la membrane pr\u00e9sente une tension parfaitement uniforme, avec une l\u00e9g\u00e8re fl\u00e8che technique d\u2019environ 1 cm par m\u00e8tre de largeur. Cette tension, combin\u00e9e \u00e0 des orifices d\u2019\u00e9vacuation situ\u00e9s au centre, emp\u00eache toute stagnation d\u2019eau et limite ainsi l\u2019accumulation de salet\u00e9s. Les feuilles qui peuvent s\u2019y d\u00e9poser [&hellip;]\" \/>\n<meta property=\"og:url\" content=\"https:\/\/coverseal.be\/fr\/ufaq\/la-membrane-reste-t-elle-parfaitement-tendue\/\" \/>\n<meta property=\"og:site_name\" content=\"Coverseal\" \/>\n<meta property=\"article:modified_time\" content=\"2025-10-17T09:32:11+00:00\" \/>\n<meta name=\"twitter:card\" content=\"summary_large_image\" \/>\n<meta name=\"twitter:label1\" content=\"Dur\u00e9e de lecture est.\" \/>\n\t<meta name=\"twitter:data1\" content=\"1 minute\" \/>\n<script type=\"application\/ld+json\" class=\"yoast-schema-graph\">{\"@context\":\"https:\\\/\\\/schema.org\",\"@graph\":[{\"@type\":\"WebPage\",\"@id\":\"https:\\\/\\\/coverseal.be\\\/fr\\\/ufaq\\\/la-membrane-reste-t-elle-parfaitement-tendue\\\/\",\"url\":\"https:\\\/\\\/coverseal.be\\\/fr\\\/ufaq\\\/la-membrane-reste-t-elle-parfaitement-tendue\\\/\",\"name\":\"La membrane reste-t-elle parfaitement tendue ? | Coverseal\",\"isPartOf\":{\"@id\":\"https:\\\/\\\/coverseal.be\\\/fr\\\/#website\"},\"datePublished\":\"2025-05-27T10:06:40+00:00\",\"dateModified\":\"2025-10-17T09:32:11+00:00\",\"breadcrumb\":{\"@id\":\"https:\\\/\\\/coverseal.be\\\/fr\\\/ufaq\\\/la-membrane-reste-t-elle-parfaitement-tendue\\\/#breadcrumb\"},\"inLanguage\":\"fr-BE\",\"potentialAction\":[{\"@type\":\"ReadAction\",\"target\":[\"https:\\\/\\\/coverseal.be\\\/fr\\\/ufaq\\\/la-membrane-reste-t-elle-parfaitement-tendue\\\/\"]}]},{\"@type\":\"BreadcrumbList\",\"@id\":\"https:\\\/\\\/coverseal.be\\\/fr\\\/ufaq\\\/la-membrane-reste-t-elle-parfaitement-tendue\\\/#breadcrumb\",\"itemListElement\":[{\"@type\":\"ListItem\",\"position\":1,\"name\":\"Accueil\",\"item\":\"https:\\\/\\\/coverseal.be\\\/fr\\\/\"},{\"@type\":\"ListItem\",\"position\":2,\"name\":\"FAQs\",\"item\":\"https:\\\/\\\/coverseal.be\\\/fr\\\/ufaq\\\/\"},{\"@type\":\"ListItem\",\"position\":3,\"name\":\"La membrane reste-t-elle parfaitement tendue ?\"}]},{\"@type\":\"WebSite\",\"@id\":\"https:\\\/\\\/coverseal.be\\\/fr\\\/#website\",\"url\":\"https:\\\/\\\/coverseal.be\\\/fr\\\/\",\"name\":\"Coverseal\",\"description\":\"\",\"potentialAction\":[{\"@type\":\"SearchAction\",\"target\":{\"@type\":\"EntryPoint\",\"urlTemplate\":\"https:\\\/\\\/coverseal.be\\\/fr\\\/?s={search_term_string}\"},\"query-input\":{\"@type\":\"PropertyValueSpecification\",\"valueRequired\":true,\"valueName\":\"search_term_string\"}}],\"inLanguage\":\"fr-BE\"}]}<\/script>\n<!-- \/ Yoast SEO plugin. -->","yoast_head_json":{"title":"La membrane reste-t-elle parfaitement tendue ? | Coverseal","robots":{"index":"index","follow":"follow","max-snippet":"max-snippet:-1","max-image-preview":"max-image-preview:large","max-video-preview":"max-video-preview:-1"},"canonical":"https:\/\/coverseal.be\/fr\/ufaq\/la-membrane-reste-t-elle-parfaitement-tendue\/","og_locale":"fr_FR","og_type":"article","og_title":"La membrane reste-t-elle parfaitement tendue ? | Coverseal","og_description":"B La membrane reste-t-elle parfaitement tendue ? Category: G\u00e9n\u00e9ralit\u00e9s Visuellement, la membrane pr\u00e9sente une tension parfaitement uniforme, avec une l\u00e9g\u00e8re fl\u00e8che technique d\u2019environ 1 cm par m\u00e8tre de largeur. Cette tension, combin\u00e9e \u00e0 des orifices d\u2019\u00e9vacuation situ\u00e9s au centre, emp\u00eache toute stagnation d\u2019eau et limite ainsi l\u2019accumulation de salet\u00e9s. Les feuilles qui peuvent s\u2019y d\u00e9poser [&hellip;]","og_url":"https:\/\/coverseal.be\/fr\/ufaq\/la-membrane-reste-t-elle-parfaitement-tendue\/","og_site_name":"Coverseal","article_modified_time":"2025-10-17T09:32:11+00:00","twitter_card":"summary_large_image","twitter_misc":{"Dur\u00e9e de lecture est.":"1 minute"},"schema":{"@context":"https:\/\/schema.org","@graph":[{"@type":"WebPage","@id":"https:\/\/coverseal.be\/fr\/ufaq\/la-membrane-reste-t-elle-parfaitement-tendue\/","url":"https:\/\/coverseal.be\/fr\/ufaq\/la-membrane-reste-t-elle-parfaitement-tendue\/","name":"La membrane reste-t-elle parfaitement tendue ? | Coverseal","isPartOf":{"@id":"https:\/\/coverseal.be\/fr\/#website"},"datePublished":"2025-05-27T10:06:40+00:00","dateModified":"2025-10-17T09:32:11+00:00","breadcrumb":{"@id":"https:\/\/coverseal.be\/fr\/ufaq\/la-membrane-reste-t-elle-parfaitement-tendue\/#breadcrumb"},"inLanguage":"fr-BE","potentialAction":[{"@type":"ReadAction","target":["https:\/\/coverseal.be\/fr\/ufaq\/la-membrane-reste-t-elle-parfaitement-tendue\/"]}]},{"@type":"BreadcrumbList","@id":"https:\/\/coverseal.be\/fr\/ufaq\/la-membrane-reste-t-elle-parfaitement-tendue\/#breadcrumb","itemListElement":[{"@type":"ListItem","position":1,"name":"Accueil","item":"https:\/\/coverseal.be\/fr\/"},{"@type":"ListItem","position":2,"name":"FAQs","item":"https:\/\/coverseal.be\/fr\/ufaq\/"},{"@type":"ListItem","position":3,"name":"La membrane reste-t-elle parfaitement tendue ?"}]},{"@type":"WebSite","@id":"https:\/\/coverseal.be\/fr\/#website","url":"https:\/\/coverseal.be\/fr\/","name":"Coverseal","description":"","potentialAction":[{"@type":"SearchAction","target":{"@type":"EntryPoint","urlTemplate":"https:\/\/coverseal.be\/fr\/?s={search_term_string}"},"query-input":{"@type":"PropertyValueSpecification","valueRequired":true,"valueName":"search_term_string"}}],"inLanguage":"fr-BE"}]}},"_links":{"self":[{"href":"https:\/\/coverseal.be\/fr\/wp-json\/wp\/v2\/ufaq\/4788","targetHints":{"allow":["GET"]}}],"collection":[{"href":"https:\/\/coverseal.be\/fr\/wp-json\/wp\/v2\/ufaq"}],"about":[{"href":"https:\/\/coverseal.be\/fr\/wp-json\/wp\/v2\/types\/ufaq"}],"author":[{"embeddable":true,"href":"https:\/\/coverseal.be\/fr\/wp-json\/wp\/v2\/users\/19"}],"replies":[{"embeddable":true,"href":"https:\/\/coverseal.be\/fr\/wp-json\/wp\/v2\/comments?post=4788"}],"wp:attachment":[{"href":"https:\/\/coverseal.be\/fr\/wp-json\/wp\/v2\/media?parent=4788"}],"wp:term":[{"taxonomy":"ufaq-category","embeddable":true,"href":"https:\/\/coverseal.be\/fr\/wp-json\/wp\/v2\/ufaq-category?post=4788"},{"taxonomy":"ufaq-tag","embeddable":true,"href":"https:\/\/coverseal.be\/fr\/wp-json\/wp\/v2\/ufaq-tag?post=4788"}],"curies":[{"name":"wp","href":"https:\/\/api.w.org\/{rel}","templated":true}]}}

<style>.ewd-ufaq-post-margin-symbol { color: #7f351b !important; }.ewd-ufaq-faq-title .ewd-ufaq-post-margin-symbol span { font-size: 22px !important; }div.ewd-ufaq-faq-title h5 { font-family: Lexend !important; }div.ewd-ufaq-faq-title h5 { font-size: 20px !important; }</style><div  class="ewd-ufaq-faq-list ewd-ufaq-page-type-infinite_scroll ewd-ufaq-category-tabs-" id='ewd-ufaq-faq-list'>

	<input type='hidden' name='show_on_load' value='' id='ewd-ufaq-show-on-load' />
<input type='hidden' name='include_category' value='' id='ewd-ufaq-include-category' />
<input type='hidden' name='exclude_category' value='' id='ewd-ufaq-exclude-category' />
<input type='hidden' name='orderby' value='title' id='ewd-ufaq-orderby' />
<input type='hidden' name='order' value='asc' id='ewd-ufaq-order' />
<input type='hidden' name='post_count' value='-1' id='ewd-ufaq-post-count' />
<input type='hidden' name='current_url' value='/fr/wp-json/wp/v2/ufaq/4788' id='ewd-ufaq-current-url' />
	
	
	<div class='ewd-ufaq-faqs'>

		<div  class="ewd-ufaq-faq-div ewd-ufaq-faq-column-count-one ewd-ufaq-faq-responsive-columns- ewd-ufaq-faq-display-style-default ewd-ufaq-can-be-toggled" id='ewd-ufaq-post-4788-jLjSJd574H' data-post_id='4788'>

		
	<div class='ewd-ufaq-faq-title ewd-ufaq-faq-toggle'>
	
	<a class='ewd-ufaq-post-margin'  href='#' role="button">

		<div class='ewd-ufaq-post-margin-symbol ewd-ufaq-'>
			<span >B</span>
		</div>

		<div class='ewd-ufaq-faq-title-text'>

			<h5>
				La membrane reste-t-elle parfaitement tendue ?			</h5>

		</div>

		<div class='ewd-ufaq-clear'></div>

	</a>
	
</div>
	
	<div class='ewd-ufaq-faq-body' >

		
			<div class='ewd-ufaq-faq-categories'>
	
	Category:
	
		Généralités
	
</div>
		
			<div class='ewd-ufaq-post-margin ewd-ufaq-faq-post'>
	<div class="ewa-rteLine">Visuellement, la membrane présente une tension parfaitement uniforme, avec une légère flèche technique d’environ 1 cm par mètre de largeur. Cette tension, combinée à des orifices d’évacuation situés au centre, empêche toute stagnation d’eau et limite ainsi l’accumulation de saletés. Les feuilles qui peuvent s’y déposer sont facilement emportées par le vent. Avec le temps, la membrane conserve sa tenue initiale : la flèche ne s’accentue pas. Dans les régions soumises à des conditions météorologiques extrêmes, il est toutefois essentiel de maintenir un niveau d’eau normal afin que celle-ci soutienne la membrane en cas de fortes chutes de neige et préserve ainsi son esthétique.</div>
</div>
		
			
		
			
		
			
		
			
		
			
		
			
		
			
		
			
		
	</div>

</div>
	</div>

	
</div>

<p>B La membrane reste-t-elle parfaitement tendue ? Category: Généralités Visuellement, la membrane présente une tension parfaitement uniforme, avec une légère flèche technique d’environ 1 cm par mètre de largeur. Cette tension, combinée à des orifices d’évacuation situés au centre, empêche toute stagnation d’eau et limite ainsi l’accumulation de saletés. Les feuilles qui peuvent s’y déposer [&hellip;]</p>

<!-- This site is optimized with the Yoast SEO plugin v27.5 - https://yoast.com/product/yoast-seo-wordpress/ -->
<title>La membrane reste-t-elle parfaitement tendue ? | Coverseal</title>
<meta name="robots" content="index, follow, max-snippet:-1, max-image-preview:large, max-video-preview:-1" />
<link rel="canonical" href="https://coverseal.be/fr/ufaq/la-membrane-reste-t-elle-parfaitement-tendue/" />
<meta property="og:locale" content="fr_FR" />
<meta property="og:type" content="article" />
<meta property="og:title" content="La membrane reste-t-elle parfaitement tendue ? | Coverseal" />
<meta property="og:description" content="B La membrane reste-t-elle parfaitement tendue ? Category: Généralités Visuellement, la membrane présente une tension parfaitement uniforme, avec une légère flèche technique d’environ 1 cm par mètre de largeur. Cette tension, combinée à des orifices d’évacuation situés au centre, empêche toute stagnation d’eau et limite ainsi l’accumulation de saletés. Les feuilles qui peuvent s’y déposer [&hellip;]" />
<meta property="og:url" content="https://coverseal.be/fr/ufaq/la-membrane-reste-t-elle-parfaitement-tendue/" />
<meta property="og:site_name" content="Coverseal" />
<meta property="article:modified_time" content="2025-10-17T09:32:11+00:00" />
<meta name="twitter:card" content="summary_large_image" />
<meta name="twitter:label1" content="Durée de lecture est." />
	<meta name="twitter:data1" content="1 minute" />
<script type="application/ld+json" class="yoast-schema-graph">{"@context":"https:\/\/schema.org","@graph":[{"@type":"WebPage","@id":"https:\/\/coverseal.be\/fr\/ufaq\/la-membrane-reste-t-elle-parfaitement-tendue\/","url":"https:\/\/coverseal.be\/fr\/ufaq\/la-membrane-reste-t-elle-parfaitement-tendue\/","name":"La membrane reste-t-elle parfaitement tendue ? | Coverseal","isPartOf":{"@id":"https:\/\/coverseal.be\/fr\/#website"},"datePublished":"2025-05-27T10:06:40+00:00","dateModified":"2025-10-17T09:32:11+00:00","breadcrumb":{"@id":"https:\/\/coverseal.be\/fr\/ufaq\/la-membrane-reste-t-elle-parfaitement-tendue\/#breadcrumb"},"inLanguage":"fr-BE","potentialAction":[{"@type":"ReadAction","target":["https:\/\/coverseal.be\/fr\/ufaq\/la-membrane-reste-t-elle-parfaitement-tendue\/"]}]},{"@type":"BreadcrumbList","@id":"https:\/\/coverseal.be\/fr\/ufaq\/la-membrane-reste-t-elle-parfaitement-tendue\/#breadcrumb","itemListElement":[{"@type":"ListItem","position":1,"name":"Accueil","item":"https:\/\/coverseal.be\/fr\/"},{"@type":"ListItem","position":2,"name":"FAQs","item":"https:\/\/coverseal.be\/fr\/ufaq\/"},{"@type":"ListItem","position":3,"name":"La membrane reste-t-elle parfaitement tendue ?"}]},{"@type":"WebSite","@id":"https:\/\/coverseal.be\/fr\/#website","url":"https:\/\/coverseal.be\/fr\/","name":"Coverseal","description":"","potentialAction":[{"@type":"SearchAction","target":{"@type":"EntryPoint","urlTemplate":"https:\/\/coverseal.be\/fr\/?s={search_term_string}"},"query-input":{"@type":"PropertyValueSpecification","valueRequired":true,"valueName":"search_term_string"}}],"inLanguage":"fr-BE"}]}</script>
<!-- / Yoast SEO plugin. -->

B La membrane reste-t-elle parfaitement tendue ? Category: Généralités Visuellement, la membrane présente une tension parfaitement uniforme, avec une légère flèche technique d’environ 1 cm par mètre de largeur. Cette tension, combinée à des orifices d’évacuation situés au centre, empêche toute stagnation d’eau et limite ainsi l’accumulation de saletés. Les feuilles qui peuvent s’y déposer [&hellip;]
