{"id":4786,"date":"2025-05-27T12:05:32","date_gmt":"2025-05-27T10:05:32","guid":{"rendered":"https:\/\/www.coverseal.fr\/?post_type=ufaq&#038;p=4786"},"modified":"2025-10-17T11:32:49","modified_gmt":"2025-10-17T09:32:49","slug":"quelle-est-la-duree-de-vie-des-batteries","status":"publish","type":"ufaq","link":"https:\/\/coverseal.be\/fr\/ufaq\/quelle-est-la-duree-de-vie-des-batteries\/","title":{"rendered":"Quelle est la dur\u00e9e de vie des batteries ?"},"content":{"rendered":"<style>.ewd-ufaq-post-margin-symbol { color: #7f351b !important; }.ewd-ufaq-faq-title .ewd-ufaq-post-margin-symbol span { font-size: 22px !important; }div.ewd-ufaq-faq-title h5 { font-family: Lexend !important; }div.ewd-ufaq-faq-title h5 { font-size: 20px !important; }<\/style><div  class=\"ewd-ufaq-faq-list ewd-ufaq-page-type-infinite_scroll ewd-ufaq-category-tabs-\" id='ewd-ufaq-faq-list'>\n\n\t<input type='hidden' name='show_on_load' value='' id='ewd-ufaq-show-on-load' \/>\n<input type='hidden' name='include_category' value='' id='ewd-ufaq-include-category' \/>\n<input type='hidden' name='exclude_category' value='' id='ewd-ufaq-exclude-category' \/>\n<input type='hidden' name='orderby' value='title' id='ewd-ufaq-orderby' \/>\n<input type='hidden' name='order' value='asc' id='ewd-ufaq-order' \/>\n<input type='hidden' name='post_count' value='-1' id='ewd-ufaq-post-count' \/>\n<input type='hidden' name='current_url' value='\/fr\/wp-json\/wp\/v2\/ufaq\/4786' id='ewd-ufaq-current-url' \/>\n\t\n\t\n\t<div class='ewd-ufaq-faqs'>\n\n\t\t<div  class=\"ewd-ufaq-faq-div ewd-ufaq-faq-column-count-one ewd-ufaq-faq-responsive-columns- ewd-ufaq-faq-display-style-default ewd-ufaq-can-be-toggled\" id='ewd-ufaq-post-4786-FgPCS9jyD3' data-post_id='4786'>\n\n\t\t\n\t<div class='ewd-ufaq-faq-title ewd-ufaq-faq-toggle'>\n\t\n\t<a class='ewd-ufaq-post-margin'  href='#' role=\"button\">\n\n\t\t<div class='ewd-ufaq-post-margin-symbol ewd-ufaq-'>\n\t\t\t<span >B<\/span>\n\t\t<\/div>\n\n\t\t<div class='ewd-ufaq-faq-title-text'>\n\n\t\t\t<h5>\n\t\t\t\tQuelle est la dur\u00e9e de vie des batteries ?\t\t\t<\/h5>\n\n\t\t<\/div>\n\n\t\t<div class='ewd-ufaq-clear'><\/div>\n\n\t<\/a>\n\t\n<\/div>\n\t\n\t<div class='ewd-ufaq-faq-body' >\n\n\t\t\n\t\t\t<div class='ewd-ufaq-faq-categories'>\n\t\n\tCategory:\n\t\n\t\tG\u00e9n\u00e9ralit\u00e9s\n\t\n<\/div>\n\t\t\n\t\t\t<div class='ewd-ufaq-post-margin ewd-ufaq-faq-post'>\n\t<p>La dur\u00e9e de vie des batteries \u00e9quipant les mod\u00e8les Automatique et Semi-Automatique est estim\u00e9e entre 4 et 6 ans dans des conditions d\u2019utilisation normales. Toutefois, des conditions m\u00e9t\u00e9orologiques extr\u00eames, temp\u00e9ratures tr\u00e8s \u00e9lev\u00e9es ou tr\u00e8s basses, peuvent r\u00e9duire leur long\u00e9vit\u00e9. Pour les mod\u00e8les Automatique dot\u00e9s d\u2019un interrupteur d\u2019hivernage (versions ant\u00e9rieures \u00e0 2025), il est essentiel de penser \u00e0 le couper entre le 1er septembre et le 1er mai. Durant cette p\u00e9riode, l\u2019ensoleillement \u00e9tant insuffisant, les batteries risqueraient de tomber en d\u00e9charge profonde, entra\u00eenant la n\u00e9cessit\u00e9 de les remplacer.<\/p>\n<\/div>\n\t\t\n\t\t\t\n\t\t\n\t\t\t\n\t\t\n\t\t\t\n\t\t\n\t\t\t\n\t\t\n\t\t\t\n\t\t\n\t\t\t\n\t\t\n\t\t\t\n\t\t\n\t\t\t\n\t\t\n\t<\/div>\n\n<\/div>\n\t<\/div>\n\n\t\n<\/div>","protected":false},"excerpt":{"rendered":"<p>B Quelle est la dur\u00e9e de vie des batteries ? Category: G\u00e9n\u00e9ralit\u00e9s La dur\u00e9e de vie des batteries \u00e9quipant les mod\u00e8les Automatique et Semi-Automatique est estim\u00e9e entre 4 et 6 ans dans des conditions d\u2019utilisation normales. Toutefois, des conditions m\u00e9t\u00e9orologiques extr\u00eames, temp\u00e9ratures tr\u00e8s \u00e9lev\u00e9es ou tr\u00e8s basses, peuvent r\u00e9duire leur long\u00e9vit\u00e9. Pour les mod\u00e8les Automatique [&hellip;]<\/p>\n","protected":false},"author":19,"featured_media":0,"comment_status":"closed","ping_status":"closed","template":"","ufaq-category":[33],"ufaq-tag":[],"class_list":["post-4786","ufaq","type-ufaq","status-publish","hentry","ufaq-category-generalite"],"yoast_head":"<!-- This site is optimized with the Yoast SEO plugin v27.5 - https:\/\/yoast.com\/product\/yoast-seo-wordpress\/ -->\n<title>Quelle est la dur\u00e9e de vie des batteries ? | Coverseal<\/title>\n<meta name=\"robots\" content=\"index, follow, max-snippet:-1, max-image-preview:large, max-video-preview:-1\" \/>\n<link rel=\"canonical\" href=\"https:\/\/coverseal.be\/fr\/ufaq\/quelle-est-la-duree-de-vie-des-batteries\/\" \/>\n<meta property=\"og:locale\" content=\"fr_FR\" \/>\n<meta property=\"og:type\" content=\"article\" \/>\n<meta property=\"og:title\" content=\"Quelle est la dur\u00e9e de vie des batteries ? | Coverseal\" \/>\n<meta property=\"og:description\" content=\"B Quelle est la dur\u00e9e de vie des batteries ? Category: G\u00e9n\u00e9ralit\u00e9s La dur\u00e9e de vie des batteries \u00e9quipant les mod\u00e8les Automatique et Semi-Automatique est estim\u00e9e entre 4 et 6 ans dans des conditions d\u2019utilisation normales. Toutefois, des conditions m\u00e9t\u00e9orologiques extr\u00eames, temp\u00e9ratures tr\u00e8s \u00e9lev\u00e9es ou tr\u00e8s basses, peuvent r\u00e9duire leur long\u00e9vit\u00e9. Pour les mod\u00e8les Automatique [&hellip;]\" \/>\n<meta property=\"og:url\" content=\"https:\/\/coverseal.be\/fr\/ufaq\/quelle-est-la-duree-de-vie-des-batteries\/\" \/>\n<meta property=\"og:site_name\" content=\"Coverseal\" \/>\n<meta property=\"article:modified_time\" content=\"2025-10-17T09:32:49+00:00\" \/>\n<meta name=\"twitter:card\" content=\"summary_large_image\" \/>\n<meta name=\"twitter:label1\" content=\"Dur\u00e9e de lecture est.\" \/>\n\t<meta name=\"twitter:data1\" content=\"1 minute\" \/>\n<script type=\"application\/ld+json\" class=\"yoast-schema-graph\">{\"@context\":\"https:\\\/\\\/schema.org\",\"@graph\":[{\"@type\":\"WebPage\",\"@id\":\"https:\\\/\\\/coverseal.be\\\/fr\\\/ufaq\\\/quelle-est-la-duree-de-vie-des-batteries\\\/\",\"url\":\"https:\\\/\\\/coverseal.be\\\/fr\\\/ufaq\\\/quelle-est-la-duree-de-vie-des-batteries\\\/\",\"name\":\"Quelle est la dur\u00e9e de vie des batteries ? | Coverseal\",\"isPartOf\":{\"@id\":\"https:\\\/\\\/coverseal.be\\\/fr\\\/#website\"},\"datePublished\":\"2025-05-27T10:05:32+00:00\",\"dateModified\":\"2025-10-17T09:32:49+00:00\",\"breadcrumb\":{\"@id\":\"https:\\\/\\\/coverseal.be\\\/fr\\\/ufaq\\\/quelle-est-la-duree-de-vie-des-batteries\\\/#breadcrumb\"},\"inLanguage\":\"fr-BE\",\"potentialAction\":[{\"@type\":\"ReadAction\",\"target\":[\"https:\\\/\\\/coverseal.be\\\/fr\\\/ufaq\\\/quelle-est-la-duree-de-vie-des-batteries\\\/\"]}]},{\"@type\":\"BreadcrumbList\",\"@id\":\"https:\\\/\\\/coverseal.be\\\/fr\\\/ufaq\\\/quelle-est-la-duree-de-vie-des-batteries\\\/#breadcrumb\",\"itemListElement\":[{\"@type\":\"ListItem\",\"position\":1,\"name\":\"Accueil\",\"item\":\"https:\\\/\\\/coverseal.be\\\/fr\\\/\"},{\"@type\":\"ListItem\",\"position\":2,\"name\":\"FAQs\",\"item\":\"https:\\\/\\\/coverseal.be\\\/fr\\\/ufaq\\\/\"},{\"@type\":\"ListItem\",\"position\":3,\"name\":\"Quelle est la dur\u00e9e de vie des batteries ?\"}]},{\"@type\":\"WebSite\",\"@id\":\"https:\\\/\\\/coverseal.be\\\/fr\\\/#website\",\"url\":\"https:\\\/\\\/coverseal.be\\\/fr\\\/\",\"name\":\"Coverseal\",\"description\":\"\",\"potentialAction\":[{\"@type\":\"SearchAction\",\"target\":{\"@type\":\"EntryPoint\",\"urlTemplate\":\"https:\\\/\\\/coverseal.be\\\/fr\\\/?s={search_term_string}\"},\"query-input\":{\"@type\":\"PropertyValueSpecification\",\"valueRequired\":true,\"valueName\":\"search_term_string\"}}],\"inLanguage\":\"fr-BE\"}]}<\/script>\n<!-- \/ Yoast SEO plugin. -->","yoast_head_json":{"title":"Quelle est la dur\u00e9e de vie des batteries ? | Coverseal","robots":{"index":"index","follow":"follow","max-snippet":"max-snippet:-1","max-image-preview":"max-image-preview:large","max-video-preview":"max-video-preview:-1"},"canonical":"https:\/\/coverseal.be\/fr\/ufaq\/quelle-est-la-duree-de-vie-des-batteries\/","og_locale":"fr_FR","og_type":"article","og_title":"Quelle est la dur\u00e9e de vie des batteries ? | Coverseal","og_description":"B Quelle est la dur\u00e9e de vie des batteries ? Category: G\u00e9n\u00e9ralit\u00e9s La dur\u00e9e de vie des batteries \u00e9quipant les mod\u00e8les Automatique et Semi-Automatique est estim\u00e9e entre 4 et 6 ans dans des conditions d\u2019utilisation normales. Toutefois, des conditions m\u00e9t\u00e9orologiques extr\u00eames, temp\u00e9ratures tr\u00e8s \u00e9lev\u00e9es ou tr\u00e8s basses, peuvent r\u00e9duire leur long\u00e9vit\u00e9. Pour les mod\u00e8les Automatique [&hellip;]","og_url":"https:\/\/coverseal.be\/fr\/ufaq\/quelle-est-la-duree-de-vie-des-batteries\/","og_site_name":"Coverseal","article_modified_time":"2025-10-17T09:32:49+00:00","twitter_card":"summary_large_image","twitter_misc":{"Dur\u00e9e de lecture est.":"1 minute"},"schema":{"@context":"https:\/\/schema.org","@graph":[{"@type":"WebPage","@id":"https:\/\/coverseal.be\/fr\/ufaq\/quelle-est-la-duree-de-vie-des-batteries\/","url":"https:\/\/coverseal.be\/fr\/ufaq\/quelle-est-la-duree-de-vie-des-batteries\/","name":"Quelle est la dur\u00e9e de vie des batteries ? | Coverseal","isPartOf":{"@id":"https:\/\/coverseal.be\/fr\/#website"},"datePublished":"2025-05-27T10:05:32+00:00","dateModified":"2025-10-17T09:32:49+00:00","breadcrumb":{"@id":"https:\/\/coverseal.be\/fr\/ufaq\/quelle-est-la-duree-de-vie-des-batteries\/#breadcrumb"},"inLanguage":"fr-BE","potentialAction":[{"@type":"ReadAction","target":["https:\/\/coverseal.be\/fr\/ufaq\/quelle-est-la-duree-de-vie-des-batteries\/"]}]},{"@type":"BreadcrumbList","@id":"https:\/\/coverseal.be\/fr\/ufaq\/quelle-est-la-duree-de-vie-des-batteries\/#breadcrumb","itemListElement":[{"@type":"ListItem","position":1,"name":"Accueil","item":"https:\/\/coverseal.be\/fr\/"},{"@type":"ListItem","position":2,"name":"FAQs","item":"https:\/\/coverseal.be\/fr\/ufaq\/"},{"@type":"ListItem","position":3,"name":"Quelle est la dur\u00e9e de vie des batteries ?"}]},{"@type":"WebSite","@id":"https:\/\/coverseal.be\/fr\/#website","url":"https:\/\/coverseal.be\/fr\/","name":"Coverseal","description":"","potentialAction":[{"@type":"SearchAction","target":{"@type":"EntryPoint","urlTemplate":"https:\/\/coverseal.be\/fr\/?s={search_term_string}"},"query-input":{"@type":"PropertyValueSpecification","valueRequired":true,"valueName":"search_term_string"}}],"inLanguage":"fr-BE"}]}},"_links":{"self":[{"href":"https:\/\/coverseal.be\/fr\/wp-json\/wp\/v2\/ufaq\/4786","targetHints":{"allow":["GET"]}}],"collection":[{"href":"https:\/\/coverseal.be\/fr\/wp-json\/wp\/v2\/ufaq"}],"about":[{"href":"https:\/\/coverseal.be\/fr\/wp-json\/wp\/v2\/types\/ufaq"}],"author":[{"embeddable":true,"href":"https:\/\/coverseal.be\/fr\/wp-json\/wp\/v2\/users\/19"}],"replies":[{"embeddable":true,"href":"https:\/\/coverseal.be\/fr\/wp-json\/wp\/v2\/comments?post=4786"}],"wp:attachment":[{"href":"https:\/\/coverseal.be\/fr\/wp-json\/wp\/v2\/media?parent=4786"}],"wp:term":[{"taxonomy":"ufaq-category","embeddable":true,"href":"https:\/\/coverseal.be\/fr\/wp-json\/wp\/v2\/ufaq-category?post=4786"},{"taxonomy":"ufaq-tag","embeddable":true,"href":"https:\/\/coverseal.be\/fr\/wp-json\/wp\/v2\/ufaq-tag?post=4786"}],"curies":[{"name":"wp","href":"https:\/\/api.w.org\/{rel}","templated":true}]}}

Quelle est la durée de vie des batteries ?

<style>.ewd-ufaq-post-margin-symbol { color: #7f351b !important; }.ewd-ufaq-faq-title .ewd-ufaq-post-margin-symbol span { font-size: 22px !important; }div.ewd-ufaq-faq-title h5 { font-family: Lexend !important; }div.ewd-ufaq-faq-title h5 { font-size: 20px !important; }</style><div  class="ewd-ufaq-faq-list ewd-ufaq-page-type-infinite_scroll ewd-ufaq-category-tabs-" id='ewd-ufaq-faq-list'>

	<input type='hidden' name='show_on_load' value='' id='ewd-ufaq-show-on-load' />
<input type='hidden' name='include_category' value='' id='ewd-ufaq-include-category' />
<input type='hidden' name='exclude_category' value='' id='ewd-ufaq-exclude-category' />
<input type='hidden' name='orderby' value='title' id='ewd-ufaq-orderby' />
<input type='hidden' name='order' value='asc' id='ewd-ufaq-order' />
<input type='hidden' name='post_count' value='-1' id='ewd-ufaq-post-count' />
<input type='hidden' name='current_url' value='/fr/wp-json/wp/v2/ufaq/4786' id='ewd-ufaq-current-url' />
	
	
	<div class='ewd-ufaq-faqs'>

		<div  class="ewd-ufaq-faq-div ewd-ufaq-faq-column-count-one ewd-ufaq-faq-responsive-columns- ewd-ufaq-faq-display-style-default ewd-ufaq-can-be-toggled" id='ewd-ufaq-post-4786-FgPCS9jyD3' data-post_id='4786'>

		
	<div class='ewd-ufaq-faq-title ewd-ufaq-faq-toggle'>
	
	<a class='ewd-ufaq-post-margin'  href='#' role="button">

		<div class='ewd-ufaq-post-margin-symbol ewd-ufaq-'>
			<span >B</span>
		</div>

		<div class='ewd-ufaq-faq-title-text'>

			<h5>
				Quelle est la durée de vie des batteries ?			</h5>

		</div>

		<div class='ewd-ufaq-clear'></div>

	</a>
	
</div>
	
	<div class='ewd-ufaq-faq-body' >

		
			<div class='ewd-ufaq-faq-categories'>
	
	Category:
	
		Généralités
	
</div>
		
			<div class='ewd-ufaq-post-margin ewd-ufaq-faq-post'>
	<p>La durée de vie des batteries équipant les modèles Automatique et Semi-Automatique est estimée entre 4 et 6 ans dans des conditions d’utilisation normales. Toutefois, des conditions météorologiques extrêmes, températures très élevées ou très basses, peuvent réduire leur longévité. Pour les modèles Automatique dotés d’un interrupteur d’hivernage (versions antérieures à 2025), il est essentiel de penser à le couper entre le 1er septembre et le 1er mai. Durant cette période, l’ensoleillement étant insuffisant, les batteries risqueraient de tomber en décharge profonde, entraînant la nécessité de les remplacer.</p>
</div>
		
			
		
			
		
			
		
			
		
			
		
			
		
			
		
			
		
	</div>

</div>
	</div>

	
</div>

<p>B Quelle est la durée de vie des batteries ? Category: Généralités La durée de vie des batteries équipant les modèles Automatique et Semi-Automatique est estimée entre 4 et 6 ans dans des conditions d’utilisation normales. Toutefois, des conditions météorologiques extrêmes, températures très élevées ou très basses, peuvent réduire leur longévité. Pour les modèles Automatique [&hellip;]</p>

<!-- This site is optimized with the Yoast SEO plugin v27.5 - https://yoast.com/product/yoast-seo-wordpress/ -->
<title>Quelle est la durée de vie des batteries ? | Coverseal</title>
<meta name="robots" content="index, follow, max-snippet:-1, max-image-preview:large, max-video-preview:-1" />
<link rel="canonical" href="https://coverseal.be/fr/ufaq/quelle-est-la-duree-de-vie-des-batteries/" />
<meta property="og:locale" content="fr_FR" />
<meta property="og:type" content="article" />
<meta property="og:title" content="Quelle est la durée de vie des batteries ? | Coverseal" />
<meta property="og:description" content="B Quelle est la durée de vie des batteries ? Category: Généralités La durée de vie des batteries équipant les modèles Automatique et Semi-Automatique est estimée entre 4 et 6 ans dans des conditions d’utilisation normales. Toutefois, des conditions météorologiques extrêmes, températures très élevées ou très basses, peuvent réduire leur longévité. Pour les modèles Automatique [&hellip;]" />
<meta property="og:url" content="https://coverseal.be/fr/ufaq/quelle-est-la-duree-de-vie-des-batteries/" />
<meta property="og:site_name" content="Coverseal" />
<meta property="article:modified_time" content="2025-10-17T09:32:49+00:00" />
<meta name="twitter:card" content="summary_large_image" />
<meta name="twitter:label1" content="Durée de lecture est." />
	<meta name="twitter:data1" content="1 minute" />
<script type="application/ld+json" class="yoast-schema-graph">{"@context":"https:\/\/schema.org","@graph":[{"@type":"WebPage","@id":"https:\/\/coverseal.be\/fr\/ufaq\/quelle-est-la-duree-de-vie-des-batteries\/","url":"https:\/\/coverseal.be\/fr\/ufaq\/quelle-est-la-duree-de-vie-des-batteries\/","name":"Quelle est la durée de vie des batteries ? | Coverseal","isPartOf":{"@id":"https:\/\/coverseal.be\/fr\/#website"},"datePublished":"2025-05-27T10:05:32+00:00","dateModified":"2025-10-17T09:32:49+00:00","breadcrumb":{"@id":"https:\/\/coverseal.be\/fr\/ufaq\/quelle-est-la-duree-de-vie-des-batteries\/#breadcrumb"},"inLanguage":"fr-BE","potentialAction":[{"@type":"ReadAction","target":["https:\/\/coverseal.be\/fr\/ufaq\/quelle-est-la-duree-de-vie-des-batteries\/"]}]},{"@type":"BreadcrumbList","@id":"https:\/\/coverseal.be\/fr\/ufaq\/quelle-est-la-duree-de-vie-des-batteries\/#breadcrumb","itemListElement":[{"@type":"ListItem","position":1,"name":"Accueil","item":"https:\/\/coverseal.be\/fr\/"},{"@type":"ListItem","position":2,"name":"FAQs","item":"https:\/\/coverseal.be\/fr\/ufaq\/"},{"@type":"ListItem","position":3,"name":"Quelle est la durée de vie des batteries ?"}]},{"@type":"WebSite","@id":"https:\/\/coverseal.be\/fr\/#website","url":"https:\/\/coverseal.be\/fr\/","name":"Coverseal","description":"","potentialAction":[{"@type":"SearchAction","target":{"@type":"EntryPoint","urlTemplate":"https:\/\/coverseal.be\/fr\/?s={search_term_string}"},"query-input":{"@type":"PropertyValueSpecification","valueRequired":true,"valueName":"search_term_string"}}],"inLanguage":"fr-BE"}]}</script>
<!-- / Yoast SEO plugin. -->

Quelle est la durée de vie des batteries ? | Coverseal

B Quelle est la durée de vie des batteries ? Category: Généralités La durée de vie des batteries équipant les modèles Automatique et Semi-Automatique est estimée entre 4 et 6 ans dans des conditions d’utilisation normales. Toutefois, des conditions météorologiques extrêmes, températures très élevées ou très basses, peuvent réduire leur longévité. Pour les modèles Automatique [&hellip;]
