{"id":10454,"date":"2025-05-27T11:59:10","date_gmt":"2025-05-27T09:59:10","guid":{"rendered":"https:\/\/coverseal.be\/ufaq\/y-a-t-il-des-incompatibilites-techniques-a-une-coverseal\/"},"modified":"2025-10-29T21:53:46","modified_gmt":"2025-10-29T20:53:46","slug":"gibt-es-aus-technischer-sicht-unvereinbarkeiten-fuer-die-einrichtung-einer-coverseal-abdeckung-fuer-4-jahreszeiten","status":"publish","type":"ufaq","link":"https:\/\/coverseal.be\/de\/ufaq\/gibt-es-aus-technischer-sicht-unvereinbarkeiten-fuer-die-einrichtung-einer-coverseal-abdeckung-fuer-4-jahreszeiten\/","title":{"rendered":"Gibt es aus technischer Sicht Unvereinbarkeiten f\u00fcr die Einrichtung einer Coverseal-Abdeckung f\u00fcr 4 Jahreszeiten?"},"content":{"rendered":"<style>.ewd-ufaq-post-margin-symbol { color: #7f351b !important; }.ewd-ufaq-faq-title .ewd-ufaq-post-margin-symbol span { font-size: 22px !important; }div.ewd-ufaq-faq-title h5 { font-family: Lexend !important; }div.ewd-ufaq-faq-title h5 { font-size: 20px !important; }<\/style><div  class=\"ewd-ufaq-faq-list ewd-ufaq-page-type-infinite_scroll ewd-ufaq-category-tabs-\" id='ewd-ufaq-faq-list'>\n\n\t<input type='hidden' name='show_on_load' value='' id='ewd-ufaq-show-on-load' \/>\n<input type='hidden' name='include_category' value='' id='ewd-ufaq-include-category' \/>\n<input type='hidden' name='exclude_category' value='' id='ewd-ufaq-exclude-category' \/>\n<input type='hidden' name='orderby' value='title' id='ewd-ufaq-orderby' \/>\n<input type='hidden' name='order' value='asc' id='ewd-ufaq-order' \/>\n<input type='hidden' name='post_count' value='-1' id='ewd-ufaq-post-count' \/>\n<input type='hidden' name='current_url' value='\/de\/wp-json\/wp\/v2\/ufaq\/10454' id='ewd-ufaq-current-url' \/>\n\t\n\t\n\t<div class='ewd-ufaq-faqs'>\n\n\t\t<div  class=\"ewd-ufaq-faq-div ewd-ufaq-faq-column-count-one ewd-ufaq-faq-responsive-columns- ewd-ufaq-faq-display-style-default ewd-ufaq-can-be-toggled\" id='ewd-ufaq-post-10454-Y9KnfQAIsc' data-post_id='10454'>\n\n\t\t\n\t<div class='ewd-ufaq-faq-title ewd-ufaq-faq-toggle'>\n\t\n\t<a class='ewd-ufaq-post-margin'  href='#' role=\"button\">\n\n\t\t<div class='ewd-ufaq-post-margin-symbol ewd-ufaq-'>\n\t\t\t<span >B<\/span>\n\t\t<\/div>\n\n\t\t<div class='ewd-ufaq-faq-title-text'>\n\n\t\t\t<h5>\n\t\t\t\tGibt es aus technischer Sicht Unvereinbarkeiten f\u00fcr die Einrichtung einer Coverseal-Abdeckung f\u00fcr 4 Jahreszeiten?\t\t\t<\/h5>\n\n\t\t<\/div>\n\n\t\t<div class='ewd-ufaq-clear'><\/div>\n\n\t<\/a>\n\t\n<\/div>\n\t\n\t<div class='ewd-ufaq-faq-body' >\n\n\t\t\n\t\t\t<div class='ewd-ufaq-faq-categories'>\n\t\n\tKategorie:\n\t\n\t\tAllgemeines\n\t\n<\/div>\n\t\t\n\t\t\t<div class='ewd-ufaq-post-margin ewd-ufaq-faq-post'>\n\t<p>Die Coverseal-Poolabdeckungen lassen sich an nahezu alle Beckenmodelle unabh\u00e4ngig von ihrer Form und ihrer Gr\u00f6\u00dfe anpassen. Bestimmte Parameter k\u00f6nnen jedoch der Anordnung eines Coverseal-Poolschutzes hinderlich sein:<\/p>\n<p>&#8211; ein konkaver Tr\u00e4ger<br \/>\n&#8211; eine Beckenneigung nach innen<br \/>\n&#8211; bestimmte Tr\u00e4ger (Hohlverbundstoff, Neigung &gt; 4% usw.)<\/p>\n<p>Unsere Technikabteilung ist gern bereit, Sie zu begleiten und auf Ihre Fragen zu antworten.<\/p>\n<\/div>\n\t\t\n\t\t\t\n\t\t\n\t\t\t\n\t\t\n\t\t\t\n\t\t\n\t\t\t\n\t\t\n\t\t\t\n\t\t\n\t\t\t\n\t\t\n\t\t\t\n\t\t\n\t\t\t\n\t\t\n\t<\/div>\n\n<\/div>\n\t<\/div>\n\n\t\n<\/div>","protected":false},"excerpt":{"rendered":"<p>B Gibt es aus technischer Sicht Unvereinbarkeiten f\u00fcr die Einrichtung einer Coverseal-Abdeckung f\u00fcr 4 Jahreszeiten? Kategorie: Allgemeines Die Coverseal-Poolabdeckungen lassen sich an nahezu alle Beckenmodelle unabh\u00e4ngig von ihrer Form und ihrer Gr\u00f6\u00dfe anpassen. Bestimmte Parameter k\u00f6nnen jedoch der Anordnung eines Coverseal-Poolschutzes hinderlich sein: &#8211; ein konkaver Tr\u00e4ger &#8211; eine Beckenneigung nach innen &#8211; bestimmte Tr\u00e4ger [&hellip;]<\/p>\n","protected":false},"author":19,"featured_media":0,"comment_status":"closed","ping_status":"closed","template":"","ufaq-category":[70],"ufaq-tag":[],"class_list":["post-10454","ufaq","type-ufaq","status-publish","hentry","ufaq-category-allgemeines"],"yoast_head":"<!-- This site is optimized with the Yoast SEO plugin v27.5 - https:\/\/yoast.com\/product\/yoast-seo-wordpress\/ -->\n<title>Gibt es aus technischer Sicht Unvereinbarkeiten f\u00fcr die Einrichtung einer Coverseal-Abdeckung f\u00fcr 4 Jahreszeiten? | Coverseal<\/title>\n<meta name=\"robots\" content=\"index, follow, max-snippet:-1, max-image-preview:large, max-video-preview:-1\" \/>\n<link rel=\"canonical\" href=\"https:\/\/coverseal.be\/de\/ufaq\/gibt-es-aus-technischer-sicht-unvereinbarkeiten-fuer-die-einrichtung-einer-coverseal-abdeckung-fuer-4-jahreszeiten\/\" \/>\n<meta property=\"og:locale\" content=\"de_DE\" \/>\n<meta property=\"og:type\" content=\"article\" \/>\n<meta property=\"og:title\" content=\"Gibt es aus technischer Sicht Unvereinbarkeiten f\u00fcr die Einrichtung einer Coverseal-Abdeckung f\u00fcr 4 Jahreszeiten? | Coverseal\" \/>\n<meta property=\"og:description\" content=\"B Gibt es aus technischer Sicht Unvereinbarkeiten f\u00fcr die Einrichtung einer Coverseal-Abdeckung f\u00fcr 4 Jahreszeiten? Kategorie: Allgemeines Die Coverseal-Poolabdeckungen lassen sich an nahezu alle Beckenmodelle unabh\u00e4ngig von ihrer Form und ihrer Gr\u00f6\u00dfe anpassen. Bestimmte Parameter k\u00f6nnen jedoch der Anordnung eines Coverseal-Poolschutzes hinderlich sein: &#8211; ein konkaver Tr\u00e4ger &#8211; eine Beckenneigung nach innen &#8211; bestimmte Tr\u00e4ger [&hellip;]\" \/>\n<meta property=\"og:url\" content=\"https:\/\/coverseal.be\/de\/ufaq\/gibt-es-aus-technischer-sicht-unvereinbarkeiten-fuer-die-einrichtung-einer-coverseal-abdeckung-fuer-4-jahreszeiten\/\" \/>\n<meta property=\"og:site_name\" content=\"Coverseal\" \/>\n<meta property=\"article:modified_time\" content=\"2025-10-29T20:53:46+00:00\" \/>\n<meta name=\"twitter:card\" content=\"summary_large_image\" \/>\n<meta name=\"twitter:label1\" content=\"Gesch\u00e4tzte Lesezeit\" \/>\n\t<meta name=\"twitter:data1\" content=\"1\u00a0Minute\" \/>\n<script type=\"application\/ld+json\" class=\"yoast-schema-graph\">{\"@context\":\"https:\\\/\\\/schema.org\",\"@graph\":[{\"@type\":\"WebPage\",\"@id\":\"https:\\\/\\\/coverseal.be\\\/de\\\/ufaq\\\/gibt-es-aus-technischer-sicht-unvereinbarkeiten-fuer-die-einrichtung-einer-coverseal-abdeckung-fuer-4-jahreszeiten\\\/\",\"url\":\"https:\\\/\\\/coverseal.be\\\/de\\\/ufaq\\\/gibt-es-aus-technischer-sicht-unvereinbarkeiten-fuer-die-einrichtung-einer-coverseal-abdeckung-fuer-4-jahreszeiten\\\/\",\"name\":\"Gibt es aus technischer Sicht Unvereinbarkeiten f\u00fcr die Einrichtung einer Coverseal-Abdeckung f\u00fcr 4 Jahreszeiten? | Coverseal\",\"isPartOf\":{\"@id\":\"https:\\\/\\\/coverseal.be\\\/de\\\/#website\"},\"datePublished\":\"2025-05-27T09:59:10+00:00\",\"dateModified\":\"2025-10-29T20:53:46+00:00\",\"breadcrumb\":{\"@id\":\"https:\\\/\\\/coverseal.be\\\/de\\\/ufaq\\\/gibt-es-aus-technischer-sicht-unvereinbarkeiten-fuer-die-einrichtung-einer-coverseal-abdeckung-fuer-4-jahreszeiten\\\/#breadcrumb\"},\"inLanguage\":\"de\",\"potentialAction\":[{\"@type\":\"ReadAction\",\"target\":[\"https:\\\/\\\/coverseal.be\\\/de\\\/ufaq\\\/gibt-es-aus-technischer-sicht-unvereinbarkeiten-fuer-die-einrichtung-einer-coverseal-abdeckung-fuer-4-jahreszeiten\\\/\"]}]},{\"@type\":\"BreadcrumbList\",\"@id\":\"https:\\\/\\\/coverseal.be\\\/de\\\/ufaq\\\/gibt-es-aus-technischer-sicht-unvereinbarkeiten-fuer-die-einrichtung-einer-coverseal-abdeckung-fuer-4-jahreszeiten\\\/#breadcrumb\",\"itemListElement\":[{\"@type\":\"ListItem\",\"position\":1,\"name\":\"Accueil\",\"item\":\"https:\\\/\\\/coverseal.be\\\/de\\\/\"},{\"@type\":\"ListItem\",\"position\":2,\"name\":\"FAQs\",\"item\":\"https:\\\/\\\/coverseal.be\\\/de\\\/ufaq\\\/\"},{\"@type\":\"ListItem\",\"position\":3,\"name\":\"Gibt es aus technischer Sicht Unvereinbarkeiten f\u00fcr die Einrichtung einer Coverseal-Abdeckung f\u00fcr 4 Jahreszeiten?\"}]},{\"@type\":\"WebSite\",\"@id\":\"https:\\\/\\\/coverseal.be\\\/de\\\/#website\",\"url\":\"https:\\\/\\\/coverseal.be\\\/de\\\/\",\"name\":\"Coverseal\",\"description\":\"\",\"potentialAction\":[{\"@type\":\"SearchAction\",\"target\":{\"@type\":\"EntryPoint\",\"urlTemplate\":\"https:\\\/\\\/coverseal.be\\\/de\\\/?s={search_term_string}\"},\"query-input\":{\"@type\":\"PropertyValueSpecification\",\"valueRequired\":true,\"valueName\":\"search_term_string\"}}],\"inLanguage\":\"de\"}]}<\/script>\n<!-- \/ Yoast SEO plugin. -->","yoast_head_json":{"title":"Gibt es aus technischer Sicht Unvereinbarkeiten f\u00fcr die Einrichtung einer Coverseal-Abdeckung f\u00fcr 4 Jahreszeiten? | Coverseal","robots":{"index":"index","follow":"follow","max-snippet":"max-snippet:-1","max-image-preview":"max-image-preview:large","max-video-preview":"max-video-preview:-1"},"canonical":"https:\/\/coverseal.be\/de\/ufaq\/gibt-es-aus-technischer-sicht-unvereinbarkeiten-fuer-die-einrichtung-einer-coverseal-abdeckung-fuer-4-jahreszeiten\/","og_locale":"de_DE","og_type":"article","og_title":"Gibt es aus technischer Sicht Unvereinbarkeiten f\u00fcr die Einrichtung einer Coverseal-Abdeckung f\u00fcr 4 Jahreszeiten? | Coverseal","og_description":"B Gibt es aus technischer Sicht Unvereinbarkeiten f\u00fcr die Einrichtung einer Coverseal-Abdeckung f\u00fcr 4 Jahreszeiten? Kategorie: Allgemeines Die Coverseal-Poolabdeckungen lassen sich an nahezu alle Beckenmodelle unabh\u00e4ngig von ihrer Form und ihrer Gr\u00f6\u00dfe anpassen. Bestimmte Parameter k\u00f6nnen jedoch der Anordnung eines Coverseal-Poolschutzes hinderlich sein: &#8211; ein konkaver Tr\u00e4ger &#8211; eine Beckenneigung nach innen &#8211; bestimmte Tr\u00e4ger [&hellip;]","og_url":"https:\/\/coverseal.be\/de\/ufaq\/gibt-es-aus-technischer-sicht-unvereinbarkeiten-fuer-die-einrichtung-einer-coverseal-abdeckung-fuer-4-jahreszeiten\/","og_site_name":"Coverseal","article_modified_time":"2025-10-29T20:53:46+00:00","twitter_card":"summary_large_image","twitter_misc":{"Gesch\u00e4tzte Lesezeit":"1\u00a0Minute"},"schema":{"@context":"https:\/\/schema.org","@graph":[{"@type":"WebPage","@id":"https:\/\/coverseal.be\/de\/ufaq\/gibt-es-aus-technischer-sicht-unvereinbarkeiten-fuer-die-einrichtung-einer-coverseal-abdeckung-fuer-4-jahreszeiten\/","url":"https:\/\/coverseal.be\/de\/ufaq\/gibt-es-aus-technischer-sicht-unvereinbarkeiten-fuer-die-einrichtung-einer-coverseal-abdeckung-fuer-4-jahreszeiten\/","name":"Gibt es aus technischer Sicht Unvereinbarkeiten f\u00fcr die Einrichtung einer Coverseal-Abdeckung f\u00fcr 4 Jahreszeiten? | Coverseal","isPartOf":{"@id":"https:\/\/coverseal.be\/de\/#website"},"datePublished":"2025-05-27T09:59:10+00:00","dateModified":"2025-10-29T20:53:46+00:00","breadcrumb":{"@id":"https:\/\/coverseal.be\/de\/ufaq\/gibt-es-aus-technischer-sicht-unvereinbarkeiten-fuer-die-einrichtung-einer-coverseal-abdeckung-fuer-4-jahreszeiten\/#breadcrumb"},"inLanguage":"de","potentialAction":[{"@type":"ReadAction","target":["https:\/\/coverseal.be\/de\/ufaq\/gibt-es-aus-technischer-sicht-unvereinbarkeiten-fuer-die-einrichtung-einer-coverseal-abdeckung-fuer-4-jahreszeiten\/"]}]},{"@type":"BreadcrumbList","@id":"https:\/\/coverseal.be\/de\/ufaq\/gibt-es-aus-technischer-sicht-unvereinbarkeiten-fuer-die-einrichtung-einer-coverseal-abdeckung-fuer-4-jahreszeiten\/#breadcrumb","itemListElement":[{"@type":"ListItem","position":1,"name":"Accueil","item":"https:\/\/coverseal.be\/de\/"},{"@type":"ListItem","position":2,"name":"FAQs","item":"https:\/\/coverseal.be\/de\/ufaq\/"},{"@type":"ListItem","position":3,"name":"Gibt es aus technischer Sicht Unvereinbarkeiten f\u00fcr die Einrichtung einer Coverseal-Abdeckung f\u00fcr 4 Jahreszeiten?"}]},{"@type":"WebSite","@id":"https:\/\/coverseal.be\/de\/#website","url":"https:\/\/coverseal.be\/de\/","name":"Coverseal","description":"","potentialAction":[{"@type":"SearchAction","target":{"@type":"EntryPoint","urlTemplate":"https:\/\/coverseal.be\/de\/?s={search_term_string}"},"query-input":{"@type":"PropertyValueSpecification","valueRequired":true,"valueName":"search_term_string"}}],"inLanguage":"de"}]}},"_links":{"self":[{"href":"https:\/\/coverseal.be\/de\/wp-json\/wp\/v2\/ufaq\/10454","targetHints":{"allow":["GET"]}}],"collection":[{"href":"https:\/\/coverseal.be\/de\/wp-json\/wp\/v2\/ufaq"}],"about":[{"href":"https:\/\/coverseal.be\/de\/wp-json\/wp\/v2\/types\/ufaq"}],"author":[{"embeddable":true,"href":"https:\/\/coverseal.be\/de\/wp-json\/wp\/v2\/users\/19"}],"replies":[{"embeddable":true,"href":"https:\/\/coverseal.be\/de\/wp-json\/wp\/v2\/comments?post=10454"}],"wp:attachment":[{"href":"https:\/\/coverseal.be\/de\/wp-json\/wp\/v2\/media?parent=10454"}],"wp:term":[{"taxonomy":"ufaq-category","embeddable":true,"href":"https:\/\/coverseal.be\/de\/wp-json\/wp\/v2\/ufaq-category?post=10454"},{"taxonomy":"ufaq-tag","embeddable":true,"href":"https:\/\/coverseal.be\/de\/wp-json\/wp\/v2\/ufaq-tag?post=10454"}],"curies":[{"name":"wp","href":"https:\/\/api.w.org\/{rel}","templated":true}]}}

Gibt es aus technischer Sicht Unvereinbarkeiten für die Einrichtung einer Coverseal-Abdeckung für 4 Jahreszeiten?

<style>.ewd-ufaq-post-margin-symbol { color: #7f351b !important; }.ewd-ufaq-faq-title .ewd-ufaq-post-margin-symbol span { font-size: 22px !important; }div.ewd-ufaq-faq-title h5 { font-family: Lexend !important; }div.ewd-ufaq-faq-title h5 { font-size: 20px !important; }</style><div  class="ewd-ufaq-faq-list ewd-ufaq-page-type-infinite_scroll ewd-ufaq-category-tabs-" id='ewd-ufaq-faq-list'>

	<input type='hidden' name='show_on_load' value='' id='ewd-ufaq-show-on-load' />
<input type='hidden' name='include_category' value='' id='ewd-ufaq-include-category' />
<input type='hidden' name='exclude_category' value='' id='ewd-ufaq-exclude-category' />
<input type='hidden' name='orderby' value='title' id='ewd-ufaq-orderby' />
<input type='hidden' name='order' value='asc' id='ewd-ufaq-order' />
<input type='hidden' name='post_count' value='-1' id='ewd-ufaq-post-count' />
<input type='hidden' name='current_url' value='/de/wp-json/wp/v2/ufaq/10454' id='ewd-ufaq-current-url' />
	
	
	<div class='ewd-ufaq-faqs'>

		<div  class="ewd-ufaq-faq-div ewd-ufaq-faq-column-count-one ewd-ufaq-faq-responsive-columns- ewd-ufaq-faq-display-style-default ewd-ufaq-can-be-toggled" id='ewd-ufaq-post-10454-Y9KnfQAIsc' data-post_id='10454'>

		
	<div class='ewd-ufaq-faq-title ewd-ufaq-faq-toggle'>
	
	<a class='ewd-ufaq-post-margin'  href='#' role="button">

		<div class='ewd-ufaq-post-margin-symbol ewd-ufaq-'>
			<span >B</span>
		</div>

		<div class='ewd-ufaq-faq-title-text'>

			<h5>
				Gibt es aus technischer Sicht Unvereinbarkeiten für die Einrichtung einer Coverseal-Abdeckung für 4 Jahreszeiten?			</h5>

		</div>

		<div class='ewd-ufaq-clear'></div>

	</a>
	
</div>
	
	<div class='ewd-ufaq-faq-body' >

		
			<div class='ewd-ufaq-faq-categories'>
	
	Kategorie:
	
		Allgemeines
	
</div>
		
			<div class='ewd-ufaq-post-margin ewd-ufaq-faq-post'>
	<p>Die Coverseal-Poolabdeckungen lassen sich an nahezu alle Beckenmodelle unabhängig von ihrer Form und ihrer Größe anpassen. Bestimmte Parameter können jedoch der Anordnung eines Coverseal-Poolschutzes hinderlich sein:</p>
<p>&#8211; ein konkaver Träger<br />
&#8211; eine Beckenneigung nach innen<br />
&#8211; bestimmte Träger (Hohlverbundstoff, Neigung &gt; 4% usw.)</p>
<p>Unsere Technikabteilung ist gern bereit, Sie zu begleiten und auf Ihre Fragen zu antworten.</p>
</div>
		
			
		
			
		
			
		
			
		
			
		
			
		
			
		
			
		
	</div>

</div>
	</div>

	
</div>

<p>B Gibt es aus technischer Sicht Unvereinbarkeiten für die Einrichtung einer Coverseal-Abdeckung für 4 Jahreszeiten? Kategorie: Allgemeines Die Coverseal-Poolabdeckungen lassen sich an nahezu alle Beckenmodelle unabhängig von ihrer Form und ihrer Größe anpassen. Bestimmte Parameter können jedoch der Anordnung eines Coverseal-Poolschutzes hinderlich sein: &#8211; ein konkaver Träger &#8211; eine Beckenneigung nach innen &#8211; bestimmte Träger [&hellip;]</p>

<!-- This site is optimized with the Yoast SEO plugin v27.5 - https://yoast.com/product/yoast-seo-wordpress/ -->
<title>Gibt es aus technischer Sicht Unvereinbarkeiten für die Einrichtung einer Coverseal-Abdeckung für 4 Jahreszeiten? | Coverseal</title>
<meta name="robots" content="index, follow, max-snippet:-1, max-image-preview:large, max-video-preview:-1" />
<link rel="canonical" href="https://coverseal.be/de/ufaq/gibt-es-aus-technischer-sicht-unvereinbarkeiten-fuer-die-einrichtung-einer-coverseal-abdeckung-fuer-4-jahreszeiten/" />
<meta property="og:locale" content="de_DE" />
<meta property="og:type" content="article" />
<meta property="og:title" content="Gibt es aus technischer Sicht Unvereinbarkeiten für die Einrichtung einer Coverseal-Abdeckung für 4 Jahreszeiten? | Coverseal" />
<meta property="og:description" content="B Gibt es aus technischer Sicht Unvereinbarkeiten für die Einrichtung einer Coverseal-Abdeckung für 4 Jahreszeiten? Kategorie: Allgemeines Die Coverseal-Poolabdeckungen lassen sich an nahezu alle Beckenmodelle unabhängig von ihrer Form und ihrer Größe anpassen. Bestimmte Parameter können jedoch der Anordnung eines Coverseal-Poolschutzes hinderlich sein: &#8211; ein konkaver Träger &#8211; eine Beckenneigung nach innen &#8211; bestimmte Träger [&hellip;]" />
<meta property="og:url" content="https://coverseal.be/de/ufaq/gibt-es-aus-technischer-sicht-unvereinbarkeiten-fuer-die-einrichtung-einer-coverseal-abdeckung-fuer-4-jahreszeiten/" />
<meta property="og:site_name" content="Coverseal" />
<meta property="article:modified_time" content="2025-10-29T20:53:46+00:00" />
<meta name="twitter:card" content="summary_large_image" />
<meta name="twitter:label1" content="Geschätzte Lesezeit" />
	<meta name="twitter:data1" content="1 Minute" />
<script type="application/ld+json" class="yoast-schema-graph">{"@context":"https:\/\/schema.org","@graph":[{"@type":"WebPage","@id":"https:\/\/coverseal.be\/de\/ufaq\/gibt-es-aus-technischer-sicht-unvereinbarkeiten-fuer-die-einrichtung-einer-coverseal-abdeckung-fuer-4-jahreszeiten\/","url":"https:\/\/coverseal.be\/de\/ufaq\/gibt-es-aus-technischer-sicht-unvereinbarkeiten-fuer-die-einrichtung-einer-coverseal-abdeckung-fuer-4-jahreszeiten\/","name":"Gibt es aus technischer Sicht Unvereinbarkeiten für die Einrichtung einer Coverseal-Abdeckung für 4 Jahreszeiten? | Coverseal","isPartOf":{"@id":"https:\/\/coverseal.be\/de\/#website"},"datePublished":"2025-05-27T09:59:10+00:00","dateModified":"2025-10-29T20:53:46+00:00","breadcrumb":{"@id":"https:\/\/coverseal.be\/de\/ufaq\/gibt-es-aus-technischer-sicht-unvereinbarkeiten-fuer-die-einrichtung-einer-coverseal-abdeckung-fuer-4-jahreszeiten\/#breadcrumb"},"inLanguage":"de","potentialAction":[{"@type":"ReadAction","target":["https:\/\/coverseal.be\/de\/ufaq\/gibt-es-aus-technischer-sicht-unvereinbarkeiten-fuer-die-einrichtung-einer-coverseal-abdeckung-fuer-4-jahreszeiten\/"]}]},{"@type":"BreadcrumbList","@id":"https:\/\/coverseal.be\/de\/ufaq\/gibt-es-aus-technischer-sicht-unvereinbarkeiten-fuer-die-einrichtung-einer-coverseal-abdeckung-fuer-4-jahreszeiten\/#breadcrumb","itemListElement":[{"@type":"ListItem","position":1,"name":"Accueil","item":"https:\/\/coverseal.be\/de\/"},{"@type":"ListItem","position":2,"name":"FAQs","item":"https:\/\/coverseal.be\/de\/ufaq\/"},{"@type":"ListItem","position":3,"name":"Gibt es aus technischer Sicht Unvereinbarkeiten für die Einrichtung einer Coverseal-Abdeckung für 4 Jahreszeiten?"}]},{"@type":"WebSite","@id":"https:\/\/coverseal.be\/de\/#website","url":"https:\/\/coverseal.be\/de\/","name":"Coverseal","description":"","potentialAction":[{"@type":"SearchAction","target":{"@type":"EntryPoint","urlTemplate":"https:\/\/coverseal.be\/de\/?s={search_term_string}"},"query-input":{"@type":"PropertyValueSpecification","valueRequired":true,"valueName":"search_term_string"}}],"inLanguage":"de"}]}</script>
<!-- / Yoast SEO plugin. -->

Gibt es aus technischer Sicht Unvereinbarkeiten für die Einrichtung einer Coverseal-Abdeckung für 4 Jahreszeiten? | Coverseal

B Gibt es aus technischer Sicht Unvereinbarkeiten für die Einrichtung einer Coverseal-Abdeckung für 4 Jahreszeiten? Kategorie: Allgemeines Die Coverseal-Poolabdeckungen lassen sich an nahezu alle Beckenmodelle unabhängig von ihrer Form und ihrer Größe anpassen. Bestimmte Parameter können jedoch der Anordnung eines Coverseal-Poolschutzes hinderlich sein: &#8211; ein konkaver Träger &#8211; eine Beckenneigung nach innen &#8211; bestimmte Träger [&hellip;]
