{"id":10445,"date":"2025-05-27T12:07:32","date_gmt":"2025-05-27T10:07:32","guid":{"rendered":"https:\/\/coverseal.be\/ufaq\/la-membrane-peut-elle-changer-de-couleur-et-quen-est-il-de-lhabillage\/"},"modified":"2025-10-29T21:42:35","modified_gmt":"2025-10-29T20:42:35","slug":"veraendert-sich-die-farbe-der-membran-und-des-gehaeuses-im-laufe-der-zeit-oder-mit-der-sonneneinstrahlung","status":"publish","type":"ufaq","link":"https:\/\/coverseal.be\/de\/ufaq\/veraendert-sich-die-farbe-der-membran-und-des-gehaeuses-im-laufe-der-zeit-oder-mit-der-sonneneinstrahlung\/","title":{"rendered":"Ver\u00e4ndert sich die Farbe der Membran und des Geh\u00e4uses im Laufe der Zeit oder mit der Sonneneinstrahlung?"},"content":{"rendered":"<style>.ewd-ufaq-post-margin-symbol { color: #7f351b !important; }.ewd-ufaq-faq-title .ewd-ufaq-post-margin-symbol span { font-size: 22px !important; }div.ewd-ufaq-faq-title h5 { font-family: Lexend !important; }div.ewd-ufaq-faq-title h5 { font-size: 20px !important; }<\/style><div  class=\"ewd-ufaq-faq-list ewd-ufaq-page-type-infinite_scroll ewd-ufaq-category-tabs-\" id='ewd-ufaq-faq-list'>\n\n\t<input type='hidden' name='show_on_load' value='' id='ewd-ufaq-show-on-load' \/>\n<input type='hidden' name='include_category' value='' id='ewd-ufaq-include-category' \/>\n<input type='hidden' name='exclude_category' value='' id='ewd-ufaq-exclude-category' \/>\n<input type='hidden' name='orderby' value='title' id='ewd-ufaq-orderby' \/>\n<input type='hidden' name='order' value='asc' id='ewd-ufaq-order' \/>\n<input type='hidden' name='post_count' value='-1' id='ewd-ufaq-post-count' \/>\n<input type='hidden' name='current_url' value='\/de\/wp-json\/wp\/v2\/ufaq\/10445' id='ewd-ufaq-current-url' \/>\n\t\n\t\n\t<div class='ewd-ufaq-faqs'>\n\n\t\t<div  class=\"ewd-ufaq-faq-div ewd-ufaq-faq-column-count-one ewd-ufaq-faq-responsive-columns- ewd-ufaq-faq-display-style-default ewd-ufaq-can-be-toggled\" id='ewd-ufaq-post-10445-ONJtZ5ukkn' data-post_id='10445'>\n\n\t\t\n\t<div class='ewd-ufaq-faq-title ewd-ufaq-faq-toggle'>\n\t\n\t<a class='ewd-ufaq-post-margin'  href='#' role=\"button\">\n\n\t\t<div class='ewd-ufaq-post-margin-symbol ewd-ufaq-'>\n\t\t\t<span >B<\/span>\n\t\t<\/div>\n\n\t\t<div class='ewd-ufaq-faq-title-text'>\n\n\t\t\t<h5>\n\t\t\t\tVer\u00e4ndert sich die Farbe der Membran und des Geh\u00e4uses im Laufe der Zeit oder mit der Sonneneinstrahlung?\t\t\t<\/h5>\n\n\t\t<\/div>\n\n\t\t<div class='ewd-ufaq-clear'><\/div>\n\n\t<\/a>\n\t\n<\/div>\n\t\n\t<div class='ewd-ufaq-faq-body' >\n\n\t\t\n\t\t\t<div class='ewd-ufaq-faq-categories'>\n\t\n\tKategorie:\n\t\n\t\tAllgemeines\n\t\n<\/div>\n\t\t\n\t\t\t<div class='ewd-ufaq-post-margin ewd-ufaq-faq-post'>\n\t<div class=\"ewa-rteLine\">\n<p>Wie alle Materialien, die UV-Strahlen ausgesetzt sind, kann die Membran im Laufe der Zeit leicht ausf\u00e4rben. Diese Erscheinung ist &#8211; auch wenn sie nat\u00fcrlich ist &#8211; bei dunkleren Membranen ausgepr\u00e4gter.<br \/>\nDas Geh\u00e4use der Abdeckung wird seinerzeit thermolackiert. Der Anstrich ist folglich langfristig ausgesprochen widerstandsf\u00e4hig und f\u00fcr die Umgebung des Swimmingpools besonders geeignet. Ebenso wie die Karosserie eines Fahrzeugs kann es jedoch mit der Sonneneinstrah+B7lung zu einer leichten Entf\u00e4rbung kommen.<\/p>\n<p>Zudem ist es m\u00f6glich, Geh\u00e4use mit einer spezifischeren Endbearbeitung wie beispielsweise mit &#8222;Spiegeleffekt&#8220; oder &#8222;Metalleffekt&#8220; zu finden. In diesem Fall wird das Geh\u00e4use mit Verbundstoffpaneelen ausgef\u00fchrt. Hierbei handelt es sich ebenfalls um ein Produkt, das seine Qualit\u00e4tsmerkmale auch bewahrt, wenn es in die Jahre kommt.<\/p>\n<\/div>\n<\/div>\n\t\t\n\t\t\t\n\t\t\n\t\t\t\n\t\t\n\t\t\t\n\t\t\n\t\t\t\n\t\t\n\t\t\t\n\t\t\n\t\t\t\n\t\t\n\t\t\t\n\t\t\n\t\t\t\n\t\t\n\t<\/div>\n\n<\/div>\n\t<\/div>\n\n\t\n<\/div>","protected":false},"excerpt":{"rendered":"<p>B Ver\u00e4ndert sich die Farbe der Membran und des Geh\u00e4uses im Laufe der Zeit oder mit der Sonneneinstrahlung? Kategorie: Allgemeines Wie alle Materialien, die UV-Strahlen ausgesetzt sind, kann die Membran im Laufe der Zeit leicht ausf\u00e4rben. Diese Erscheinung ist &#8211; auch wenn sie nat\u00fcrlich ist &#8211; bei dunkleren Membranen ausgepr\u00e4gter. Das Geh\u00e4use der Abdeckung wird [&hellip;]<\/p>\n","protected":false},"author":19,"featured_media":0,"comment_status":"closed","ping_status":"closed","template":"","ufaq-category":[70],"ufaq-tag":[],"class_list":["post-10445","ufaq","type-ufaq","status-publish","hentry","ufaq-category-allgemeines"],"yoast_head":"<!-- This site is optimized with the Yoast SEO plugin v27.5 - https:\/\/yoast.com\/product\/yoast-seo-wordpress\/ -->\n<title>Ver\u00e4ndert sich die Farbe der Membran und des Geh\u00e4uses im Laufe der Zeit oder mit der Sonneneinstrahlung? | Coverseal<\/title>\n<meta name=\"description\" content=\"Zudem ist es m\u00f6glich, Geh\u00e4use mit einer spezifischeren Endbearbeitung wie beispielsweise mit &quot;Spiegeleffekt&quot; oder &quot;Metalleffekt&quot; zu finden.\" \/>\n<meta name=\"robots\" content=\"index, follow, max-snippet:-1, max-image-preview:large, max-video-preview:-1\" \/>\n<link rel=\"canonical\" href=\"https:\/\/coverseal.be\/de\/ufaq\/veraendert-sich-die-farbe-der-membran-und-des-gehaeuses-im-laufe-der-zeit-oder-mit-der-sonneneinstrahlung\/\" \/>\n<meta property=\"og:locale\" content=\"de_DE\" \/>\n<meta property=\"og:type\" content=\"article\" \/>\n<meta property=\"og:title\" content=\"Ver\u00e4ndert sich die Farbe der Membran und des Geh\u00e4uses im Laufe der Zeit oder mit der Sonneneinstrahlung? | Coverseal\" \/>\n<meta property=\"og:description\" content=\"Zudem ist es m\u00f6glich, Geh\u00e4use mit einer spezifischeren Endbearbeitung wie beispielsweise mit &quot;Spiegeleffekt&quot; oder &quot;Metalleffekt&quot; zu finden.\" \/>\n<meta property=\"og:url\" content=\"https:\/\/coverseal.be\/de\/ufaq\/veraendert-sich-die-farbe-der-membran-und-des-gehaeuses-im-laufe-der-zeit-oder-mit-der-sonneneinstrahlung\/\" \/>\n<meta property=\"og:site_name\" content=\"Coverseal\" \/>\n<meta property=\"article:modified_time\" content=\"2025-10-29T20:42:35+00:00\" \/>\n<meta name=\"twitter:card\" content=\"summary_large_image\" \/>\n<meta name=\"twitter:label1\" content=\"Gesch\u00e4tzte Lesezeit\" \/>\n\t<meta name=\"twitter:data1\" content=\"1\u00a0Minute\" \/>\n<script type=\"application\/ld+json\" class=\"yoast-schema-graph\">{\"@context\":\"https:\\\/\\\/schema.org\",\"@graph\":[{\"@type\":\"WebPage\",\"@id\":\"https:\\\/\\\/coverseal.be\\\/de\\\/ufaq\\\/veraendert-sich-die-farbe-der-membran-und-des-gehaeuses-im-laufe-der-zeit-oder-mit-der-sonneneinstrahlung\\\/\",\"url\":\"https:\\\/\\\/coverseal.be\\\/de\\\/ufaq\\\/veraendert-sich-die-farbe-der-membran-und-des-gehaeuses-im-laufe-der-zeit-oder-mit-der-sonneneinstrahlung\\\/\",\"name\":\"Ver\u00e4ndert sich die Farbe der Membran und des Geh\u00e4uses im Laufe der Zeit oder mit der Sonneneinstrahlung? | Coverseal\",\"isPartOf\":{\"@id\":\"https:\\\/\\\/coverseal.be\\\/de\\\/#website\"},\"datePublished\":\"2025-05-27T10:07:32+00:00\",\"dateModified\":\"2025-10-29T20:42:35+00:00\",\"description\":\"Zudem ist es m\u00f6glich, Geh\u00e4use mit einer spezifischeren Endbearbeitung wie beispielsweise mit \\\"Spiegeleffekt\\\" oder \\\"Metalleffekt\\\" zu finden.\",\"breadcrumb\":{\"@id\":\"https:\\\/\\\/coverseal.be\\\/de\\\/ufaq\\\/veraendert-sich-die-farbe-der-membran-und-des-gehaeuses-im-laufe-der-zeit-oder-mit-der-sonneneinstrahlung\\\/#breadcrumb\"},\"inLanguage\":\"de\",\"potentialAction\":[{\"@type\":\"ReadAction\",\"target\":[\"https:\\\/\\\/coverseal.be\\\/de\\\/ufaq\\\/veraendert-sich-die-farbe-der-membran-und-des-gehaeuses-im-laufe-der-zeit-oder-mit-der-sonneneinstrahlung\\\/\"]}]},{\"@type\":\"BreadcrumbList\",\"@id\":\"https:\\\/\\\/coverseal.be\\\/de\\\/ufaq\\\/veraendert-sich-die-farbe-der-membran-und-des-gehaeuses-im-laufe-der-zeit-oder-mit-der-sonneneinstrahlung\\\/#breadcrumb\",\"itemListElement\":[{\"@type\":\"ListItem\",\"position\":1,\"name\":\"Accueil\",\"item\":\"https:\\\/\\\/coverseal.be\\\/de\\\/\"},{\"@type\":\"ListItem\",\"position\":2,\"name\":\"FAQs\",\"item\":\"https:\\\/\\\/coverseal.be\\\/de\\\/ufaq\\\/\"},{\"@type\":\"ListItem\",\"position\":3,\"name\":\"Ver\u00e4ndert sich die Farbe der Membran und des Geh\u00e4uses im Laufe der Zeit oder mit der Sonneneinstrahlung?\"}]},{\"@type\":\"WebSite\",\"@id\":\"https:\\\/\\\/coverseal.be\\\/de\\\/#website\",\"url\":\"https:\\\/\\\/coverseal.be\\\/de\\\/\",\"name\":\"Coverseal\",\"description\":\"\",\"potentialAction\":[{\"@type\":\"SearchAction\",\"target\":{\"@type\":\"EntryPoint\",\"urlTemplate\":\"https:\\\/\\\/coverseal.be\\\/de\\\/?s={search_term_string}\"},\"query-input\":{\"@type\":\"PropertyValueSpecification\",\"valueRequired\":true,\"valueName\":\"search_term_string\"}}],\"inLanguage\":\"de\"}]}<\/script>\n<!-- \/ Yoast SEO plugin. -->","yoast_head_json":{"title":"Ver\u00e4ndert sich die Farbe der Membran und des Geh\u00e4uses im Laufe der Zeit oder mit der Sonneneinstrahlung? | Coverseal","description":"Zudem ist es m\u00f6glich, Geh\u00e4use mit einer spezifischeren Endbearbeitung wie beispielsweise mit \"Spiegeleffekt\" oder \"Metalleffekt\" zu finden.","robots":{"index":"index","follow":"follow","max-snippet":"max-snippet:-1","max-image-preview":"max-image-preview:large","max-video-preview":"max-video-preview:-1"},"canonical":"https:\/\/coverseal.be\/de\/ufaq\/veraendert-sich-die-farbe-der-membran-und-des-gehaeuses-im-laufe-der-zeit-oder-mit-der-sonneneinstrahlung\/","og_locale":"de_DE","og_type":"article","og_title":"Ver\u00e4ndert sich die Farbe der Membran und des Geh\u00e4uses im Laufe der Zeit oder mit der Sonneneinstrahlung? | Coverseal","og_description":"Zudem ist es m\u00f6glich, Geh\u00e4use mit einer spezifischeren Endbearbeitung wie beispielsweise mit \"Spiegeleffekt\" oder \"Metalleffekt\" zu finden.","og_url":"https:\/\/coverseal.be\/de\/ufaq\/veraendert-sich-die-farbe-der-membran-und-des-gehaeuses-im-laufe-der-zeit-oder-mit-der-sonneneinstrahlung\/","og_site_name":"Coverseal","article_modified_time":"2025-10-29T20:42:35+00:00","twitter_card":"summary_large_image","twitter_misc":{"Gesch\u00e4tzte Lesezeit":"1\u00a0Minute"},"schema":{"@context":"https:\/\/schema.org","@graph":[{"@type":"WebPage","@id":"https:\/\/coverseal.be\/de\/ufaq\/veraendert-sich-die-farbe-der-membran-und-des-gehaeuses-im-laufe-der-zeit-oder-mit-der-sonneneinstrahlung\/","url":"https:\/\/coverseal.be\/de\/ufaq\/veraendert-sich-die-farbe-der-membran-und-des-gehaeuses-im-laufe-der-zeit-oder-mit-der-sonneneinstrahlung\/","name":"Ver\u00e4ndert sich die Farbe der Membran und des Geh\u00e4uses im Laufe der Zeit oder mit der Sonneneinstrahlung? | Coverseal","isPartOf":{"@id":"https:\/\/coverseal.be\/de\/#website"},"datePublished":"2025-05-27T10:07:32+00:00","dateModified":"2025-10-29T20:42:35+00:00","description":"Zudem ist es m\u00f6glich, Geh\u00e4use mit einer spezifischeren Endbearbeitung wie beispielsweise mit \"Spiegeleffekt\" oder \"Metalleffekt\" zu finden.","breadcrumb":{"@id":"https:\/\/coverseal.be\/de\/ufaq\/veraendert-sich-die-farbe-der-membran-und-des-gehaeuses-im-laufe-der-zeit-oder-mit-der-sonneneinstrahlung\/#breadcrumb"},"inLanguage":"de","potentialAction":[{"@type":"ReadAction","target":["https:\/\/coverseal.be\/de\/ufaq\/veraendert-sich-die-farbe-der-membran-und-des-gehaeuses-im-laufe-der-zeit-oder-mit-der-sonneneinstrahlung\/"]}]},{"@type":"BreadcrumbList","@id":"https:\/\/coverseal.be\/de\/ufaq\/veraendert-sich-die-farbe-der-membran-und-des-gehaeuses-im-laufe-der-zeit-oder-mit-der-sonneneinstrahlung\/#breadcrumb","itemListElement":[{"@type":"ListItem","position":1,"name":"Accueil","item":"https:\/\/coverseal.be\/de\/"},{"@type":"ListItem","position":2,"name":"FAQs","item":"https:\/\/coverseal.be\/de\/ufaq\/"},{"@type":"ListItem","position":3,"name":"Ver\u00e4ndert sich die Farbe der Membran und des Geh\u00e4uses im Laufe der Zeit oder mit der Sonneneinstrahlung?"}]},{"@type":"WebSite","@id":"https:\/\/coverseal.be\/de\/#website","url":"https:\/\/coverseal.be\/de\/","name":"Coverseal","description":"","potentialAction":[{"@type":"SearchAction","target":{"@type":"EntryPoint","urlTemplate":"https:\/\/coverseal.be\/de\/?s={search_term_string}"},"query-input":{"@type":"PropertyValueSpecification","valueRequired":true,"valueName":"search_term_string"}}],"inLanguage":"de"}]}},"_links":{"self":[{"href":"https:\/\/coverseal.be\/de\/wp-json\/wp\/v2\/ufaq\/10445","targetHints":{"allow":["GET"]}}],"collection":[{"href":"https:\/\/coverseal.be\/de\/wp-json\/wp\/v2\/ufaq"}],"about":[{"href":"https:\/\/coverseal.be\/de\/wp-json\/wp\/v2\/types\/ufaq"}],"author":[{"embeddable":true,"href":"https:\/\/coverseal.be\/de\/wp-json\/wp\/v2\/users\/19"}],"replies":[{"embeddable":true,"href":"https:\/\/coverseal.be\/de\/wp-json\/wp\/v2\/comments?post=10445"}],"wp:attachment":[{"href":"https:\/\/coverseal.be\/de\/wp-json\/wp\/v2\/media?parent=10445"}],"wp:term":[{"taxonomy":"ufaq-category","embeddable":true,"href":"https:\/\/coverseal.be\/de\/wp-json\/wp\/v2\/ufaq-category?post=10445"},{"taxonomy":"ufaq-tag","embeddable":true,"href":"https:\/\/coverseal.be\/de\/wp-json\/wp\/v2\/ufaq-tag?post=10445"}],"curies":[{"name":"wp","href":"https:\/\/api.w.org\/{rel}","templated":true}]}}

Verändert sich die Farbe der Membran und des Gehäuses im Laufe der Zeit oder mit der Sonneneinstrahlung?

<style>.ewd-ufaq-post-margin-symbol { color: #7f351b !important; }.ewd-ufaq-faq-title .ewd-ufaq-post-margin-symbol span { font-size: 22px !important; }div.ewd-ufaq-faq-title h5 { font-family: Lexend !important; }div.ewd-ufaq-faq-title h5 { font-size: 20px !important; }</style><div  class="ewd-ufaq-faq-list ewd-ufaq-page-type-infinite_scroll ewd-ufaq-category-tabs-" id='ewd-ufaq-faq-list'>

	<input type='hidden' name='show_on_load' value='' id='ewd-ufaq-show-on-load' />
<input type='hidden' name='include_category' value='' id='ewd-ufaq-include-category' />
<input type='hidden' name='exclude_category' value='' id='ewd-ufaq-exclude-category' />
<input type='hidden' name='orderby' value='title' id='ewd-ufaq-orderby' />
<input type='hidden' name='order' value='asc' id='ewd-ufaq-order' />
<input type='hidden' name='post_count' value='-1' id='ewd-ufaq-post-count' />
<input type='hidden' name='current_url' value='/de/wp-json/wp/v2/ufaq/10445' id='ewd-ufaq-current-url' />
	
	
	<div class='ewd-ufaq-faqs'>

		<div  class="ewd-ufaq-faq-div ewd-ufaq-faq-column-count-one ewd-ufaq-faq-responsive-columns- ewd-ufaq-faq-display-style-default ewd-ufaq-can-be-toggled" id='ewd-ufaq-post-10445-ONJtZ5ukkn' data-post_id='10445'>

		
	<div class='ewd-ufaq-faq-title ewd-ufaq-faq-toggle'>
	
	<a class='ewd-ufaq-post-margin'  href='#' role="button">

		<div class='ewd-ufaq-post-margin-symbol ewd-ufaq-'>
			<span >B</span>
		</div>

		<div class='ewd-ufaq-faq-title-text'>

			<h5>
				Verändert sich die Farbe der Membran und des Gehäuses im Laufe der Zeit oder mit der Sonneneinstrahlung?			</h5>

		</div>

		<div class='ewd-ufaq-clear'></div>

	</a>
	
</div>
	
	<div class='ewd-ufaq-faq-body' >

		
			<div class='ewd-ufaq-faq-categories'>
	
	Kategorie:
	
		Allgemeines
	
</div>
		
			<div class='ewd-ufaq-post-margin ewd-ufaq-faq-post'>
	<div class="ewa-rteLine">
<p>Wie alle Materialien, die UV-Strahlen ausgesetzt sind, kann die Membran im Laufe der Zeit leicht ausfärben. Diese Erscheinung ist &#8211; auch wenn sie natürlich ist &#8211; bei dunkleren Membranen ausgeprägter.<br />
Das Gehäuse der Abdeckung wird seinerzeit thermolackiert. Der Anstrich ist folglich langfristig ausgesprochen widerstandsfähig und für die Umgebung des Swimmingpools besonders geeignet. Ebenso wie die Karosserie eines Fahrzeugs kann es jedoch mit der Sonneneinstrah+B7lung zu einer leichten Entfärbung kommen.</p>
<p>Zudem ist es möglich, Gehäuse mit einer spezifischeren Endbearbeitung wie beispielsweise mit &#8222;Spiegeleffekt&#8220; oder &#8222;Metalleffekt&#8220; zu finden. In diesem Fall wird das Gehäuse mit Verbundstoffpaneelen ausgeführt. Hierbei handelt es sich ebenfalls um ein Produkt, das seine Qualitätsmerkmale auch bewahrt, wenn es in die Jahre kommt.</p>
</div>
</div>
		
			
		
			
		
			
		
			
		
			
		
			
		
			
		
			
		
	</div>

</div>
	</div>

	
</div>

<p>B Verändert sich die Farbe der Membran und des Gehäuses im Laufe der Zeit oder mit der Sonneneinstrahlung? Kategorie: Allgemeines Wie alle Materialien, die UV-Strahlen ausgesetzt sind, kann die Membran im Laufe der Zeit leicht ausfärben. Diese Erscheinung ist &#8211; auch wenn sie natürlich ist &#8211; bei dunkleren Membranen ausgeprägter. Das Gehäuse der Abdeckung wird [&hellip;]</p>

<!-- This site is optimized with the Yoast SEO plugin v27.5 - https://yoast.com/product/yoast-seo-wordpress/ -->
<title>Verändert sich die Farbe der Membran und des Gehäuses im Laufe der Zeit oder mit der Sonneneinstrahlung? | Coverseal</title>
<meta name="description" content="Zudem ist es möglich, Gehäuse mit einer spezifischeren Endbearbeitung wie beispielsweise mit &quot;Spiegeleffekt&quot; oder &quot;Metalleffekt&quot; zu finden." />
<meta name="robots" content="index, follow, max-snippet:-1, max-image-preview:large, max-video-preview:-1" />
<link rel="canonical" href="https://coverseal.be/de/ufaq/veraendert-sich-die-farbe-der-membran-und-des-gehaeuses-im-laufe-der-zeit-oder-mit-der-sonneneinstrahlung/" />
<meta property="og:locale" content="de_DE" />
<meta property="og:type" content="article" />
<meta property="og:title" content="Verändert sich die Farbe der Membran und des Gehäuses im Laufe der Zeit oder mit der Sonneneinstrahlung? | Coverseal" />
<meta property="og:description" content="Zudem ist es möglich, Gehäuse mit einer spezifischeren Endbearbeitung wie beispielsweise mit &quot;Spiegeleffekt&quot; oder &quot;Metalleffekt&quot; zu finden." />
<meta property="og:url" content="https://coverseal.be/de/ufaq/veraendert-sich-die-farbe-der-membran-und-des-gehaeuses-im-laufe-der-zeit-oder-mit-der-sonneneinstrahlung/" />
<meta property="og:site_name" content="Coverseal" />
<meta property="article:modified_time" content="2025-10-29T20:42:35+00:00" />
<meta name="twitter:card" content="summary_large_image" />
<meta name="twitter:label1" content="Geschätzte Lesezeit" />
	<meta name="twitter:data1" content="1 Minute" />
<script type="application/ld+json" class="yoast-schema-graph">{"@context":"https:\/\/schema.org","@graph":[{"@type":"WebPage","@id":"https:\/\/coverseal.be\/de\/ufaq\/veraendert-sich-die-farbe-der-membran-und-des-gehaeuses-im-laufe-der-zeit-oder-mit-der-sonneneinstrahlung\/","url":"https:\/\/coverseal.be\/de\/ufaq\/veraendert-sich-die-farbe-der-membran-und-des-gehaeuses-im-laufe-der-zeit-oder-mit-der-sonneneinstrahlung\/","name":"Verändert sich die Farbe der Membran und des Gehäuses im Laufe der Zeit oder mit der Sonneneinstrahlung? | Coverseal","isPartOf":{"@id":"https:\/\/coverseal.be\/de\/#website"},"datePublished":"2025-05-27T10:07:32+00:00","dateModified":"2025-10-29T20:42:35+00:00","description":"Zudem ist es möglich, Gehäuse mit einer spezifischeren Endbearbeitung wie beispielsweise mit \"Spiegeleffekt\" oder \"Metalleffekt\" zu finden.","breadcrumb":{"@id":"https:\/\/coverseal.be\/de\/ufaq\/veraendert-sich-die-farbe-der-membran-und-des-gehaeuses-im-laufe-der-zeit-oder-mit-der-sonneneinstrahlung\/#breadcrumb"},"inLanguage":"de","potentialAction":[{"@type":"ReadAction","target":["https:\/\/coverseal.be\/de\/ufaq\/veraendert-sich-die-farbe-der-membran-und-des-gehaeuses-im-laufe-der-zeit-oder-mit-der-sonneneinstrahlung\/"]}]},{"@type":"BreadcrumbList","@id":"https:\/\/coverseal.be\/de\/ufaq\/veraendert-sich-die-farbe-der-membran-und-des-gehaeuses-im-laufe-der-zeit-oder-mit-der-sonneneinstrahlung\/#breadcrumb","itemListElement":[{"@type":"ListItem","position":1,"name":"Accueil","item":"https:\/\/coverseal.be\/de\/"},{"@type":"ListItem","position":2,"name":"FAQs","item":"https:\/\/coverseal.be\/de\/ufaq\/"},{"@type":"ListItem","position":3,"name":"Verändert sich die Farbe der Membran und des Gehäuses im Laufe der Zeit oder mit der Sonneneinstrahlung?"}]},{"@type":"WebSite","@id":"https:\/\/coverseal.be\/de\/#website","url":"https:\/\/coverseal.be\/de\/","name":"Coverseal","description":"","potentialAction":[{"@type":"SearchAction","target":{"@type":"EntryPoint","urlTemplate":"https:\/\/coverseal.be\/de\/?s={search_term_string}"},"query-input":{"@type":"PropertyValueSpecification","valueRequired":true,"valueName":"search_term_string"}}],"inLanguage":"de"}]}</script>
<!-- / Yoast SEO plugin. -->

Verändert sich die Farbe der Membran und des Gehäuses im Laufe der Zeit oder mit der Sonneneinstrahlung? | Coverseal

Zudem ist es möglich, Gehäuse mit einer spezifischeren Endbearbeitung wie beispielsweise mit "Spiegeleffekt" oder "Metalleffekt" zu finden.
