{"id":10439,"date":"2025-05-27T12:10:40","date_gmt":"2025-05-27T10:10:40","guid":{"rendered":"https:\/\/coverseal.be\/ufaq\/existe-t-il-des-dimensions-standards-pour-la-coverseal-comment-etre-certaine-quil-sera-adapte-a-mon-environnement\/"},"modified":"2025-10-29T21:37:38","modified_gmt":"2025-10-29T20:37:38","slug":"ist-der-coverseal-schutz-in-standarddimensionen-verfuegbar","status":"publish","type":"ufaq","link":"https:\/\/coverseal.be\/de\/ufaq\/ist-der-coverseal-schutz-in-standarddimensionen-verfuegbar\/","title":{"rendered":"Ist der Coverseal-Schutz in Standarddimensionen verf\u00fcgbar?"},"content":{"rendered":"<style>.ewd-ufaq-post-margin-symbol { color: #7f351b !important; }.ewd-ufaq-faq-title .ewd-ufaq-post-margin-symbol span { font-size: 22px !important; }div.ewd-ufaq-faq-title h5 { font-family: Lexend !important; }div.ewd-ufaq-faq-title h5 { font-size: 20px !important; }<\/style><div  class=\"ewd-ufaq-faq-list ewd-ufaq-page-type-infinite_scroll ewd-ufaq-category-tabs-\" id='ewd-ufaq-faq-list'>\n\n\t<input type='hidden' name='show_on_load' value='' id='ewd-ufaq-show-on-load' \/>\n<input type='hidden' name='include_category' value='' id='ewd-ufaq-include-category' \/>\n<input type='hidden' name='exclude_category' value='' id='ewd-ufaq-exclude-category' \/>\n<input type='hidden' name='orderby' value='title' id='ewd-ufaq-orderby' \/>\n<input type='hidden' name='order' value='asc' id='ewd-ufaq-order' \/>\n<input type='hidden' name='post_count' value='-1' id='ewd-ufaq-post-count' \/>\n<input type='hidden' name='current_url' value='\/de\/wp-json\/wp\/v2\/ufaq\/10439' id='ewd-ufaq-current-url' \/>\n\t\n\t\n\t<div class='ewd-ufaq-faqs'>\n\n\t\t<div  class=\"ewd-ufaq-faq-div ewd-ufaq-faq-column-count-one ewd-ufaq-faq-responsive-columns- ewd-ufaq-faq-display-style-default ewd-ufaq-can-be-toggled\" id='ewd-ufaq-post-10439-56kDGCIdHV' data-post_id='10439'>\n\n\t\t\n\t<div class='ewd-ufaq-faq-title ewd-ufaq-faq-toggle'>\n\t\n\t<a class='ewd-ufaq-post-margin'  href='#' role=\"button\">\n\n\t\t<div class='ewd-ufaq-post-margin-symbol ewd-ufaq-'>\n\t\t\t<span >B<\/span>\n\t\t<\/div>\n\n\t\t<div class='ewd-ufaq-faq-title-text'>\n\n\t\t\t<h5>\n\t\t\t\tIst der Coverseal-Schutz in Standarddimensionen verf\u00fcgbar?\t\t\t<\/h5>\n\n\t\t<\/div>\n\n\t\t<div class='ewd-ufaq-clear'><\/div>\n\n\t<\/a>\n\t\n<\/div>\n\t\n\t<div class='ewd-ufaq-faq-body' >\n\n\t\t\n\t\t\t<div class='ewd-ufaq-faq-categories'>\n\t\n\tKategorie:\n\t\n\t\tAllgemeines\n\t\n<\/div>\n\t\t\n\t\t\t<div class='ewd-ufaq-post-margin ewd-ufaq-faq-post'>\n\t<div class=\"ewa-rteLine\">\n<div class=\"ewa-rteLine\">\n<div class=\"ewa-rteLine\">\n<p>Nein. Jede Coverseal-Abdeckung wird in Abh\u00e4ngigkeit von den Besonderheiten Ihres Swimmingpools. Ihrem Umfeld und Ihren \u00e4sthetischen Vorlieben ganzheitlich ma\u00dfgeschneidert. Keines der Formate ist vordefiniert: Jede Auslegung wird bis ins kleinste Detail personalisiert, um die einwandfreie Integration und einen kompromisslosen Schutz zu gew\u00e4hrleisten.<\/p>\n<p>Dieser Ansatz erm\u00f6glicht es nicht nur, die Sicherheit und die Leistung zu optimieren, sondern auch die visuelle Harmonie Ihres Au\u00dfenbereichs zu gew\u00e4hrleisten. Die Coverseal passt sich an Ihren Bereich an und versucht keineswegs, in den Vordergrund zu treten.<\/p>\n<\/div>\n<\/div>\n<\/div>\n<\/div>\n\t\t\n\t\t\t\n\t\t\n\t\t\t\n\t\t\n\t\t\t\n\t\t\n\t\t\t\n\t\t\n\t\t\t\n\t\t\n\t\t\t\n\t\t\n\t\t\t\n\t\t\n\t\t\t\n\t\t\n\t<\/div>\n\n<\/div>\n\t<\/div>\n\n\t\n<\/div>","protected":false},"excerpt":{"rendered":"<p>B Ist der Coverseal-Schutz in Standarddimensionen verf\u00fcgbar? Kategorie: Allgemeines Nein. Jede Coverseal-Abdeckung wird in Abh\u00e4ngigkeit von den Besonderheiten Ihres Swimmingpools. Ihrem Umfeld und Ihren \u00e4sthetischen Vorlieben ganzheitlich ma\u00dfgeschneidert. Keines der Formate ist vordefiniert: Jede Auslegung wird bis ins kleinste Detail personalisiert, um die einwandfreie Integration und einen kompromisslosen Schutz zu gew\u00e4hrleisten. Dieser Ansatz erm\u00f6glicht es [&hellip;]<\/p>\n","protected":false},"author":19,"featured_media":0,"comment_status":"closed","ping_status":"closed","template":"","ufaq-category":[70],"ufaq-tag":[],"class_list":["post-10439","ufaq","type-ufaq","status-publish","hentry","ufaq-category-allgemeines"],"yoast_head":"<!-- This site is optimized with the Yoast SEO plugin v27.5 - https:\/\/yoast.com\/product\/yoast-seo-wordpress\/ -->\n<title>Ist der Coverseal-Schutz in Standarddimensionen verf\u00fcgbar? | Coverseal<\/title>\n<meta name=\"description\" content=\"Dieser Ansatz erm\u00f6glicht es nicht nur, die Sicherheit und die Leistung zu optimieren, sondern auch die visuelle Harmonie Ihres Au\u00dfenbereichs\" \/>\n<meta name=\"robots\" content=\"index, follow, max-snippet:-1, max-image-preview:large, max-video-preview:-1\" \/>\n<link rel=\"canonical\" href=\"https:\/\/coverseal.be\/de\/ufaq\/ist-der-coverseal-schutz-in-standarddimensionen-verfuegbar\/\" \/>\n<meta property=\"og:locale\" content=\"de_DE\" \/>\n<meta property=\"og:type\" content=\"article\" \/>\n<meta property=\"og:title\" content=\"Ist der Coverseal-Schutz in Standarddimensionen verf\u00fcgbar? | Coverseal\" \/>\n<meta property=\"og:description\" content=\"Dieser Ansatz erm\u00f6glicht es nicht nur, die Sicherheit und die Leistung zu optimieren, sondern auch die visuelle Harmonie Ihres Au\u00dfenbereichs\" \/>\n<meta property=\"og:url\" content=\"https:\/\/coverseal.be\/de\/ufaq\/ist-der-coverseal-schutz-in-standarddimensionen-verfuegbar\/\" \/>\n<meta property=\"og:site_name\" content=\"Coverseal\" \/>\n<meta property=\"article:modified_time\" content=\"2025-10-29T20:37:38+00:00\" \/>\n<meta name=\"twitter:card\" content=\"summary_large_image\" \/>\n<meta name=\"twitter:label1\" content=\"Gesch\u00e4tzte Lesezeit\" \/>\n\t<meta name=\"twitter:data1\" content=\"1\u00a0Minute\" \/>\n<script type=\"application\/ld+json\" class=\"yoast-schema-graph\">{\"@context\":\"https:\\\/\\\/schema.org\",\"@graph\":[{\"@type\":\"WebPage\",\"@id\":\"https:\\\/\\\/coverseal.be\\\/de\\\/ufaq\\\/ist-der-coverseal-schutz-in-standarddimensionen-verfuegbar\\\/\",\"url\":\"https:\\\/\\\/coverseal.be\\\/de\\\/ufaq\\\/ist-der-coverseal-schutz-in-standarddimensionen-verfuegbar\\\/\",\"name\":\"Ist der Coverseal-Schutz in Standarddimensionen verf\u00fcgbar? | Coverseal\",\"isPartOf\":{\"@id\":\"https:\\\/\\\/coverseal.be\\\/de\\\/#website\"},\"datePublished\":\"2025-05-27T10:10:40+00:00\",\"dateModified\":\"2025-10-29T20:37:38+00:00\",\"description\":\"Dieser Ansatz erm\u00f6glicht es nicht nur, die Sicherheit und die Leistung zu optimieren, sondern auch die visuelle Harmonie Ihres Au\u00dfenbereichs\",\"breadcrumb\":{\"@id\":\"https:\\\/\\\/coverseal.be\\\/de\\\/ufaq\\\/ist-der-coverseal-schutz-in-standarddimensionen-verfuegbar\\\/#breadcrumb\"},\"inLanguage\":\"de\",\"potentialAction\":[{\"@type\":\"ReadAction\",\"target\":[\"https:\\\/\\\/coverseal.be\\\/de\\\/ufaq\\\/ist-der-coverseal-schutz-in-standarddimensionen-verfuegbar\\\/\"]}]},{\"@type\":\"BreadcrumbList\",\"@id\":\"https:\\\/\\\/coverseal.be\\\/de\\\/ufaq\\\/ist-der-coverseal-schutz-in-standarddimensionen-verfuegbar\\\/#breadcrumb\",\"itemListElement\":[{\"@type\":\"ListItem\",\"position\":1,\"name\":\"Accueil\",\"item\":\"https:\\\/\\\/coverseal.be\\\/de\\\/\"},{\"@type\":\"ListItem\",\"position\":2,\"name\":\"FAQs\",\"item\":\"https:\\\/\\\/coverseal.be\\\/de\\\/ufaq\\\/\"},{\"@type\":\"ListItem\",\"position\":3,\"name\":\"Ist der Coverseal-Schutz in Standarddimensionen verf\u00fcgbar?\"}]},{\"@type\":\"WebSite\",\"@id\":\"https:\\\/\\\/coverseal.be\\\/de\\\/#website\",\"url\":\"https:\\\/\\\/coverseal.be\\\/de\\\/\",\"name\":\"Coverseal\",\"description\":\"\",\"potentialAction\":[{\"@type\":\"SearchAction\",\"target\":{\"@type\":\"EntryPoint\",\"urlTemplate\":\"https:\\\/\\\/coverseal.be\\\/de\\\/?s={search_term_string}\"},\"query-input\":{\"@type\":\"PropertyValueSpecification\",\"valueRequired\":true,\"valueName\":\"search_term_string\"}}],\"inLanguage\":\"de\"}]}<\/script>\n<!-- \/ Yoast SEO plugin. -->","yoast_head_json":{"title":"Ist der Coverseal-Schutz in Standarddimensionen verf\u00fcgbar? | Coverseal","description":"Dieser Ansatz erm\u00f6glicht es nicht nur, die Sicherheit und die Leistung zu optimieren, sondern auch die visuelle Harmonie Ihres Au\u00dfenbereichs","robots":{"index":"index","follow":"follow","max-snippet":"max-snippet:-1","max-image-preview":"max-image-preview:large","max-video-preview":"max-video-preview:-1"},"canonical":"https:\/\/coverseal.be\/de\/ufaq\/ist-der-coverseal-schutz-in-standarddimensionen-verfuegbar\/","og_locale":"de_DE","og_type":"article","og_title":"Ist der Coverseal-Schutz in Standarddimensionen verf\u00fcgbar? | Coverseal","og_description":"Dieser Ansatz erm\u00f6glicht es nicht nur, die Sicherheit und die Leistung zu optimieren, sondern auch die visuelle Harmonie Ihres Au\u00dfenbereichs","og_url":"https:\/\/coverseal.be\/de\/ufaq\/ist-der-coverseal-schutz-in-standarddimensionen-verfuegbar\/","og_site_name":"Coverseal","article_modified_time":"2025-10-29T20:37:38+00:00","twitter_card":"summary_large_image","twitter_misc":{"Gesch\u00e4tzte Lesezeit":"1\u00a0Minute"},"schema":{"@context":"https:\/\/schema.org","@graph":[{"@type":"WebPage","@id":"https:\/\/coverseal.be\/de\/ufaq\/ist-der-coverseal-schutz-in-standarddimensionen-verfuegbar\/","url":"https:\/\/coverseal.be\/de\/ufaq\/ist-der-coverseal-schutz-in-standarddimensionen-verfuegbar\/","name":"Ist der Coverseal-Schutz in Standarddimensionen verf\u00fcgbar? | Coverseal","isPartOf":{"@id":"https:\/\/coverseal.be\/de\/#website"},"datePublished":"2025-05-27T10:10:40+00:00","dateModified":"2025-10-29T20:37:38+00:00","description":"Dieser Ansatz erm\u00f6glicht es nicht nur, die Sicherheit und die Leistung zu optimieren, sondern auch die visuelle Harmonie Ihres Au\u00dfenbereichs","breadcrumb":{"@id":"https:\/\/coverseal.be\/de\/ufaq\/ist-der-coverseal-schutz-in-standarddimensionen-verfuegbar\/#breadcrumb"},"inLanguage":"de","potentialAction":[{"@type":"ReadAction","target":["https:\/\/coverseal.be\/de\/ufaq\/ist-der-coverseal-schutz-in-standarddimensionen-verfuegbar\/"]}]},{"@type":"BreadcrumbList","@id":"https:\/\/coverseal.be\/de\/ufaq\/ist-der-coverseal-schutz-in-standarddimensionen-verfuegbar\/#breadcrumb","itemListElement":[{"@type":"ListItem","position":1,"name":"Accueil","item":"https:\/\/coverseal.be\/de\/"},{"@type":"ListItem","position":2,"name":"FAQs","item":"https:\/\/coverseal.be\/de\/ufaq\/"},{"@type":"ListItem","position":3,"name":"Ist der Coverseal-Schutz in Standarddimensionen verf\u00fcgbar?"}]},{"@type":"WebSite","@id":"https:\/\/coverseal.be\/de\/#website","url":"https:\/\/coverseal.be\/de\/","name":"Coverseal","description":"","potentialAction":[{"@type":"SearchAction","target":{"@type":"EntryPoint","urlTemplate":"https:\/\/coverseal.be\/de\/?s={search_term_string}"},"query-input":{"@type":"PropertyValueSpecification","valueRequired":true,"valueName":"search_term_string"}}],"inLanguage":"de"}]}},"_links":{"self":[{"href":"https:\/\/coverseal.be\/de\/wp-json\/wp\/v2\/ufaq\/10439","targetHints":{"allow":["GET"]}}],"collection":[{"href":"https:\/\/coverseal.be\/de\/wp-json\/wp\/v2\/ufaq"}],"about":[{"href":"https:\/\/coverseal.be\/de\/wp-json\/wp\/v2\/types\/ufaq"}],"author":[{"embeddable":true,"href":"https:\/\/coverseal.be\/de\/wp-json\/wp\/v2\/users\/19"}],"replies":[{"embeddable":true,"href":"https:\/\/coverseal.be\/de\/wp-json\/wp\/v2\/comments?post=10439"}],"wp:attachment":[{"href":"https:\/\/coverseal.be\/de\/wp-json\/wp\/v2\/media?parent=10439"}],"wp:term":[{"taxonomy":"ufaq-category","embeddable":true,"href":"https:\/\/coverseal.be\/de\/wp-json\/wp\/v2\/ufaq-category?post=10439"},{"taxonomy":"ufaq-tag","embeddable":true,"href":"https:\/\/coverseal.be\/de\/wp-json\/wp\/v2\/ufaq-tag?post=10439"}],"curies":[{"name":"wp","href":"https:\/\/api.w.org\/{rel}","templated":true}]}}

Ist der Coverseal-Schutz in Standarddimensionen verfügbar?

<style>.ewd-ufaq-post-margin-symbol { color: #7f351b !important; }.ewd-ufaq-faq-title .ewd-ufaq-post-margin-symbol span { font-size: 22px !important; }div.ewd-ufaq-faq-title h5 { font-family: Lexend !important; }div.ewd-ufaq-faq-title h5 { font-size: 20px !important; }</style><div  class="ewd-ufaq-faq-list ewd-ufaq-page-type-infinite_scroll ewd-ufaq-category-tabs-" id='ewd-ufaq-faq-list'>

	<input type='hidden' name='show_on_load' value='' id='ewd-ufaq-show-on-load' />
<input type='hidden' name='include_category' value='' id='ewd-ufaq-include-category' />
<input type='hidden' name='exclude_category' value='' id='ewd-ufaq-exclude-category' />
<input type='hidden' name='orderby' value='title' id='ewd-ufaq-orderby' />
<input type='hidden' name='order' value='asc' id='ewd-ufaq-order' />
<input type='hidden' name='post_count' value='-1' id='ewd-ufaq-post-count' />
<input type='hidden' name='current_url' value='/de/wp-json/wp/v2/ufaq/10439' id='ewd-ufaq-current-url' />
	
	
	<div class='ewd-ufaq-faqs'>

		<div  class="ewd-ufaq-faq-div ewd-ufaq-faq-column-count-one ewd-ufaq-faq-responsive-columns- ewd-ufaq-faq-display-style-default ewd-ufaq-can-be-toggled" id='ewd-ufaq-post-10439-56kDGCIdHV' data-post_id='10439'>

		
	<div class='ewd-ufaq-faq-title ewd-ufaq-faq-toggle'>
	
	<a class='ewd-ufaq-post-margin'  href='#' role="button">

		<div class='ewd-ufaq-post-margin-symbol ewd-ufaq-'>
			<span >B</span>
		</div>

		<div class='ewd-ufaq-faq-title-text'>

			<h5>
				Ist der Coverseal-Schutz in Standarddimensionen verfügbar?			</h5>

		</div>

		<div class='ewd-ufaq-clear'></div>

	</a>
	
</div>
	
	<div class='ewd-ufaq-faq-body' >

		
			<div class='ewd-ufaq-faq-categories'>
	
	Kategorie:
	
		Allgemeines
	
</div>
		
			<div class='ewd-ufaq-post-margin ewd-ufaq-faq-post'>
	<div class="ewa-rteLine">
<div class="ewa-rteLine">
<div class="ewa-rteLine">
<p>Nein. Jede Coverseal-Abdeckung wird in Abhängigkeit von den Besonderheiten Ihres Swimmingpools. Ihrem Umfeld und Ihren ästhetischen Vorlieben ganzheitlich maßgeschneidert. Keines der Formate ist vordefiniert: Jede Auslegung wird bis ins kleinste Detail personalisiert, um die einwandfreie Integration und einen kompromisslosen Schutz zu gewährleisten.</p>
<p>Dieser Ansatz ermöglicht es nicht nur, die Sicherheit und die Leistung zu optimieren, sondern auch die visuelle Harmonie Ihres Außenbereichs zu gewährleisten. Die Coverseal passt sich an Ihren Bereich an und versucht keineswegs, in den Vordergrund zu treten.</p>
</div>
</div>
</div>
</div>
		
			
		
			
		
			
		
			
		
			
		
			
		
			
		
			
		
	</div>

</div>
	</div>

	
</div>

<p>B Ist der Coverseal-Schutz in Standarddimensionen verfügbar? Kategorie: Allgemeines Nein. Jede Coverseal-Abdeckung wird in Abhängigkeit von den Besonderheiten Ihres Swimmingpools. Ihrem Umfeld und Ihren ästhetischen Vorlieben ganzheitlich maßgeschneidert. Keines der Formate ist vordefiniert: Jede Auslegung wird bis ins kleinste Detail personalisiert, um die einwandfreie Integration und einen kompromisslosen Schutz zu gewährleisten. Dieser Ansatz ermöglicht es [&hellip;]</p>

<!-- This site is optimized with the Yoast SEO plugin v27.5 - https://yoast.com/product/yoast-seo-wordpress/ -->
<title>Ist der Coverseal-Schutz in Standarddimensionen verfügbar? | Coverseal</title>
<meta name="description" content="Dieser Ansatz ermöglicht es nicht nur, die Sicherheit und die Leistung zu optimieren, sondern auch die visuelle Harmonie Ihres Außenbereichs" />
<meta name="robots" content="index, follow, max-snippet:-1, max-image-preview:large, max-video-preview:-1" />
<link rel="canonical" href="https://coverseal.be/de/ufaq/ist-der-coverseal-schutz-in-standarddimensionen-verfuegbar/" />
<meta property="og:locale" content="de_DE" />
<meta property="og:type" content="article" />
<meta property="og:title" content="Ist der Coverseal-Schutz in Standarddimensionen verfügbar? | Coverseal" />
<meta property="og:description" content="Dieser Ansatz ermöglicht es nicht nur, die Sicherheit und die Leistung zu optimieren, sondern auch die visuelle Harmonie Ihres Außenbereichs" />
<meta property="og:url" content="https://coverseal.be/de/ufaq/ist-der-coverseal-schutz-in-standarddimensionen-verfuegbar/" />
<meta property="og:site_name" content="Coverseal" />
<meta property="article:modified_time" content="2025-10-29T20:37:38+00:00" />
<meta name="twitter:card" content="summary_large_image" />
<meta name="twitter:label1" content="Geschätzte Lesezeit" />
	<meta name="twitter:data1" content="1 Minute" />
<script type="application/ld+json" class="yoast-schema-graph">{"@context":"https:\/\/schema.org","@graph":[{"@type":"WebPage","@id":"https:\/\/coverseal.be\/de\/ufaq\/ist-der-coverseal-schutz-in-standarddimensionen-verfuegbar\/","url":"https:\/\/coverseal.be\/de\/ufaq\/ist-der-coverseal-schutz-in-standarddimensionen-verfuegbar\/","name":"Ist der Coverseal-Schutz in Standarddimensionen verfügbar? | Coverseal","isPartOf":{"@id":"https:\/\/coverseal.be\/de\/#website"},"datePublished":"2025-05-27T10:10:40+00:00","dateModified":"2025-10-29T20:37:38+00:00","description":"Dieser Ansatz ermöglicht es nicht nur, die Sicherheit und die Leistung zu optimieren, sondern auch die visuelle Harmonie Ihres Außenbereichs","breadcrumb":{"@id":"https:\/\/coverseal.be\/de\/ufaq\/ist-der-coverseal-schutz-in-standarddimensionen-verfuegbar\/#breadcrumb"},"inLanguage":"de","potentialAction":[{"@type":"ReadAction","target":["https:\/\/coverseal.be\/de\/ufaq\/ist-der-coverseal-schutz-in-standarddimensionen-verfuegbar\/"]}]},{"@type":"BreadcrumbList","@id":"https:\/\/coverseal.be\/de\/ufaq\/ist-der-coverseal-schutz-in-standarddimensionen-verfuegbar\/#breadcrumb","itemListElement":[{"@type":"ListItem","position":1,"name":"Accueil","item":"https:\/\/coverseal.be\/de\/"},{"@type":"ListItem","position":2,"name":"FAQs","item":"https:\/\/coverseal.be\/de\/ufaq\/"},{"@type":"ListItem","position":3,"name":"Ist der Coverseal-Schutz in Standarddimensionen verfügbar?"}]},{"@type":"WebSite","@id":"https:\/\/coverseal.be\/de\/#website","url":"https:\/\/coverseal.be\/de\/","name":"Coverseal","description":"","potentialAction":[{"@type":"SearchAction","target":{"@type":"EntryPoint","urlTemplate":"https:\/\/coverseal.be\/de\/?s={search_term_string}"},"query-input":{"@type":"PropertyValueSpecification","valueRequired":true,"valueName":"search_term_string"}}],"inLanguage":"de"}]}</script>
<!-- / Yoast SEO plugin. -->

Ist der Coverseal-Schutz in Standarddimensionen verfügbar? | Coverseal

Dieser Ansatz ermöglicht es nicht nur, die Sicherheit und die Leistung zu optimieren, sondern auch die visuelle Harmonie Ihres Außenbereichs
