{"id":10438,"date":"2025-05-27T12:12:22","date_gmt":"2025-05-27T10:12:22","guid":{"rendered":"https:\/\/coverseal.be\/ufaq\/la-protection-de-piscine-coverseal-supprime-t-elle-la-photosynthese\/"},"modified":"2025-10-29T21:34:56","modified_gmt":"2025-10-29T20:34:56","slug":"hebt-die-coverseal-die-photosynthese-auf","status":"publish","type":"ufaq","link":"https:\/\/coverseal.be\/de\/ufaq\/hebt-die-coverseal-die-photosynthese-auf\/","title":{"rendered":"Hebt die Coverseal die Photosynthese auf?"},"content":{"rendered":"<style>.ewd-ufaq-post-margin-symbol { color: #7f351b !important; }.ewd-ufaq-faq-title .ewd-ufaq-post-margin-symbol span { font-size: 22px !important; }div.ewd-ufaq-faq-title h5 { font-family: Lexend !important; }div.ewd-ufaq-faq-title h5 { font-size: 20px !important; }<\/style><div  class=\"ewd-ufaq-faq-list ewd-ufaq-page-type-infinite_scroll ewd-ufaq-category-tabs-\" id='ewd-ufaq-faq-list'>\n\n\t<input type='hidden' name='show_on_load' value='' id='ewd-ufaq-show-on-load' \/>\n<input type='hidden' name='include_category' value='' id='ewd-ufaq-include-category' \/>\n<input type='hidden' name='exclude_category' value='' id='ewd-ufaq-exclude-category' \/>\n<input type='hidden' name='orderby' value='title' id='ewd-ufaq-orderby' \/>\n<input type='hidden' name='order' value='asc' id='ewd-ufaq-order' \/>\n<input type='hidden' name='post_count' value='-1' id='ewd-ufaq-post-count' \/>\n<input type='hidden' name='current_url' value='\/de\/wp-json\/wp\/v2\/ufaq\/10438' id='ewd-ufaq-current-url' \/>\n\t\n\t\n\t<div class='ewd-ufaq-faqs'>\n\n\t\t<div  class=\"ewd-ufaq-faq-div ewd-ufaq-faq-column-count-one ewd-ufaq-faq-responsive-columns- ewd-ufaq-faq-display-style-default ewd-ufaq-can-be-toggled\" id='ewd-ufaq-post-10438-b5Mp8i1AXP' data-post_id='10438'>\n\n\t\t\n\t<div class='ewd-ufaq-faq-title ewd-ufaq-faq-toggle'>\n\t\n\t<a class='ewd-ufaq-post-margin'  href='#' role=\"button\">\n\n\t\t<div class='ewd-ufaq-post-margin-symbol ewd-ufaq-'>\n\t\t\t<span >B<\/span>\n\t\t<\/div>\n\n\t\t<div class='ewd-ufaq-faq-title-text'>\n\n\t\t\t<h5>\n\t\t\t\tHebt die Coverseal die Photosynthese auf?\t\t\t<\/h5>\n\n\t\t<\/div>\n\n\t\t<div class='ewd-ufaq-clear'><\/div>\n\n\t<\/a>\n\t\n<\/div>\n\t\n\t<div class='ewd-ufaq-faq-body' >\n\n\t\t\n\t\t\t<div class='ewd-ufaq-faq-categories'>\n\t\n\tKategorie:\n\t\n\t\tAllgemeines\n\t\n<\/div>\n\t\t\n\t\t\t<div class='ewd-ufaq-post-margin ewd-ufaq-faq-post'>\n\t<div class=\"ewa-rteLine\">\n<p>Die Coverseal erm\u00f6glicht eine effiziente Einschr\u00e4nkung der Photosynthese, um die Reinheit und die Ausgewogenheit des Wassers zu bewahren. Mit der Verringerung der Sonneneinstrahlung auf das Becken und der Unreinheiten kann der Wasserindex stabiler gehalten werden, sodass das Wasser bei der Ber\u00fchrung angenehmer ist und einen einwandfreien visuellen Eindruck vermittelt.<\/p>\n<p>Dieser optimale Schutz erm\u00f6glicht es Ihnen fernerhin, die Verwendung von Aufbereitungsmitteln einzuschr\u00e4nken, die zumeist kostspielig, wenig umweltfreundlich und hautreizend sind, um ein gesundes und komfortables Badevergn\u00fcgen zu gew\u00e4hrleisten.<\/p>\n<\/div>\n<\/div>\n\t\t\n\t\t\t\n\t\t\n\t\t\t\n\t\t\n\t\t\t\n\t\t\n\t\t\t\n\t\t\n\t\t\t\n\t\t\n\t\t\t\n\t\t\n\t\t\t\n\t\t\n\t\t\t\n\t\t\n\t<\/div>\n\n<\/div>\n\t<\/div>\n\n\t\n<\/div>","protected":false},"excerpt":{"rendered":"<p>B Hebt die Coverseal die Photosynthese auf? Kategorie: Allgemeines Die Coverseal erm\u00f6glicht eine effiziente Einschr\u00e4nkung der Photosynthese, um die Reinheit und die Ausgewogenheit des Wassers zu bewahren. Mit der Verringerung der Sonneneinstrahlung auf das Becken und der Unreinheiten kann der Wasserindex stabiler gehalten werden, sodass das Wasser bei der Ber\u00fchrung angenehmer ist und einen einwandfreien [&hellip;]<\/p>\n","protected":false},"author":19,"featured_media":0,"comment_status":"closed","ping_status":"closed","template":"","ufaq-category":[70],"ufaq-tag":[],"class_list":["post-10438","ufaq","type-ufaq","status-publish","hentry","ufaq-category-allgemeines"],"yoast_head":"<!-- This site is optimized with the Yoast SEO plugin v27.5 - https:\/\/yoast.com\/product\/yoast-seo-wordpress\/ -->\n<title>Hebt die Coverseal die Photosynthese auf? | Coverseal<\/title>\n<meta name=\"description\" content=\"Die Coverseal erm\u00f6glicht eine effiziente Einschr\u00e4nkung der Photosynthese, um die Reinheit und die Ausgewogenheit des Wassers zu bewahren.\" \/>\n<meta name=\"robots\" content=\"index, follow, max-snippet:-1, max-image-preview:large, max-video-preview:-1\" \/>\n<link rel=\"canonical\" href=\"https:\/\/coverseal.be\/de\/ufaq\/hebt-die-coverseal-die-photosynthese-auf\/\" \/>\n<meta property=\"og:locale\" content=\"de_DE\" \/>\n<meta property=\"og:type\" content=\"article\" \/>\n<meta property=\"og:title\" content=\"Hebt die Coverseal die Photosynthese auf? | Coverseal\" \/>\n<meta property=\"og:description\" content=\"Die Coverseal erm\u00f6glicht eine effiziente Einschr\u00e4nkung der Photosynthese, um die Reinheit und die Ausgewogenheit des Wassers zu bewahren.\" \/>\n<meta property=\"og:url\" content=\"https:\/\/coverseal.be\/de\/ufaq\/hebt-die-coverseal-die-photosynthese-auf\/\" \/>\n<meta property=\"og:site_name\" content=\"Coverseal\" \/>\n<meta property=\"article:modified_time\" content=\"2025-10-29T20:34:56+00:00\" \/>\n<meta name=\"twitter:card\" content=\"summary_large_image\" \/>\n<meta name=\"twitter:label1\" content=\"Gesch\u00e4tzte Lesezeit\" \/>\n\t<meta name=\"twitter:data1\" content=\"1\u00a0Minute\" \/>\n<script type=\"application\/ld+json\" class=\"yoast-schema-graph\">{\"@context\":\"https:\\\/\\\/schema.org\",\"@graph\":[{\"@type\":\"WebPage\",\"@id\":\"https:\\\/\\\/coverseal.be\\\/de\\\/ufaq\\\/hebt-die-coverseal-die-photosynthese-auf\\\/\",\"url\":\"https:\\\/\\\/coverseal.be\\\/de\\\/ufaq\\\/hebt-die-coverseal-die-photosynthese-auf\\\/\",\"name\":\"Hebt die Coverseal die Photosynthese auf? | Coverseal\",\"isPartOf\":{\"@id\":\"https:\\\/\\\/coverseal.be\\\/de\\\/#website\"},\"datePublished\":\"2025-05-27T10:12:22+00:00\",\"dateModified\":\"2025-10-29T20:34:56+00:00\",\"description\":\"Die Coverseal erm\u00f6glicht eine effiziente Einschr\u00e4nkung der Photosynthese, um die Reinheit und die Ausgewogenheit des Wassers zu bewahren.\",\"breadcrumb\":{\"@id\":\"https:\\\/\\\/coverseal.be\\\/de\\\/ufaq\\\/hebt-die-coverseal-die-photosynthese-auf\\\/#breadcrumb\"},\"inLanguage\":\"de\",\"potentialAction\":[{\"@type\":\"ReadAction\",\"target\":[\"https:\\\/\\\/coverseal.be\\\/de\\\/ufaq\\\/hebt-die-coverseal-die-photosynthese-auf\\\/\"]}]},{\"@type\":\"BreadcrumbList\",\"@id\":\"https:\\\/\\\/coverseal.be\\\/de\\\/ufaq\\\/hebt-die-coverseal-die-photosynthese-auf\\\/#breadcrumb\",\"itemListElement\":[{\"@type\":\"ListItem\",\"position\":1,\"name\":\"Accueil\",\"item\":\"https:\\\/\\\/coverseal.be\\\/de\\\/\"},{\"@type\":\"ListItem\",\"position\":2,\"name\":\"FAQs\",\"item\":\"https:\\\/\\\/coverseal.be\\\/de\\\/ufaq\\\/\"},{\"@type\":\"ListItem\",\"position\":3,\"name\":\"Hebt die Coverseal die Photosynthese auf?\"}]},{\"@type\":\"WebSite\",\"@id\":\"https:\\\/\\\/coverseal.be\\\/de\\\/#website\",\"url\":\"https:\\\/\\\/coverseal.be\\\/de\\\/\",\"name\":\"Coverseal\",\"description\":\"\",\"potentialAction\":[{\"@type\":\"SearchAction\",\"target\":{\"@type\":\"EntryPoint\",\"urlTemplate\":\"https:\\\/\\\/coverseal.be\\\/de\\\/?s={search_term_string}\"},\"query-input\":{\"@type\":\"PropertyValueSpecification\",\"valueRequired\":true,\"valueName\":\"search_term_string\"}}],\"inLanguage\":\"de\"}]}<\/script>\n<!-- \/ Yoast SEO plugin. -->","yoast_head_json":{"title":"Hebt die Coverseal die Photosynthese auf? | Coverseal","description":"Die Coverseal erm\u00f6glicht eine effiziente Einschr\u00e4nkung der Photosynthese, um die Reinheit und die Ausgewogenheit des Wassers zu bewahren.","robots":{"index":"index","follow":"follow","max-snippet":"max-snippet:-1","max-image-preview":"max-image-preview:large","max-video-preview":"max-video-preview:-1"},"canonical":"https:\/\/coverseal.be\/de\/ufaq\/hebt-die-coverseal-die-photosynthese-auf\/","og_locale":"de_DE","og_type":"article","og_title":"Hebt die Coverseal die Photosynthese auf? | Coverseal","og_description":"Die Coverseal erm\u00f6glicht eine effiziente Einschr\u00e4nkung der Photosynthese, um die Reinheit und die Ausgewogenheit des Wassers zu bewahren.","og_url":"https:\/\/coverseal.be\/de\/ufaq\/hebt-die-coverseal-die-photosynthese-auf\/","og_site_name":"Coverseal","article_modified_time":"2025-10-29T20:34:56+00:00","twitter_card":"summary_large_image","twitter_misc":{"Gesch\u00e4tzte Lesezeit":"1\u00a0Minute"},"schema":{"@context":"https:\/\/schema.org","@graph":[{"@type":"WebPage","@id":"https:\/\/coverseal.be\/de\/ufaq\/hebt-die-coverseal-die-photosynthese-auf\/","url":"https:\/\/coverseal.be\/de\/ufaq\/hebt-die-coverseal-die-photosynthese-auf\/","name":"Hebt die Coverseal die Photosynthese auf? | Coverseal","isPartOf":{"@id":"https:\/\/coverseal.be\/de\/#website"},"datePublished":"2025-05-27T10:12:22+00:00","dateModified":"2025-10-29T20:34:56+00:00","description":"Die Coverseal erm\u00f6glicht eine effiziente Einschr\u00e4nkung der Photosynthese, um die Reinheit und die Ausgewogenheit des Wassers zu bewahren.","breadcrumb":{"@id":"https:\/\/coverseal.be\/de\/ufaq\/hebt-die-coverseal-die-photosynthese-auf\/#breadcrumb"},"inLanguage":"de","potentialAction":[{"@type":"ReadAction","target":["https:\/\/coverseal.be\/de\/ufaq\/hebt-die-coverseal-die-photosynthese-auf\/"]}]},{"@type":"BreadcrumbList","@id":"https:\/\/coverseal.be\/de\/ufaq\/hebt-die-coverseal-die-photosynthese-auf\/#breadcrumb","itemListElement":[{"@type":"ListItem","position":1,"name":"Accueil","item":"https:\/\/coverseal.be\/de\/"},{"@type":"ListItem","position":2,"name":"FAQs","item":"https:\/\/coverseal.be\/de\/ufaq\/"},{"@type":"ListItem","position":3,"name":"Hebt die Coverseal die Photosynthese auf?"}]},{"@type":"WebSite","@id":"https:\/\/coverseal.be\/de\/#website","url":"https:\/\/coverseal.be\/de\/","name":"Coverseal","description":"","potentialAction":[{"@type":"SearchAction","target":{"@type":"EntryPoint","urlTemplate":"https:\/\/coverseal.be\/de\/?s={search_term_string}"},"query-input":{"@type":"PropertyValueSpecification","valueRequired":true,"valueName":"search_term_string"}}],"inLanguage":"de"}]}},"_links":{"self":[{"href":"https:\/\/coverseal.be\/de\/wp-json\/wp\/v2\/ufaq\/10438","targetHints":{"allow":["GET"]}}],"collection":[{"href":"https:\/\/coverseal.be\/de\/wp-json\/wp\/v2\/ufaq"}],"about":[{"href":"https:\/\/coverseal.be\/de\/wp-json\/wp\/v2\/types\/ufaq"}],"author":[{"embeddable":true,"href":"https:\/\/coverseal.be\/de\/wp-json\/wp\/v2\/users\/19"}],"replies":[{"embeddable":true,"href":"https:\/\/coverseal.be\/de\/wp-json\/wp\/v2\/comments?post=10438"}],"wp:attachment":[{"href":"https:\/\/coverseal.be\/de\/wp-json\/wp\/v2\/media?parent=10438"}],"wp:term":[{"taxonomy":"ufaq-category","embeddable":true,"href":"https:\/\/coverseal.be\/de\/wp-json\/wp\/v2\/ufaq-category?post=10438"},{"taxonomy":"ufaq-tag","embeddable":true,"href":"https:\/\/coverseal.be\/de\/wp-json\/wp\/v2\/ufaq-tag?post=10438"}],"curies":[{"name":"wp","href":"https:\/\/api.w.org\/{rel}","templated":true}]}}

<style>.ewd-ufaq-post-margin-symbol { color: #7f351b !important; }.ewd-ufaq-faq-title .ewd-ufaq-post-margin-symbol span { font-size: 22px !important; }div.ewd-ufaq-faq-title h5 { font-family: Lexend !important; }div.ewd-ufaq-faq-title h5 { font-size: 20px !important; }</style><div  class="ewd-ufaq-faq-list ewd-ufaq-page-type-infinite_scroll ewd-ufaq-category-tabs-" id='ewd-ufaq-faq-list'>

	<input type='hidden' name='show_on_load' value='' id='ewd-ufaq-show-on-load' />
<input type='hidden' name='include_category' value='' id='ewd-ufaq-include-category' />
<input type='hidden' name='exclude_category' value='' id='ewd-ufaq-exclude-category' />
<input type='hidden' name='orderby' value='title' id='ewd-ufaq-orderby' />
<input type='hidden' name='order' value='asc' id='ewd-ufaq-order' />
<input type='hidden' name='post_count' value='-1' id='ewd-ufaq-post-count' />
<input type='hidden' name='current_url' value='/de/wp-json/wp/v2/ufaq/10438' id='ewd-ufaq-current-url' />
	
	
	<div class='ewd-ufaq-faqs'>

		<div  class="ewd-ufaq-faq-div ewd-ufaq-faq-column-count-one ewd-ufaq-faq-responsive-columns- ewd-ufaq-faq-display-style-default ewd-ufaq-can-be-toggled" id='ewd-ufaq-post-10438-b5Mp8i1AXP' data-post_id='10438'>

		
	<div class='ewd-ufaq-faq-title ewd-ufaq-faq-toggle'>
	
	<a class='ewd-ufaq-post-margin'  href='#' role="button">

		<div class='ewd-ufaq-post-margin-symbol ewd-ufaq-'>
			<span >B</span>
		</div>

		<div class='ewd-ufaq-faq-title-text'>

			<h5>
				Hebt die Coverseal die Photosynthese auf?			</h5>

		</div>

		<div class='ewd-ufaq-clear'></div>

	</a>
	
</div>
	
	<div class='ewd-ufaq-faq-body' >

		
			<div class='ewd-ufaq-faq-categories'>
	
	Kategorie:
	
		Allgemeines
	
</div>
		
			<div class='ewd-ufaq-post-margin ewd-ufaq-faq-post'>
	<div class="ewa-rteLine">
<p>Die Coverseal ermöglicht eine effiziente Einschränkung der Photosynthese, um die Reinheit und die Ausgewogenheit des Wassers zu bewahren. Mit der Verringerung der Sonneneinstrahlung auf das Becken und der Unreinheiten kann der Wasserindex stabiler gehalten werden, sodass das Wasser bei der Berührung angenehmer ist und einen einwandfreien visuellen Eindruck vermittelt.</p>
<p>Dieser optimale Schutz ermöglicht es Ihnen fernerhin, die Verwendung von Aufbereitungsmitteln einzuschränken, die zumeist kostspielig, wenig umweltfreundlich und hautreizend sind, um ein gesundes und komfortables Badevergnügen zu gewährleisten.</p>
</div>
</div>
		
			
		
			
		
			
		
			
		
			
		
			
		
			
		
			
		
	</div>

</div>
	</div>

	
</div>

<p>B Hebt die Coverseal die Photosynthese auf? Kategorie: Allgemeines Die Coverseal ermöglicht eine effiziente Einschränkung der Photosynthese, um die Reinheit und die Ausgewogenheit des Wassers zu bewahren. Mit der Verringerung der Sonneneinstrahlung auf das Becken und der Unreinheiten kann der Wasserindex stabiler gehalten werden, sodass das Wasser bei der Berührung angenehmer ist und einen einwandfreien [&hellip;]</p>

<!-- This site is optimized with the Yoast SEO plugin v27.5 - https://yoast.com/product/yoast-seo-wordpress/ -->
<title>Hebt die Coverseal die Photosynthese auf? | Coverseal</title>
<meta name="description" content="Die Coverseal ermöglicht eine effiziente Einschränkung der Photosynthese, um die Reinheit und die Ausgewogenheit des Wassers zu bewahren." />
<meta name="robots" content="index, follow, max-snippet:-1, max-image-preview:large, max-video-preview:-1" />
<link rel="canonical" href="https://coverseal.be/de/ufaq/hebt-die-coverseal-die-photosynthese-auf/" />
<meta property="og:locale" content="de_DE" />
<meta property="og:type" content="article" />
<meta property="og:title" content="Hebt die Coverseal die Photosynthese auf? | Coverseal" />
<meta property="og:description" content="Die Coverseal ermöglicht eine effiziente Einschränkung der Photosynthese, um die Reinheit und die Ausgewogenheit des Wassers zu bewahren." />
<meta property="og:url" content="https://coverseal.be/de/ufaq/hebt-die-coverseal-die-photosynthese-auf/" />
<meta property="og:site_name" content="Coverseal" />
<meta property="article:modified_time" content="2025-10-29T20:34:56+00:00" />
<meta name="twitter:card" content="summary_large_image" />
<meta name="twitter:label1" content="Geschätzte Lesezeit" />
	<meta name="twitter:data1" content="1 Minute" />
<script type="application/ld+json" class="yoast-schema-graph">{"@context":"https:\/\/schema.org","@graph":[{"@type":"WebPage","@id":"https:\/\/coverseal.be\/de\/ufaq\/hebt-die-coverseal-die-photosynthese-auf\/","url":"https:\/\/coverseal.be\/de\/ufaq\/hebt-die-coverseal-die-photosynthese-auf\/","name":"Hebt die Coverseal die Photosynthese auf? | Coverseal","isPartOf":{"@id":"https:\/\/coverseal.be\/de\/#website"},"datePublished":"2025-05-27T10:12:22+00:00","dateModified":"2025-10-29T20:34:56+00:00","description":"Die Coverseal ermöglicht eine effiziente Einschränkung der Photosynthese, um die Reinheit und die Ausgewogenheit des Wassers zu bewahren.","breadcrumb":{"@id":"https:\/\/coverseal.be\/de\/ufaq\/hebt-die-coverseal-die-photosynthese-auf\/#breadcrumb"},"inLanguage":"de","potentialAction":[{"@type":"ReadAction","target":["https:\/\/coverseal.be\/de\/ufaq\/hebt-die-coverseal-die-photosynthese-auf\/"]}]},{"@type":"BreadcrumbList","@id":"https:\/\/coverseal.be\/de\/ufaq\/hebt-die-coverseal-die-photosynthese-auf\/#breadcrumb","itemListElement":[{"@type":"ListItem","position":1,"name":"Accueil","item":"https:\/\/coverseal.be\/de\/"},{"@type":"ListItem","position":2,"name":"FAQs","item":"https:\/\/coverseal.be\/de\/ufaq\/"},{"@type":"ListItem","position":3,"name":"Hebt die Coverseal die Photosynthese auf?"}]},{"@type":"WebSite","@id":"https:\/\/coverseal.be\/de\/#website","url":"https:\/\/coverseal.be\/de\/","name":"Coverseal","description":"","potentialAction":[{"@type":"SearchAction","target":{"@type":"EntryPoint","urlTemplate":"https:\/\/coverseal.be\/de\/?s={search_term_string}"},"query-input":{"@type":"PropertyValueSpecification","valueRequired":true,"valueName":"search_term_string"}}],"inLanguage":"de"}]}</script>
<!-- / Yoast SEO plugin. -->

Die Coverseal ermöglicht eine effiziente Einschränkung der Photosynthese, um die Reinheit und die Ausgewogenheit des Wassers zu bewahren.
