{"id":10416,"date":"2025-05-27T12:18:29","date_gmt":"2025-05-27T10:18:29","guid":{"rendered":"https:\/\/coverseal.be\/ufaq\/quest-ce-que-linterrupteur-dhivernage-quand-dois-je-le-mettre-sur-off\/"},"modified":"2025-10-29T21:04:39","modified_gmt":"2025-10-29T20:04:39","slug":"was-verbirgt-sich-hinter-dem-ueberwinterungsschalter-wann-muss-ich-ihn-auf-off-stellen","status":"publish","type":"ufaq","link":"https:\/\/coverseal.be\/de\/ufaq\/was-verbirgt-sich-hinter-dem-ueberwinterungsschalter-wann-muss-ich-ihn-auf-off-stellen\/","title":{"rendered":"Was verbirgt sich hinter dem \u00dcberwinterungsschalter? Wann muss ich ihn auf OFF stellen?"},"content":{"rendered":"<style>.ewd-ufaq-post-margin-symbol { color: #7f351b !important; }.ewd-ufaq-faq-title .ewd-ufaq-post-margin-symbol span { font-size: 22px !important; }div.ewd-ufaq-faq-title h5 { font-family: Lexend !important; }div.ewd-ufaq-faq-title h5 { font-size: 20px !important; }<\/style><div  class=\"ewd-ufaq-faq-list ewd-ufaq-page-type-infinite_scroll ewd-ufaq-category-tabs-\" id='ewd-ufaq-faq-list'>\n\n\t<input type='hidden' name='show_on_load' value='' id='ewd-ufaq-show-on-load' \/>\n<input type='hidden' name='include_category' value='' id='ewd-ufaq-include-category' \/>\n<input type='hidden' name='exclude_category' value='' id='ewd-ufaq-exclude-category' \/>\n<input type='hidden' name='orderby' value='title' id='ewd-ufaq-orderby' \/>\n<input type='hidden' name='order' value='asc' id='ewd-ufaq-order' \/>\n<input type='hidden' name='post_count' value='-1' id='ewd-ufaq-post-count' \/>\n<input type='hidden' name='current_url' value='\/de\/wp-json\/wp\/v2\/ufaq\/10416' id='ewd-ufaq-current-url' \/>\n\t\n\t\n\t<div class='ewd-ufaq-faqs'>\n\n\t\t<div  class=\"ewd-ufaq-faq-div ewd-ufaq-faq-column-count-one ewd-ufaq-faq-responsive-columns- ewd-ufaq-faq-display-style-default ewd-ufaq-can-be-toggled\" id='ewd-ufaq-post-10416-Gkco07r6wV' data-post_id='10416'>\n\n\t\t\n\t<div class='ewd-ufaq-faq-title ewd-ufaq-faq-toggle'>\n\t\n\t<a class='ewd-ufaq-post-margin'  href='#' role=\"button\">\n\n\t\t<div class='ewd-ufaq-post-margin-symbol ewd-ufaq-'>\n\t\t\t<span >B<\/span>\n\t\t<\/div>\n\n\t\t<div class='ewd-ufaq-faq-title-text'>\n\n\t\t\t<h5>\n\t\t\t\tWas verbirgt sich hinter dem \u00dcberwinterungsschalter? Wann muss ich ihn auf OFF stellen?\t\t\t<\/h5>\n\n\t\t<\/div>\n\n\t\t<div class='ewd-ufaq-clear'><\/div>\n\n\t<\/a>\n\t\n<\/div>\n\t\n\t<div class='ewd-ufaq-faq-body' >\n\n\t\t\n\t\t\t<div class='ewd-ufaq-faq-categories'>\n\t\n\tKategorie:\n\t\n\t\tPraktische Fragen\n\t\n<\/div>\n\t\t\n\t\t\t<div class='ewd-ufaq-post-margin ewd-ufaq-faq-post'>\n\t<div class=\"ewa-rteLine\">\n<p>Bei den Automatikmodellen vorhergehender Generationen erm\u00f6glicht der \u00dcberwinterungsschalter die Desaktivierung des Empf\u00e4ngers der Fernsteuerung, um die Batterien in der kalten Jahreszeit und bei geringer Sonneneinstrahlung zu sch\u00fctzen. Es wird empfohlen, ihn in der Zeit vom 1. September bis zum 1. Mai auf OFF zu stellen. Andernfalls ist damit zu rechnen, dass die Batterien Gegenstand einer Tiefentladung sind und ersetzt werden m\u00fcssen.<\/p>\n<p>Anmerkung: Bei den neueren Ausf\u00fchrungen dieses Modells ist dieser Schalter nicht mehr vorhanden, da die Energieverwaltung optimiert wurde.<\/p>\n<\/div>\n<\/div>\n\t\t\n\t\t\t\n\t\t\n\t\t\t\n\t\t\n\t\t\t\n\t\t\n\t\t\t\n\t\t\n\t\t\t\n\t\t\n\t\t\t\n\t\t\n\t\t\t\n\t\t\n\t\t\t\n\t\t\n\t<\/div>\n\n<\/div>\n\t<\/div>\n\n\t\n<\/div>","protected":false},"excerpt":{"rendered":"<p>B Was verbirgt sich hinter dem \u00dcberwinterungsschalter? Wann muss ich ihn auf OFF stellen? Kategorie: Praktische Fragen Bei den Automatikmodellen vorhergehender Generationen erm\u00f6glicht der \u00dcberwinterungsschalter die Desaktivierung des Empf\u00e4ngers der Fernsteuerung, um die Batterien in der kalten Jahreszeit und bei geringer Sonneneinstrahlung zu sch\u00fctzen. Es wird empfohlen, ihn in der Zeit vom 1. September bis [&hellip;]<\/p>\n","protected":false},"author":19,"featured_media":0,"comment_status":"closed","ping_status":"closed","template":"","ufaq-category":[71],"ufaq-tag":[],"class_list":["post-10416","ufaq","type-ufaq","status-publish","hentry","ufaq-category-praktische-fragen"],"yoast_head":"<!-- This site is optimized with the Yoast SEO plugin v27.5 - https:\/\/yoast.com\/product\/yoast-seo-wordpress\/ -->\n<title>Was verbirgt sich hinter dem \u00dcberwinterungsschalter? Wann muss ich ihn auf OFF stellen? | Coverseal<\/title>\n<meta name=\"description\" content=\"Bei den neueren Ausf\u00fchrungen dieses Modells ist dieser Schalter nicht mehr vorhanden, da die Energieverwaltung optimiert wurde.\" \/>\n<meta name=\"robots\" content=\"index, follow, max-snippet:-1, max-image-preview:large, max-video-preview:-1\" \/>\n<link rel=\"canonical\" href=\"https:\/\/coverseal.be\/de\/ufaq\/was-verbirgt-sich-hinter-dem-ueberwinterungsschalter-wann-muss-ich-ihn-auf-off-stellen\/\" \/>\n<meta property=\"og:locale\" content=\"de_DE\" \/>\n<meta property=\"og:type\" content=\"article\" \/>\n<meta property=\"og:title\" content=\"Was verbirgt sich hinter dem \u00dcberwinterungsschalter? Wann muss ich ihn auf OFF stellen? | Coverseal\" \/>\n<meta property=\"og:description\" content=\"Bei den neueren Ausf\u00fchrungen dieses Modells ist dieser Schalter nicht mehr vorhanden, da die Energieverwaltung optimiert wurde.\" \/>\n<meta property=\"og:url\" content=\"https:\/\/coverseal.be\/de\/ufaq\/was-verbirgt-sich-hinter-dem-ueberwinterungsschalter-wann-muss-ich-ihn-auf-off-stellen\/\" \/>\n<meta property=\"og:site_name\" content=\"Coverseal\" \/>\n<meta property=\"article:modified_time\" content=\"2025-10-29T20:04:39+00:00\" \/>\n<meta name=\"twitter:card\" content=\"summary_large_image\" \/>\n<meta name=\"twitter:label1\" content=\"Gesch\u00e4tzte Lesezeit\" \/>\n\t<meta name=\"twitter:data1\" content=\"1\u00a0Minute\" \/>\n<script type=\"application\/ld+json\" class=\"yoast-schema-graph\">{\"@context\":\"https:\\\/\\\/schema.org\",\"@graph\":[{\"@type\":\"WebPage\",\"@id\":\"https:\\\/\\\/coverseal.be\\\/de\\\/ufaq\\\/was-verbirgt-sich-hinter-dem-ueberwinterungsschalter-wann-muss-ich-ihn-auf-off-stellen\\\/\",\"url\":\"https:\\\/\\\/coverseal.be\\\/de\\\/ufaq\\\/was-verbirgt-sich-hinter-dem-ueberwinterungsschalter-wann-muss-ich-ihn-auf-off-stellen\\\/\",\"name\":\"Was verbirgt sich hinter dem \u00dcberwinterungsschalter? Wann muss ich ihn auf OFF stellen? | Coverseal\",\"isPartOf\":{\"@id\":\"https:\\\/\\\/coverseal.be\\\/de\\\/#website\"},\"datePublished\":\"2025-05-27T10:18:29+00:00\",\"dateModified\":\"2025-10-29T20:04:39+00:00\",\"description\":\"Bei den neueren Ausf\u00fchrungen dieses Modells ist dieser Schalter nicht mehr vorhanden, da die Energieverwaltung optimiert wurde.\",\"breadcrumb\":{\"@id\":\"https:\\\/\\\/coverseal.be\\\/de\\\/ufaq\\\/was-verbirgt-sich-hinter-dem-ueberwinterungsschalter-wann-muss-ich-ihn-auf-off-stellen\\\/#breadcrumb\"},\"inLanguage\":\"de\",\"potentialAction\":[{\"@type\":\"ReadAction\",\"target\":[\"https:\\\/\\\/coverseal.be\\\/de\\\/ufaq\\\/was-verbirgt-sich-hinter-dem-ueberwinterungsschalter-wann-muss-ich-ihn-auf-off-stellen\\\/\"]}]},{\"@type\":\"BreadcrumbList\",\"@id\":\"https:\\\/\\\/coverseal.be\\\/de\\\/ufaq\\\/was-verbirgt-sich-hinter-dem-ueberwinterungsschalter-wann-muss-ich-ihn-auf-off-stellen\\\/#breadcrumb\",\"itemListElement\":[{\"@type\":\"ListItem\",\"position\":1,\"name\":\"Accueil\",\"item\":\"https:\\\/\\\/coverseal.be\\\/de\\\/\"},{\"@type\":\"ListItem\",\"position\":2,\"name\":\"FAQs\",\"item\":\"https:\\\/\\\/coverseal.be\\\/de\\\/ufaq\\\/\"},{\"@type\":\"ListItem\",\"position\":3,\"name\":\"Was verbirgt sich hinter dem \u00dcberwinterungsschalter? Wann muss ich ihn auf OFF stellen?\"}]},{\"@type\":\"WebSite\",\"@id\":\"https:\\\/\\\/coverseal.be\\\/de\\\/#website\",\"url\":\"https:\\\/\\\/coverseal.be\\\/de\\\/\",\"name\":\"Coverseal\",\"description\":\"\",\"potentialAction\":[{\"@type\":\"SearchAction\",\"target\":{\"@type\":\"EntryPoint\",\"urlTemplate\":\"https:\\\/\\\/coverseal.be\\\/de\\\/?s={search_term_string}\"},\"query-input\":{\"@type\":\"PropertyValueSpecification\",\"valueRequired\":true,\"valueName\":\"search_term_string\"}}],\"inLanguage\":\"de\"}]}<\/script>\n<!-- \/ Yoast SEO plugin. -->","yoast_head_json":{"title":"Was verbirgt sich hinter dem \u00dcberwinterungsschalter? Wann muss ich ihn auf OFF stellen? | Coverseal","description":"Bei den neueren Ausf\u00fchrungen dieses Modells ist dieser Schalter nicht mehr vorhanden, da die Energieverwaltung optimiert wurde.","robots":{"index":"index","follow":"follow","max-snippet":"max-snippet:-1","max-image-preview":"max-image-preview:large","max-video-preview":"max-video-preview:-1"},"canonical":"https:\/\/coverseal.be\/de\/ufaq\/was-verbirgt-sich-hinter-dem-ueberwinterungsschalter-wann-muss-ich-ihn-auf-off-stellen\/","og_locale":"de_DE","og_type":"article","og_title":"Was verbirgt sich hinter dem \u00dcberwinterungsschalter? Wann muss ich ihn auf OFF stellen? | Coverseal","og_description":"Bei den neueren Ausf\u00fchrungen dieses Modells ist dieser Schalter nicht mehr vorhanden, da die Energieverwaltung optimiert wurde.","og_url":"https:\/\/coverseal.be\/de\/ufaq\/was-verbirgt-sich-hinter-dem-ueberwinterungsschalter-wann-muss-ich-ihn-auf-off-stellen\/","og_site_name":"Coverseal","article_modified_time":"2025-10-29T20:04:39+00:00","twitter_card":"summary_large_image","twitter_misc":{"Gesch\u00e4tzte Lesezeit":"1\u00a0Minute"},"schema":{"@context":"https:\/\/schema.org","@graph":[{"@type":"WebPage","@id":"https:\/\/coverseal.be\/de\/ufaq\/was-verbirgt-sich-hinter-dem-ueberwinterungsschalter-wann-muss-ich-ihn-auf-off-stellen\/","url":"https:\/\/coverseal.be\/de\/ufaq\/was-verbirgt-sich-hinter-dem-ueberwinterungsschalter-wann-muss-ich-ihn-auf-off-stellen\/","name":"Was verbirgt sich hinter dem \u00dcberwinterungsschalter? Wann muss ich ihn auf OFF stellen? | Coverseal","isPartOf":{"@id":"https:\/\/coverseal.be\/de\/#website"},"datePublished":"2025-05-27T10:18:29+00:00","dateModified":"2025-10-29T20:04:39+00:00","description":"Bei den neueren Ausf\u00fchrungen dieses Modells ist dieser Schalter nicht mehr vorhanden, da die Energieverwaltung optimiert wurde.","breadcrumb":{"@id":"https:\/\/coverseal.be\/de\/ufaq\/was-verbirgt-sich-hinter-dem-ueberwinterungsschalter-wann-muss-ich-ihn-auf-off-stellen\/#breadcrumb"},"inLanguage":"de","potentialAction":[{"@type":"ReadAction","target":["https:\/\/coverseal.be\/de\/ufaq\/was-verbirgt-sich-hinter-dem-ueberwinterungsschalter-wann-muss-ich-ihn-auf-off-stellen\/"]}]},{"@type":"BreadcrumbList","@id":"https:\/\/coverseal.be\/de\/ufaq\/was-verbirgt-sich-hinter-dem-ueberwinterungsschalter-wann-muss-ich-ihn-auf-off-stellen\/#breadcrumb","itemListElement":[{"@type":"ListItem","position":1,"name":"Accueil","item":"https:\/\/coverseal.be\/de\/"},{"@type":"ListItem","position":2,"name":"FAQs","item":"https:\/\/coverseal.be\/de\/ufaq\/"},{"@type":"ListItem","position":3,"name":"Was verbirgt sich hinter dem \u00dcberwinterungsschalter? Wann muss ich ihn auf OFF stellen?"}]},{"@type":"WebSite","@id":"https:\/\/coverseal.be\/de\/#website","url":"https:\/\/coverseal.be\/de\/","name":"Coverseal","description":"","potentialAction":[{"@type":"SearchAction","target":{"@type":"EntryPoint","urlTemplate":"https:\/\/coverseal.be\/de\/?s={search_term_string}"},"query-input":{"@type":"PropertyValueSpecification","valueRequired":true,"valueName":"search_term_string"}}],"inLanguage":"de"}]}},"_links":{"self":[{"href":"https:\/\/coverseal.be\/de\/wp-json\/wp\/v2\/ufaq\/10416","targetHints":{"allow":["GET"]}}],"collection":[{"href":"https:\/\/coverseal.be\/de\/wp-json\/wp\/v2\/ufaq"}],"about":[{"href":"https:\/\/coverseal.be\/de\/wp-json\/wp\/v2\/types\/ufaq"}],"author":[{"embeddable":true,"href":"https:\/\/coverseal.be\/de\/wp-json\/wp\/v2\/users\/19"}],"replies":[{"embeddable":true,"href":"https:\/\/coverseal.be\/de\/wp-json\/wp\/v2\/comments?post=10416"}],"wp:attachment":[{"href":"https:\/\/coverseal.be\/de\/wp-json\/wp\/v2\/media?parent=10416"}],"wp:term":[{"taxonomy":"ufaq-category","embeddable":true,"href":"https:\/\/coverseal.be\/de\/wp-json\/wp\/v2\/ufaq-category?post=10416"},{"taxonomy":"ufaq-tag","embeddable":true,"href":"https:\/\/coverseal.be\/de\/wp-json\/wp\/v2\/ufaq-tag?post=10416"}],"curies":[{"name":"wp","href":"https:\/\/api.w.org\/{rel}","templated":true}]}}

Was verbirgt sich hinter dem Überwinterungsschalter? Wann muss ich ihn auf OFF stellen?

<style>.ewd-ufaq-post-margin-symbol { color: #7f351b !important; }.ewd-ufaq-faq-title .ewd-ufaq-post-margin-symbol span { font-size: 22px !important; }div.ewd-ufaq-faq-title h5 { font-family: Lexend !important; }div.ewd-ufaq-faq-title h5 { font-size: 20px !important; }</style><div  class="ewd-ufaq-faq-list ewd-ufaq-page-type-infinite_scroll ewd-ufaq-category-tabs-" id='ewd-ufaq-faq-list'>

	<input type='hidden' name='show_on_load' value='' id='ewd-ufaq-show-on-load' />
<input type='hidden' name='include_category' value='' id='ewd-ufaq-include-category' />
<input type='hidden' name='exclude_category' value='' id='ewd-ufaq-exclude-category' />
<input type='hidden' name='orderby' value='title' id='ewd-ufaq-orderby' />
<input type='hidden' name='order' value='asc' id='ewd-ufaq-order' />
<input type='hidden' name='post_count' value='-1' id='ewd-ufaq-post-count' />
<input type='hidden' name='current_url' value='/de/wp-json/wp/v2/ufaq/10416' id='ewd-ufaq-current-url' />
	
	
	<div class='ewd-ufaq-faqs'>

		<div  class="ewd-ufaq-faq-div ewd-ufaq-faq-column-count-one ewd-ufaq-faq-responsive-columns- ewd-ufaq-faq-display-style-default ewd-ufaq-can-be-toggled" id='ewd-ufaq-post-10416-Gkco07r6wV' data-post_id='10416'>

		
	<div class='ewd-ufaq-faq-title ewd-ufaq-faq-toggle'>
	
	<a class='ewd-ufaq-post-margin'  href='#' role="button">

		<div class='ewd-ufaq-post-margin-symbol ewd-ufaq-'>
			<span >B</span>
		</div>

		<div class='ewd-ufaq-faq-title-text'>

			<h5>
				Was verbirgt sich hinter dem Überwinterungsschalter? Wann muss ich ihn auf OFF stellen?			</h5>

		</div>

		<div class='ewd-ufaq-clear'></div>

	</a>
	
</div>
	
	<div class='ewd-ufaq-faq-body' >

		
			<div class='ewd-ufaq-faq-categories'>
	
	Kategorie:
	
		Praktische Fragen
	
</div>
		
			<div class='ewd-ufaq-post-margin ewd-ufaq-faq-post'>
	<div class="ewa-rteLine">
<p>Bei den Automatikmodellen vorhergehender Generationen ermöglicht der Überwinterungsschalter die Desaktivierung des Empfängers der Fernsteuerung, um die Batterien in der kalten Jahreszeit und bei geringer Sonneneinstrahlung zu schützen. Es wird empfohlen, ihn in der Zeit vom 1. September bis zum 1. Mai auf OFF zu stellen. Andernfalls ist damit zu rechnen, dass die Batterien Gegenstand einer Tiefentladung sind und ersetzt werden müssen.</p>
<p>Anmerkung: Bei den neueren Ausführungen dieses Modells ist dieser Schalter nicht mehr vorhanden, da die Energieverwaltung optimiert wurde.</p>
</div>
</div>
		
			
		
			
		
			
		
			
		
			
		
			
		
			
		
			
		
	</div>

</div>
	</div>

	
</div>

<p>B Was verbirgt sich hinter dem Überwinterungsschalter? Wann muss ich ihn auf OFF stellen? Kategorie: Praktische Fragen Bei den Automatikmodellen vorhergehender Generationen ermöglicht der Überwinterungsschalter die Desaktivierung des Empfängers der Fernsteuerung, um die Batterien in der kalten Jahreszeit und bei geringer Sonneneinstrahlung zu schützen. Es wird empfohlen, ihn in der Zeit vom 1. September bis [&hellip;]</p>

<!-- This site is optimized with the Yoast SEO plugin v27.5 - https://yoast.com/product/yoast-seo-wordpress/ -->
<title>Was verbirgt sich hinter dem Überwinterungsschalter? Wann muss ich ihn auf OFF stellen? | Coverseal</title>
<meta name="description" content="Bei den neueren Ausführungen dieses Modells ist dieser Schalter nicht mehr vorhanden, da die Energieverwaltung optimiert wurde." />
<meta name="robots" content="index, follow, max-snippet:-1, max-image-preview:large, max-video-preview:-1" />
<link rel="canonical" href="https://coverseal.be/de/ufaq/was-verbirgt-sich-hinter-dem-ueberwinterungsschalter-wann-muss-ich-ihn-auf-off-stellen/" />
<meta property="og:locale" content="de_DE" />
<meta property="og:type" content="article" />
<meta property="og:title" content="Was verbirgt sich hinter dem Überwinterungsschalter? Wann muss ich ihn auf OFF stellen? | Coverseal" />
<meta property="og:description" content="Bei den neueren Ausführungen dieses Modells ist dieser Schalter nicht mehr vorhanden, da die Energieverwaltung optimiert wurde." />
<meta property="og:url" content="https://coverseal.be/de/ufaq/was-verbirgt-sich-hinter-dem-ueberwinterungsschalter-wann-muss-ich-ihn-auf-off-stellen/" />
<meta property="og:site_name" content="Coverseal" />
<meta property="article:modified_time" content="2025-10-29T20:04:39+00:00" />
<meta name="twitter:card" content="summary_large_image" />
<meta name="twitter:label1" content="Geschätzte Lesezeit" />
	<meta name="twitter:data1" content="1 Minute" />
<script type="application/ld+json" class="yoast-schema-graph">{"@context":"https:\/\/schema.org","@graph":[{"@type":"WebPage","@id":"https:\/\/coverseal.be\/de\/ufaq\/was-verbirgt-sich-hinter-dem-ueberwinterungsschalter-wann-muss-ich-ihn-auf-off-stellen\/","url":"https:\/\/coverseal.be\/de\/ufaq\/was-verbirgt-sich-hinter-dem-ueberwinterungsschalter-wann-muss-ich-ihn-auf-off-stellen\/","name":"Was verbirgt sich hinter dem Überwinterungsschalter? Wann muss ich ihn auf OFF stellen? | Coverseal","isPartOf":{"@id":"https:\/\/coverseal.be\/de\/#website"},"datePublished":"2025-05-27T10:18:29+00:00","dateModified":"2025-10-29T20:04:39+00:00","description":"Bei den neueren Ausführungen dieses Modells ist dieser Schalter nicht mehr vorhanden, da die Energieverwaltung optimiert wurde.","breadcrumb":{"@id":"https:\/\/coverseal.be\/de\/ufaq\/was-verbirgt-sich-hinter-dem-ueberwinterungsschalter-wann-muss-ich-ihn-auf-off-stellen\/#breadcrumb"},"inLanguage":"de","potentialAction":[{"@type":"ReadAction","target":["https:\/\/coverseal.be\/de\/ufaq\/was-verbirgt-sich-hinter-dem-ueberwinterungsschalter-wann-muss-ich-ihn-auf-off-stellen\/"]}]},{"@type":"BreadcrumbList","@id":"https:\/\/coverseal.be\/de\/ufaq\/was-verbirgt-sich-hinter-dem-ueberwinterungsschalter-wann-muss-ich-ihn-auf-off-stellen\/#breadcrumb","itemListElement":[{"@type":"ListItem","position":1,"name":"Accueil","item":"https:\/\/coverseal.be\/de\/"},{"@type":"ListItem","position":2,"name":"FAQs","item":"https:\/\/coverseal.be\/de\/ufaq\/"},{"@type":"ListItem","position":3,"name":"Was verbirgt sich hinter dem Überwinterungsschalter? Wann muss ich ihn auf OFF stellen?"}]},{"@type":"WebSite","@id":"https:\/\/coverseal.be\/de\/#website","url":"https:\/\/coverseal.be\/de\/","name":"Coverseal","description":"","potentialAction":[{"@type":"SearchAction","target":{"@type":"EntryPoint","urlTemplate":"https:\/\/coverseal.be\/de\/?s={search_term_string}"},"query-input":{"@type":"PropertyValueSpecification","valueRequired":true,"valueName":"search_term_string"}}],"inLanguage":"de"}]}</script>
<!-- / Yoast SEO plugin. -->

Was verbirgt sich hinter dem Überwinterungsschalter? Wann muss ich ihn auf OFF stellen? | Coverseal

Bei den neueren Ausführungen dieses Modells ist dieser Schalter nicht mehr vorhanden, da die Energieverwaltung optimiert wurde.
