{"id":10414,"date":"2025-05-27T12:18:48","date_gmt":"2025-05-27T10:18:48","guid":{"rendered":"https:\/\/coverseal.be\/ufaq\/que-dois-je-faire-pour-preparer-ma-couverture-de-piscine-coverseal-en-vue-de-lhiver\/"},"modified":"2026-04-22T14:14:23","modified_gmt":"2026-04-22T12:14:23","slug":"was-muss-ich-tun-um-meine-coverseal-poolabdeckung-auf-den-winter-vorzubereiten","status":"publish","type":"ufaq","link":"https:\/\/coverseal.be\/de\/ufaq\/was-muss-ich-tun-um-meine-coverseal-poolabdeckung-auf-den-winter-vorzubereiten\/","title":{"rendered":"Was muss ich tun, um meine Coverseal-Poolabdeckung auf den Winter vorzubereiten?"},"content":{"rendered":"<style>.ewd-ufaq-post-margin-symbol { color: #7f351b !important; }.ewd-ufaq-faq-title .ewd-ufaq-post-margin-symbol span { font-size: 22px !important; }div.ewd-ufaq-faq-title h5 { font-family: Lexend !important; }div.ewd-ufaq-faq-title h5 { font-size: 20px !important; }<\/style><div  class=\"ewd-ufaq-faq-list ewd-ufaq-page-type-infinite_scroll ewd-ufaq-category-tabs-\" id='ewd-ufaq-faq-list'>\n\n\t<input type='hidden' name='show_on_load' value='' id='ewd-ufaq-show-on-load' \/>\n<input type='hidden' name='include_category' value='' id='ewd-ufaq-include-category' \/>\n<input type='hidden' name='exclude_category' value='' id='ewd-ufaq-exclude-category' \/>\n<input type='hidden' name='orderby' value='title' id='ewd-ufaq-orderby' \/>\n<input type='hidden' name='order' value='asc' id='ewd-ufaq-order' \/>\n<input type='hidden' name='post_count' value='-1' id='ewd-ufaq-post-count' \/>\n<input type='hidden' name='current_url' value='\/de\/wp-json\/wp\/v2\/ufaq\/10414' id='ewd-ufaq-current-url' \/>\n\t\n\t\n\t<div class='ewd-ufaq-faqs'>\n\n\t\t<div  class=\"ewd-ufaq-faq-div ewd-ufaq-faq-column-count-one ewd-ufaq-faq-responsive-columns- ewd-ufaq-faq-display-style-default ewd-ufaq-can-be-toggled\" id='ewd-ufaq-post-10414-9LgqxThnsH' data-post_id='10414'>\n\n\t\t\n\t<div class='ewd-ufaq-faq-title ewd-ufaq-faq-toggle'>\n\t\n\t<a class='ewd-ufaq-post-margin'  href='#' role=\"button\">\n\n\t\t<div class='ewd-ufaq-post-margin-symbol ewd-ufaq-'>\n\t\t\t<span >B<\/span>\n\t\t<\/div>\n\n\t\t<div class='ewd-ufaq-faq-title-text'>\n\n\t\t\t<h5>\n\t\t\t\tWas muss ich tun, um meine Coverseal-Poolabdeckung auf den Winter vorzubereiten?\t\t\t<\/h5>\n\n\t\t<\/div>\n\n\t\t<div class='ewd-ufaq-clear'><\/div>\n\n\t<\/a>\n\t\n<\/div>\n\t\n\t<div class='ewd-ufaq-faq-body' >\n\n\t\t\n\t\t\t<div class='ewd-ufaq-faq-categories'>\n\t\n\tKategorie:\n\t\n\t\tPraktische Fragen\n\t\n<\/div>\n\t\t\n\t\t\t<div class='ewd-ufaq-post-margin ewd-ufaq-faq-post'>\n\t<p>Es gen\u00fcgt:<br \/>\n&#8211; die Abdeckung vollst\u00e4ndig zu schlie\u00dfen,<br \/>\n&#8211; den Wasserstand Ihres Beckens in \u00dcbereinstimmung mit den dem Benutzerhandbuch zu entnehmenden Anweisungen beizubehalten,<br \/>\n&#8211; das Solarpanel des Automatikmodells im Fall starker Schneef\u00e4lle freizulegen, um den ordnungsgem\u00e4\u00dfen Ladezustand der Batterien zu gew\u00e4hrleisten,<br \/>\n&#8211; den \u00dcberwinterungsschalter auf OFF zu stellen, um die Batterien zu sch\u00fctzen (fr\u00fchere Ausf\u00fchrungen des Automatikmodells).<\/p>\n<p>Dank der Membran wird die Photosynthese sp\u00fcrbar eingeschr\u00e4nkt: Im Fr\u00fchjahr ist das Becken nicht nennenswert verschmutzt. Zur Optimierung des Ergebnisses wird empfohlen, die Filterung in der Winterzeit nur wenige Stunden t\u00e4glich in Betrieb zu nehmen.<\/p>\n<\/div>\n\t\t\n\t\t\t\n\t\t\n\t\t\t\n\t\t\n\t\t\t\n\t\t\n\t\t\t\n\t\t\n\t\t\t\n\t\t\n\t\t\t\n\t\t\n\t\t\t\n\t\t\n\t\t\t\n\t\t\n\t<\/div>\n\n<\/div>\n\t<\/div>\n\n\t\n<\/div>","protected":false},"excerpt":{"rendered":"<p>B Was muss ich tun, um meine Coverseal-Poolabdeckung auf den Winter vorzubereiten? Kategorie: Praktische Fragen Es gen\u00fcgt: &#8211; die Abdeckung vollst\u00e4ndig zu schlie\u00dfen, &#8211; den Wasserstand Ihres Beckens in \u00dcbereinstimmung mit den dem Benutzerhandbuch zu entnehmenden Anweisungen beizubehalten, &#8211; das Solarpanel des Automatikmodells im Fall starker Schneef\u00e4lle freizulegen, um den ordnungsgem\u00e4\u00dfen Ladezustand der Batterien zu [&hellip;]<\/p>\n","protected":false},"author":19,"featured_media":0,"comment_status":"closed","ping_status":"closed","template":"","ufaq-category":[71],"ufaq-tag":[],"class_list":["post-10414","ufaq","type-ufaq","status-publish","hentry","ufaq-category-praktische-fragen"],"yoast_head":"<!-- This site is optimized with the Yoast SEO plugin v27.5 - https:\/\/yoast.com\/product\/yoast-seo-wordpress\/ -->\n<title>Was muss ich tun, um meine Coverseal-Poolabdeckung auf den Winter vorzubereiten? | Coverseal<\/title>\n<meta name=\"description\" content=\"Dank der Membran wird die Photosynthese sp\u00fcrbar eingeschr\u00e4nkt: Im Fr\u00fchjahr ist das Becken nicht nennenswert verschmutzt.\" \/>\n<meta name=\"robots\" content=\"index, follow, max-snippet:-1, max-image-preview:large, max-video-preview:-1\" \/>\n<link rel=\"canonical\" href=\"https:\/\/coverseal.be\/de\/ufaq\/was-muss-ich-tun-um-meine-coverseal-poolabdeckung-auf-den-winter-vorzubereiten\/\" \/>\n<meta property=\"og:locale\" content=\"de_DE\" \/>\n<meta property=\"og:type\" content=\"article\" \/>\n<meta property=\"og:title\" content=\"Was muss ich tun, um meine Coverseal-Poolabdeckung auf den Winter vorzubereiten? | Coverseal\" \/>\n<meta property=\"og:description\" content=\"Dank der Membran wird die Photosynthese sp\u00fcrbar eingeschr\u00e4nkt: Im Fr\u00fchjahr ist das Becken nicht nennenswert verschmutzt.\" \/>\n<meta property=\"og:url\" content=\"https:\/\/coverseal.be\/de\/ufaq\/was-muss-ich-tun-um-meine-coverseal-poolabdeckung-auf-den-winter-vorzubereiten\/\" \/>\n<meta property=\"og:site_name\" content=\"Coverseal\" \/>\n<meta property=\"article:modified_time\" content=\"2026-04-22T12:14:23+00:00\" \/>\n<meta name=\"twitter:card\" content=\"summary_large_image\" \/>\n<meta name=\"twitter:label1\" content=\"Gesch\u00e4tzte Lesezeit\" \/>\n\t<meta name=\"twitter:data1\" content=\"1\u00a0Minute\" \/>\n<script type=\"application\/ld+json\" class=\"yoast-schema-graph\">{\"@context\":\"https:\\\/\\\/schema.org\",\"@graph\":[{\"@type\":\"WebPage\",\"@id\":\"https:\\\/\\\/coverseal.be\\\/de\\\/ufaq\\\/was-muss-ich-tun-um-meine-coverseal-poolabdeckung-auf-den-winter-vorzubereiten\\\/\",\"url\":\"https:\\\/\\\/coverseal.be\\\/de\\\/ufaq\\\/was-muss-ich-tun-um-meine-coverseal-poolabdeckung-auf-den-winter-vorzubereiten\\\/\",\"name\":\"Was muss ich tun, um meine Coverseal-Poolabdeckung auf den Winter vorzubereiten? | Coverseal\",\"isPartOf\":{\"@id\":\"https:\\\/\\\/coverseal.be\\\/de\\\/#website\"},\"datePublished\":\"2025-05-27T10:18:48+00:00\",\"dateModified\":\"2026-04-22T12:14:23+00:00\",\"description\":\"Dank der Membran wird die Photosynthese sp\u00fcrbar eingeschr\u00e4nkt: Im Fr\u00fchjahr ist das Becken nicht nennenswert verschmutzt.\",\"breadcrumb\":{\"@id\":\"https:\\\/\\\/coverseal.be\\\/de\\\/ufaq\\\/was-muss-ich-tun-um-meine-coverseal-poolabdeckung-auf-den-winter-vorzubereiten\\\/#breadcrumb\"},\"inLanguage\":\"de\",\"potentialAction\":[{\"@type\":\"ReadAction\",\"target\":[\"https:\\\/\\\/coverseal.be\\\/de\\\/ufaq\\\/was-muss-ich-tun-um-meine-coverseal-poolabdeckung-auf-den-winter-vorzubereiten\\\/\"]}]},{\"@type\":\"BreadcrumbList\",\"@id\":\"https:\\\/\\\/coverseal.be\\\/de\\\/ufaq\\\/was-muss-ich-tun-um-meine-coverseal-poolabdeckung-auf-den-winter-vorzubereiten\\\/#breadcrumb\",\"itemListElement\":[{\"@type\":\"ListItem\",\"position\":1,\"name\":\"Accueil\",\"item\":\"https:\\\/\\\/coverseal.be\\\/de\\\/\"},{\"@type\":\"ListItem\",\"position\":2,\"name\":\"FAQs\",\"item\":\"https:\\\/\\\/coverseal.be\\\/de\\\/ufaq\\\/\"},{\"@type\":\"ListItem\",\"position\":3,\"name\":\"Was muss ich tun, um meine Coverseal-Poolabdeckung auf den Winter vorzubereiten?\"}]},{\"@type\":\"WebSite\",\"@id\":\"https:\\\/\\\/coverseal.be\\\/de\\\/#website\",\"url\":\"https:\\\/\\\/coverseal.be\\\/de\\\/\",\"name\":\"Coverseal\",\"description\":\"\",\"potentialAction\":[{\"@type\":\"SearchAction\",\"target\":{\"@type\":\"EntryPoint\",\"urlTemplate\":\"https:\\\/\\\/coverseal.be\\\/de\\\/?s={search_term_string}\"},\"query-input\":{\"@type\":\"PropertyValueSpecification\",\"valueRequired\":true,\"valueName\":\"search_term_string\"}}],\"inLanguage\":\"de\"}]}<\/script>\n<!-- \/ Yoast SEO plugin. -->","yoast_head_json":{"title":"Was muss ich tun, um meine Coverseal-Poolabdeckung auf den Winter vorzubereiten? | Coverseal","description":"Dank der Membran wird die Photosynthese sp\u00fcrbar eingeschr\u00e4nkt: Im Fr\u00fchjahr ist das Becken nicht nennenswert verschmutzt.","robots":{"index":"index","follow":"follow","max-snippet":"max-snippet:-1","max-image-preview":"max-image-preview:large","max-video-preview":"max-video-preview:-1"},"canonical":"https:\/\/coverseal.be\/de\/ufaq\/was-muss-ich-tun-um-meine-coverseal-poolabdeckung-auf-den-winter-vorzubereiten\/","og_locale":"de_DE","og_type":"article","og_title":"Was muss ich tun, um meine Coverseal-Poolabdeckung auf den Winter vorzubereiten? | Coverseal","og_description":"Dank der Membran wird die Photosynthese sp\u00fcrbar eingeschr\u00e4nkt: Im Fr\u00fchjahr ist das Becken nicht nennenswert verschmutzt.","og_url":"https:\/\/coverseal.be\/de\/ufaq\/was-muss-ich-tun-um-meine-coverseal-poolabdeckung-auf-den-winter-vorzubereiten\/","og_site_name":"Coverseal","article_modified_time":"2026-04-22T12:14:23+00:00","twitter_card":"summary_large_image","twitter_misc":{"Gesch\u00e4tzte Lesezeit":"1\u00a0Minute"},"schema":{"@context":"https:\/\/schema.org","@graph":[{"@type":"WebPage","@id":"https:\/\/coverseal.be\/de\/ufaq\/was-muss-ich-tun-um-meine-coverseal-poolabdeckung-auf-den-winter-vorzubereiten\/","url":"https:\/\/coverseal.be\/de\/ufaq\/was-muss-ich-tun-um-meine-coverseal-poolabdeckung-auf-den-winter-vorzubereiten\/","name":"Was muss ich tun, um meine Coverseal-Poolabdeckung auf den Winter vorzubereiten? | Coverseal","isPartOf":{"@id":"https:\/\/coverseal.be\/de\/#website"},"datePublished":"2025-05-27T10:18:48+00:00","dateModified":"2026-04-22T12:14:23+00:00","description":"Dank der Membran wird die Photosynthese sp\u00fcrbar eingeschr\u00e4nkt: Im Fr\u00fchjahr ist das Becken nicht nennenswert verschmutzt.","breadcrumb":{"@id":"https:\/\/coverseal.be\/de\/ufaq\/was-muss-ich-tun-um-meine-coverseal-poolabdeckung-auf-den-winter-vorzubereiten\/#breadcrumb"},"inLanguage":"de","potentialAction":[{"@type":"ReadAction","target":["https:\/\/coverseal.be\/de\/ufaq\/was-muss-ich-tun-um-meine-coverseal-poolabdeckung-auf-den-winter-vorzubereiten\/"]}]},{"@type":"BreadcrumbList","@id":"https:\/\/coverseal.be\/de\/ufaq\/was-muss-ich-tun-um-meine-coverseal-poolabdeckung-auf-den-winter-vorzubereiten\/#breadcrumb","itemListElement":[{"@type":"ListItem","position":1,"name":"Accueil","item":"https:\/\/coverseal.be\/de\/"},{"@type":"ListItem","position":2,"name":"FAQs","item":"https:\/\/coverseal.be\/de\/ufaq\/"},{"@type":"ListItem","position":3,"name":"Was muss ich tun, um meine Coverseal-Poolabdeckung auf den Winter vorzubereiten?"}]},{"@type":"WebSite","@id":"https:\/\/coverseal.be\/de\/#website","url":"https:\/\/coverseal.be\/de\/","name":"Coverseal","description":"","potentialAction":[{"@type":"SearchAction","target":{"@type":"EntryPoint","urlTemplate":"https:\/\/coverseal.be\/de\/?s={search_term_string}"},"query-input":{"@type":"PropertyValueSpecification","valueRequired":true,"valueName":"search_term_string"}}],"inLanguage":"de"}]}},"_links":{"self":[{"href":"https:\/\/coverseal.be\/de\/wp-json\/wp\/v2\/ufaq\/10414","targetHints":{"allow":["GET"]}}],"collection":[{"href":"https:\/\/coverseal.be\/de\/wp-json\/wp\/v2\/ufaq"}],"about":[{"href":"https:\/\/coverseal.be\/de\/wp-json\/wp\/v2\/types\/ufaq"}],"author":[{"embeddable":true,"href":"https:\/\/coverseal.be\/de\/wp-json\/wp\/v2\/users\/19"}],"replies":[{"embeddable":true,"href":"https:\/\/coverseal.be\/de\/wp-json\/wp\/v2\/comments?post=10414"}],"wp:attachment":[{"href":"https:\/\/coverseal.be\/de\/wp-json\/wp\/v2\/media?parent=10414"}],"wp:term":[{"taxonomy":"ufaq-category","embeddable":true,"href":"https:\/\/coverseal.be\/de\/wp-json\/wp\/v2\/ufaq-category?post=10414"},{"taxonomy":"ufaq-tag","embeddable":true,"href":"https:\/\/coverseal.be\/de\/wp-json\/wp\/v2\/ufaq-tag?post=10414"}],"curies":[{"name":"wp","href":"https:\/\/api.w.org\/{rel}","templated":true}]}}

<style>.ewd-ufaq-post-margin-symbol { color: #7f351b !important; }.ewd-ufaq-faq-title .ewd-ufaq-post-margin-symbol span { font-size: 22px !important; }div.ewd-ufaq-faq-title h5 { font-family: Lexend !important; }div.ewd-ufaq-faq-title h5 { font-size: 20px !important; }</style><div  class="ewd-ufaq-faq-list ewd-ufaq-page-type-infinite_scroll ewd-ufaq-category-tabs-" id='ewd-ufaq-faq-list'>

	<input type='hidden' name='show_on_load' value='' id='ewd-ufaq-show-on-load' />
<input type='hidden' name='include_category' value='' id='ewd-ufaq-include-category' />
<input type='hidden' name='exclude_category' value='' id='ewd-ufaq-exclude-category' />
<input type='hidden' name='orderby' value='title' id='ewd-ufaq-orderby' />
<input type='hidden' name='order' value='asc' id='ewd-ufaq-order' />
<input type='hidden' name='post_count' value='-1' id='ewd-ufaq-post-count' />
<input type='hidden' name='current_url' value='/de/wp-json/wp/v2/ufaq/10414' id='ewd-ufaq-current-url' />
	
	
	<div class='ewd-ufaq-faqs'>

		<div  class="ewd-ufaq-faq-div ewd-ufaq-faq-column-count-one ewd-ufaq-faq-responsive-columns- ewd-ufaq-faq-display-style-default ewd-ufaq-can-be-toggled" id='ewd-ufaq-post-10414-9LgqxThnsH' data-post_id='10414'>

		
	<div class='ewd-ufaq-faq-title ewd-ufaq-faq-toggle'>
	
	<a class='ewd-ufaq-post-margin'  href='#' role="button">

		<div class='ewd-ufaq-post-margin-symbol ewd-ufaq-'>
			<span >B</span>
		</div>

		<div class='ewd-ufaq-faq-title-text'>

			<h5>
				Was muss ich tun, um meine Coverseal-Poolabdeckung auf den Winter vorzubereiten?			</h5>

		</div>

		<div class='ewd-ufaq-clear'></div>

	</a>
	
</div>
	
	<div class='ewd-ufaq-faq-body' >

		
			<div class='ewd-ufaq-faq-categories'>
	
	Kategorie:
	
		Praktische Fragen
	
</div>
		
			<div class='ewd-ufaq-post-margin ewd-ufaq-faq-post'>
	<p>Es genügt:<br />
&#8211; die Abdeckung vollständig zu schließen,<br />
&#8211; den Wasserstand Ihres Beckens in Übereinstimmung mit den dem Benutzerhandbuch zu entnehmenden Anweisungen beizubehalten,<br />
&#8211; das Solarpanel des Automatikmodells im Fall starker Schneefälle freizulegen, um den ordnungsgemäßen Ladezustand der Batterien zu gewährleisten,<br />
&#8211; den Überwinterungsschalter auf OFF zu stellen, um die Batterien zu schützen (frühere Ausführungen des Automatikmodells).</p>
<p>Dank der Membran wird die Photosynthese spürbar eingeschränkt: Im Frühjahr ist das Becken nicht nennenswert verschmutzt. Zur Optimierung des Ergebnisses wird empfohlen, die Filterung in der Winterzeit nur wenige Stunden täglich in Betrieb zu nehmen.</p>
</div>
		
			
		
			
		
			
		
			
		
			
		
			
		
			
		
			
		
	</div>

</div>
	</div>

	
</div>

<p>B Was muss ich tun, um meine Coverseal-Poolabdeckung auf den Winter vorzubereiten? Kategorie: Praktische Fragen Es genügt: &#8211; die Abdeckung vollständig zu schließen, &#8211; den Wasserstand Ihres Beckens in Übereinstimmung mit den dem Benutzerhandbuch zu entnehmenden Anweisungen beizubehalten, &#8211; das Solarpanel des Automatikmodells im Fall starker Schneefälle freizulegen, um den ordnungsgemäßen Ladezustand der Batterien zu [&hellip;]</p>

<!-- This site is optimized with the Yoast SEO plugin v27.5 - https://yoast.com/product/yoast-seo-wordpress/ -->
<title>Was muss ich tun, um meine Coverseal-Poolabdeckung auf den Winter vorzubereiten? | Coverseal</title>
<meta name="description" content="Dank der Membran wird die Photosynthese spürbar eingeschränkt: Im Frühjahr ist das Becken nicht nennenswert verschmutzt." />
<meta name="robots" content="index, follow, max-snippet:-1, max-image-preview:large, max-video-preview:-1" />
<link rel="canonical" href="https://coverseal.be/de/ufaq/was-muss-ich-tun-um-meine-coverseal-poolabdeckung-auf-den-winter-vorzubereiten/" />
<meta property="og:locale" content="de_DE" />
<meta property="og:type" content="article" />
<meta property="og:title" content="Was muss ich tun, um meine Coverseal-Poolabdeckung auf den Winter vorzubereiten? | Coverseal" />
<meta property="og:description" content="Dank der Membran wird die Photosynthese spürbar eingeschränkt: Im Frühjahr ist das Becken nicht nennenswert verschmutzt." />
<meta property="og:url" content="https://coverseal.be/de/ufaq/was-muss-ich-tun-um-meine-coverseal-poolabdeckung-auf-den-winter-vorzubereiten/" />
<meta property="og:site_name" content="Coverseal" />
<meta property="article:modified_time" content="2026-04-22T12:14:23+00:00" />
<meta name="twitter:card" content="summary_large_image" />
<meta name="twitter:label1" content="Geschätzte Lesezeit" />
	<meta name="twitter:data1" content="1 Minute" />
<script type="application/ld+json" class="yoast-schema-graph">{"@context":"https:\/\/schema.org","@graph":[{"@type":"WebPage","@id":"https:\/\/coverseal.be\/de\/ufaq\/was-muss-ich-tun-um-meine-coverseal-poolabdeckung-auf-den-winter-vorzubereiten\/","url":"https:\/\/coverseal.be\/de\/ufaq\/was-muss-ich-tun-um-meine-coverseal-poolabdeckung-auf-den-winter-vorzubereiten\/","name":"Was muss ich tun, um meine Coverseal-Poolabdeckung auf den Winter vorzubereiten? | Coverseal","isPartOf":{"@id":"https:\/\/coverseal.be\/de\/#website"},"datePublished":"2025-05-27T10:18:48+00:00","dateModified":"2026-04-22T12:14:23+00:00","description":"Dank der Membran wird die Photosynthese spürbar eingeschränkt: Im Frühjahr ist das Becken nicht nennenswert verschmutzt.","breadcrumb":{"@id":"https:\/\/coverseal.be\/de\/ufaq\/was-muss-ich-tun-um-meine-coverseal-poolabdeckung-auf-den-winter-vorzubereiten\/#breadcrumb"},"inLanguage":"de","potentialAction":[{"@type":"ReadAction","target":["https:\/\/coverseal.be\/de\/ufaq\/was-muss-ich-tun-um-meine-coverseal-poolabdeckung-auf-den-winter-vorzubereiten\/"]}]},{"@type":"BreadcrumbList","@id":"https:\/\/coverseal.be\/de\/ufaq\/was-muss-ich-tun-um-meine-coverseal-poolabdeckung-auf-den-winter-vorzubereiten\/#breadcrumb","itemListElement":[{"@type":"ListItem","position":1,"name":"Accueil","item":"https:\/\/coverseal.be\/de\/"},{"@type":"ListItem","position":2,"name":"FAQs","item":"https:\/\/coverseal.be\/de\/ufaq\/"},{"@type":"ListItem","position":3,"name":"Was muss ich tun, um meine Coverseal-Poolabdeckung auf den Winter vorzubereiten?"}]},{"@type":"WebSite","@id":"https:\/\/coverseal.be\/de\/#website","url":"https:\/\/coverseal.be\/de\/","name":"Coverseal","description":"","potentialAction":[{"@type":"SearchAction","target":{"@type":"EntryPoint","urlTemplate":"https:\/\/coverseal.be\/de\/?s={search_term_string}"},"query-input":{"@type":"PropertyValueSpecification","valueRequired":true,"valueName":"search_term_string"}}],"inLanguage":"de"}]}</script>
<!-- / Yoast SEO plugin. -->

Dank der Membran wird die Photosynthese spürbar eingeschränkt: Im Frühjahr ist das Becken nicht nennenswert verschmutzt.
