{"id":10400,"date":"2025-08-12T15:17:00","date_gmt":"2025-08-12T13:17:00","guid":{"rendered":"https:\/\/coverseal.be\/ufaq\/peut-on-installer-une-coverseal-sur-des-klinkers\/"},"modified":"2025-10-29T20:40:45","modified_gmt":"2025-10-29T19:40:45","slug":"kann-die-coverseal-auf-klinkern-eingerichtet-werden","status":"publish","type":"ufaq","link":"https:\/\/coverseal.be\/de\/ufaq\/kann-die-coverseal-auf-klinkern-eingerichtet-werden\/","title":{"rendered":"Kann die Coverseal auf Klinkern eingerichtet werden?"},"content":{"rendered":"<style>.ewd-ufaq-post-margin-symbol { color: #7f351b !important; }.ewd-ufaq-faq-title .ewd-ufaq-post-margin-symbol span { font-size: 22px !important; }div.ewd-ufaq-faq-title h5 { font-family: Lexend !important; }div.ewd-ufaq-faq-title h5 { font-size: 20px !important; }<\/style><div  class=\"ewd-ufaq-faq-list ewd-ufaq-page-type-infinite_scroll ewd-ufaq-category-tabs-\" id='ewd-ufaq-faq-list'>\n\n\t<input type='hidden' name='show_on_load' value='' id='ewd-ufaq-show-on-load' \/>\n<input type='hidden' name='include_category' value='' id='ewd-ufaq-include-category' \/>\n<input type='hidden' name='exclude_category' value='' id='ewd-ufaq-exclude-category' \/>\n<input type='hidden' name='orderby' value='title' id='ewd-ufaq-orderby' \/>\n<input type='hidden' name='order' value='asc' id='ewd-ufaq-order' \/>\n<input type='hidden' name='post_count' value='-1' id='ewd-ufaq-post-count' \/>\n<input type='hidden' name='current_url' value='\/de\/wp-json\/wp\/v2\/ufaq\/10400' id='ewd-ufaq-current-url' \/>\n\t\n\t\n\t<div class='ewd-ufaq-faqs'>\n\n\t\t<div  class=\"ewd-ufaq-faq-div ewd-ufaq-faq-column-count-one ewd-ufaq-faq-responsive-columns- ewd-ufaq-faq-display-style-default ewd-ufaq-can-be-toggled\" id='ewd-ufaq-post-10400-MzxVFfTXj6' data-post_id='10400'>\n\n\t\t\n\t<div class='ewd-ufaq-faq-title ewd-ufaq-faq-toggle'>\n\t\n\t<a class='ewd-ufaq-post-margin'  href='#' role=\"button\">\n\n\t\t<div class='ewd-ufaq-post-margin-symbol ewd-ufaq-'>\n\t\t\t<span >B<\/span>\n\t\t<\/div>\n\n\t\t<div class='ewd-ufaq-faq-title-text'>\n\n\t\t\t<h5>\n\t\t\t\tKann die Coverseal auf Klinkern eingerichtet werden?\t\t\t<\/h5>\n\n\t\t<\/div>\n\n\t\t<div class='ewd-ufaq-clear'><\/div>\n\n\t<\/a>\n\t\n<\/div>\n\t\n\t<div class='ewd-ufaq-faq-body' >\n\n\t\t\n\t\t\t<div class='ewd-ufaq-faq-categories'>\n\t\n\tKategorie:\n\t\n\t\tAllgemeines\n\t\n<\/div>\n\t\t\n\t\t\t<div class='ewd-ufaq-post-margin ewd-ufaq-faq-post'>\n\t<div class=\"ewa-rteLine\">\n<div class=\"ewa-rteLine\">\n<p>Ja, es ist durchaus m\u00f6glich, eine Coverseal auf Klinkern einzurichten, sofern dieselben ordnungsgem\u00e4\u00df verlegt wurden, stabil sind und keine Bewegungen oder Absackerscheinungen aufweisen.<\/p>\n<p>Im Interesse einer sicheren und dauerhaften Verankerung verf\u00fcgen wir \u00fcber zwei Schienensysteme: die Standardschiene und die Gel\u00e4ndeschiene. Die zuletzt genannte Schiene wurde insbesondere f\u00fcr unregelm\u00e4\u00dfige Verankerungsfl\u00e4chen wie Klinker entwickelt und erm\u00f6glichen die Gew\u00e4hrleistung der Performance und der Langlebigkeit der Anlage.<\/p>\n<\/div>\n<\/div>\n<\/div>\n\t\t\n\t\t\t\n\t\t\n\t\t\t\n\t\t\n\t\t\t\n\t\t\n\t\t\t\n\t\t\n\t\t\t\n\t\t\n\t\t\t\n\t\t\n\t\t\t\n\t\t\n\t\t\t\n\t\t\n\t<\/div>\n\n<\/div>\n\t<\/div>\n\n\t\n<\/div>","protected":false},"excerpt":{"rendered":"<p>B Kann die Coverseal auf Klinkern eingerichtet werden? Kategorie: Allgemeines Ja, es ist durchaus m\u00f6glich, eine Coverseal auf Klinkern einzurichten, sofern dieselben ordnungsgem\u00e4\u00df verlegt wurden, stabil sind und keine Bewegungen oder Absackerscheinungen aufweisen. Im Interesse einer sicheren und dauerhaften Verankerung verf\u00fcgen wir \u00fcber zwei Schienensysteme: die Standardschiene und die Gel\u00e4ndeschiene. Die zuletzt genannte Schiene wurde [&hellip;]<\/p>\n","protected":false},"author":17,"featured_media":0,"comment_status":"closed","ping_status":"closed","template":"","ufaq-category":[70],"ufaq-tag":[],"class_list":["post-10400","ufaq","type-ufaq","status-publish","hentry","ufaq-category-allgemeines"],"yoast_head":"<!-- This site is optimized with the Yoast SEO plugin v27.5 - https:\/\/yoast.com\/product\/yoast-seo-wordpress\/ -->\n<title>Kann die Coverseal auf Klinkern eingerichtet werden? | Coverseal<\/title>\n<meta name=\"description\" content=\"Es ist durchaus m\u00f6glich, eine Coverseal auf Klinkern einzurichten, sofern dieselben ordnungsgem\u00e4\u00df verlegt wurden, stabil sind\" \/>\n<meta name=\"robots\" content=\"index, follow, max-snippet:-1, max-image-preview:large, max-video-preview:-1\" \/>\n<link rel=\"canonical\" href=\"https:\/\/coverseal.be\/de\/ufaq\/kann-die-coverseal-auf-klinkern-eingerichtet-werden\/\" \/>\n<meta property=\"og:locale\" content=\"de_DE\" \/>\n<meta property=\"og:type\" content=\"article\" \/>\n<meta property=\"og:title\" content=\"Kann die Coverseal auf Klinkern eingerichtet werden? | Coverseal\" \/>\n<meta property=\"og:description\" content=\"Es ist durchaus m\u00f6glich, eine Coverseal auf Klinkern einzurichten, sofern dieselben ordnungsgem\u00e4\u00df verlegt wurden, stabil sind\" \/>\n<meta property=\"og:url\" content=\"https:\/\/coverseal.be\/de\/ufaq\/kann-die-coverseal-auf-klinkern-eingerichtet-werden\/\" \/>\n<meta property=\"og:site_name\" content=\"Coverseal\" \/>\n<meta property=\"article:modified_time\" content=\"2025-10-29T19:40:45+00:00\" \/>\n<meta name=\"twitter:card\" content=\"summary_large_image\" \/>\n<meta name=\"twitter:label1\" content=\"Gesch\u00e4tzte Lesezeit\" \/>\n\t<meta name=\"twitter:data1\" content=\"1\u00a0Minute\" \/>\n<script type=\"application\/ld+json\" class=\"yoast-schema-graph\">{\"@context\":\"https:\\\/\\\/schema.org\",\"@graph\":[{\"@type\":\"WebPage\",\"@id\":\"https:\\\/\\\/coverseal.be\\\/de\\\/ufaq\\\/kann-die-coverseal-auf-klinkern-eingerichtet-werden\\\/\",\"url\":\"https:\\\/\\\/coverseal.be\\\/de\\\/ufaq\\\/kann-die-coverseal-auf-klinkern-eingerichtet-werden\\\/\",\"name\":\"Kann die Coverseal auf Klinkern eingerichtet werden? | Coverseal\",\"isPartOf\":{\"@id\":\"https:\\\/\\\/coverseal.be\\\/de\\\/#website\"},\"datePublished\":\"2025-08-12T13:17:00+00:00\",\"dateModified\":\"2025-10-29T19:40:45+00:00\",\"description\":\"Es ist durchaus m\u00f6glich, eine Coverseal auf Klinkern einzurichten, sofern dieselben ordnungsgem\u00e4\u00df verlegt wurden, stabil sind\",\"breadcrumb\":{\"@id\":\"https:\\\/\\\/coverseal.be\\\/de\\\/ufaq\\\/kann-die-coverseal-auf-klinkern-eingerichtet-werden\\\/#breadcrumb\"},\"inLanguage\":\"de\",\"potentialAction\":[{\"@type\":\"ReadAction\",\"target\":[\"https:\\\/\\\/coverseal.be\\\/de\\\/ufaq\\\/kann-die-coverseal-auf-klinkern-eingerichtet-werden\\\/\"]}]},{\"@type\":\"BreadcrumbList\",\"@id\":\"https:\\\/\\\/coverseal.be\\\/de\\\/ufaq\\\/kann-die-coverseal-auf-klinkern-eingerichtet-werden\\\/#breadcrumb\",\"itemListElement\":[{\"@type\":\"ListItem\",\"position\":1,\"name\":\"Accueil\",\"item\":\"https:\\\/\\\/coverseal.be\\\/de\\\/\"},{\"@type\":\"ListItem\",\"position\":2,\"name\":\"FAQs\",\"item\":\"https:\\\/\\\/coverseal.be\\\/de\\\/ufaq\\\/\"},{\"@type\":\"ListItem\",\"position\":3,\"name\":\"Kann die Coverseal auf Klinkern eingerichtet werden?\"}]},{\"@type\":\"WebSite\",\"@id\":\"https:\\\/\\\/coverseal.be\\\/de\\\/#website\",\"url\":\"https:\\\/\\\/coverseal.be\\\/de\\\/\",\"name\":\"Coverseal\",\"description\":\"\",\"potentialAction\":[{\"@type\":\"SearchAction\",\"target\":{\"@type\":\"EntryPoint\",\"urlTemplate\":\"https:\\\/\\\/coverseal.be\\\/de\\\/?s={search_term_string}\"},\"query-input\":{\"@type\":\"PropertyValueSpecification\",\"valueRequired\":true,\"valueName\":\"search_term_string\"}}],\"inLanguage\":\"de\"}]}<\/script>\n<!-- \/ Yoast SEO plugin. -->","yoast_head_json":{"title":"Kann die Coverseal auf Klinkern eingerichtet werden? | Coverseal","description":"Es ist durchaus m\u00f6glich, eine Coverseal auf Klinkern einzurichten, sofern dieselben ordnungsgem\u00e4\u00df verlegt wurden, stabil sind","robots":{"index":"index","follow":"follow","max-snippet":"max-snippet:-1","max-image-preview":"max-image-preview:large","max-video-preview":"max-video-preview:-1"},"canonical":"https:\/\/coverseal.be\/de\/ufaq\/kann-die-coverseal-auf-klinkern-eingerichtet-werden\/","og_locale":"de_DE","og_type":"article","og_title":"Kann die Coverseal auf Klinkern eingerichtet werden? | Coverseal","og_description":"Es ist durchaus m\u00f6glich, eine Coverseal auf Klinkern einzurichten, sofern dieselben ordnungsgem\u00e4\u00df verlegt wurden, stabil sind","og_url":"https:\/\/coverseal.be\/de\/ufaq\/kann-die-coverseal-auf-klinkern-eingerichtet-werden\/","og_site_name":"Coverseal","article_modified_time":"2025-10-29T19:40:45+00:00","twitter_card":"summary_large_image","twitter_misc":{"Gesch\u00e4tzte Lesezeit":"1\u00a0Minute"},"schema":{"@context":"https:\/\/schema.org","@graph":[{"@type":"WebPage","@id":"https:\/\/coverseal.be\/de\/ufaq\/kann-die-coverseal-auf-klinkern-eingerichtet-werden\/","url":"https:\/\/coverseal.be\/de\/ufaq\/kann-die-coverseal-auf-klinkern-eingerichtet-werden\/","name":"Kann die Coverseal auf Klinkern eingerichtet werden? | Coverseal","isPartOf":{"@id":"https:\/\/coverseal.be\/de\/#website"},"datePublished":"2025-08-12T13:17:00+00:00","dateModified":"2025-10-29T19:40:45+00:00","description":"Es ist durchaus m\u00f6glich, eine Coverseal auf Klinkern einzurichten, sofern dieselben ordnungsgem\u00e4\u00df verlegt wurden, stabil sind","breadcrumb":{"@id":"https:\/\/coverseal.be\/de\/ufaq\/kann-die-coverseal-auf-klinkern-eingerichtet-werden\/#breadcrumb"},"inLanguage":"de","potentialAction":[{"@type":"ReadAction","target":["https:\/\/coverseal.be\/de\/ufaq\/kann-die-coverseal-auf-klinkern-eingerichtet-werden\/"]}]},{"@type":"BreadcrumbList","@id":"https:\/\/coverseal.be\/de\/ufaq\/kann-die-coverseal-auf-klinkern-eingerichtet-werden\/#breadcrumb","itemListElement":[{"@type":"ListItem","position":1,"name":"Accueil","item":"https:\/\/coverseal.be\/de\/"},{"@type":"ListItem","position":2,"name":"FAQs","item":"https:\/\/coverseal.be\/de\/ufaq\/"},{"@type":"ListItem","position":3,"name":"Kann die Coverseal auf Klinkern eingerichtet werden?"}]},{"@type":"WebSite","@id":"https:\/\/coverseal.be\/de\/#website","url":"https:\/\/coverseal.be\/de\/","name":"Coverseal","description":"","potentialAction":[{"@type":"SearchAction","target":{"@type":"EntryPoint","urlTemplate":"https:\/\/coverseal.be\/de\/?s={search_term_string}"},"query-input":{"@type":"PropertyValueSpecification","valueRequired":true,"valueName":"search_term_string"}}],"inLanguage":"de"}]}},"_links":{"self":[{"href":"https:\/\/coverseal.be\/de\/wp-json\/wp\/v2\/ufaq\/10400","targetHints":{"allow":["GET"]}}],"collection":[{"href":"https:\/\/coverseal.be\/de\/wp-json\/wp\/v2\/ufaq"}],"about":[{"href":"https:\/\/coverseal.be\/de\/wp-json\/wp\/v2\/types\/ufaq"}],"author":[{"embeddable":true,"href":"https:\/\/coverseal.be\/de\/wp-json\/wp\/v2\/users\/17"}],"replies":[{"embeddable":true,"href":"https:\/\/coverseal.be\/de\/wp-json\/wp\/v2\/comments?post=10400"}],"wp:attachment":[{"href":"https:\/\/coverseal.be\/de\/wp-json\/wp\/v2\/media?parent=10400"}],"wp:term":[{"taxonomy":"ufaq-category","embeddable":true,"href":"https:\/\/coverseal.be\/de\/wp-json\/wp\/v2\/ufaq-category?post=10400"},{"taxonomy":"ufaq-tag","embeddable":true,"href":"https:\/\/coverseal.be\/de\/wp-json\/wp\/v2\/ufaq-tag?post=10400"}],"curies":[{"name":"wp","href":"https:\/\/api.w.org\/{rel}","templated":true}]}}

<style>.ewd-ufaq-post-margin-symbol { color: #7f351b !important; }.ewd-ufaq-faq-title .ewd-ufaq-post-margin-symbol span { font-size: 22px !important; }div.ewd-ufaq-faq-title h5 { font-family: Lexend !important; }div.ewd-ufaq-faq-title h5 { font-size: 20px !important; }</style><div  class="ewd-ufaq-faq-list ewd-ufaq-page-type-infinite_scroll ewd-ufaq-category-tabs-" id='ewd-ufaq-faq-list'>

	<input type='hidden' name='show_on_load' value='' id='ewd-ufaq-show-on-load' />
<input type='hidden' name='include_category' value='' id='ewd-ufaq-include-category' />
<input type='hidden' name='exclude_category' value='' id='ewd-ufaq-exclude-category' />
<input type='hidden' name='orderby' value='title' id='ewd-ufaq-orderby' />
<input type='hidden' name='order' value='asc' id='ewd-ufaq-order' />
<input type='hidden' name='post_count' value='-1' id='ewd-ufaq-post-count' />
<input type='hidden' name='current_url' value='/de/wp-json/wp/v2/ufaq/10400' id='ewd-ufaq-current-url' />
	
	
	<div class='ewd-ufaq-faqs'>

		<div  class="ewd-ufaq-faq-div ewd-ufaq-faq-column-count-one ewd-ufaq-faq-responsive-columns- ewd-ufaq-faq-display-style-default ewd-ufaq-can-be-toggled" id='ewd-ufaq-post-10400-MzxVFfTXj6' data-post_id='10400'>

		
	<div class='ewd-ufaq-faq-title ewd-ufaq-faq-toggle'>
	
	<a class='ewd-ufaq-post-margin'  href='#' role="button">

		<div class='ewd-ufaq-post-margin-symbol ewd-ufaq-'>
			<span >B</span>
		</div>

		<div class='ewd-ufaq-faq-title-text'>

			<h5>
				Kann die Coverseal auf Klinkern eingerichtet werden?			</h5>

		</div>

		<div class='ewd-ufaq-clear'></div>

	</a>
	
</div>
	
	<div class='ewd-ufaq-faq-body' >

		
			<div class='ewd-ufaq-faq-categories'>
	
	Kategorie:
	
		Allgemeines
	
</div>
		
			<div class='ewd-ufaq-post-margin ewd-ufaq-faq-post'>
	<div class="ewa-rteLine">
<div class="ewa-rteLine">
<p>Ja, es ist durchaus möglich, eine Coverseal auf Klinkern einzurichten, sofern dieselben ordnungsgemäß verlegt wurden, stabil sind und keine Bewegungen oder Absackerscheinungen aufweisen.</p>
<p>Im Interesse einer sicheren und dauerhaften Verankerung verfügen wir über zwei Schienensysteme: die Standardschiene und die Geländeschiene. Die zuletzt genannte Schiene wurde insbesondere für unregelmäßige Verankerungsflächen wie Klinker entwickelt und ermöglichen die Gewährleistung der Performance und der Langlebigkeit der Anlage.</p>
</div>
</div>
</div>
		
			
		
			
		
			
		
			
		
			
		
			
		
			
		
			
		
	</div>

</div>
	</div>

	
</div>

<p>B Kann die Coverseal auf Klinkern eingerichtet werden? Kategorie: Allgemeines Ja, es ist durchaus möglich, eine Coverseal auf Klinkern einzurichten, sofern dieselben ordnungsgemäß verlegt wurden, stabil sind und keine Bewegungen oder Absackerscheinungen aufweisen. Im Interesse einer sicheren und dauerhaften Verankerung verfügen wir über zwei Schienensysteme: die Standardschiene und die Geländeschiene. Die zuletzt genannte Schiene wurde [&hellip;]</p>

<!-- This site is optimized with the Yoast SEO plugin v27.5 - https://yoast.com/product/yoast-seo-wordpress/ -->
<title>Kann die Coverseal auf Klinkern eingerichtet werden? | Coverseal</title>
<meta name="description" content="Es ist durchaus möglich, eine Coverseal auf Klinkern einzurichten, sofern dieselben ordnungsgemäß verlegt wurden, stabil sind" />
<meta name="robots" content="index, follow, max-snippet:-1, max-image-preview:large, max-video-preview:-1" />
<link rel="canonical" href="https://coverseal.be/de/ufaq/kann-die-coverseal-auf-klinkern-eingerichtet-werden/" />
<meta property="og:locale" content="de_DE" />
<meta property="og:type" content="article" />
<meta property="og:title" content="Kann die Coverseal auf Klinkern eingerichtet werden? | Coverseal" />
<meta property="og:description" content="Es ist durchaus möglich, eine Coverseal auf Klinkern einzurichten, sofern dieselben ordnungsgemäß verlegt wurden, stabil sind" />
<meta property="og:url" content="https://coverseal.be/de/ufaq/kann-die-coverseal-auf-klinkern-eingerichtet-werden/" />
<meta property="og:site_name" content="Coverseal" />
<meta property="article:modified_time" content="2025-10-29T19:40:45+00:00" />
<meta name="twitter:card" content="summary_large_image" />
<meta name="twitter:label1" content="Geschätzte Lesezeit" />
	<meta name="twitter:data1" content="1 Minute" />
<script type="application/ld+json" class="yoast-schema-graph">{"@context":"https:\/\/schema.org","@graph":[{"@type":"WebPage","@id":"https:\/\/coverseal.be\/de\/ufaq\/kann-die-coverseal-auf-klinkern-eingerichtet-werden\/","url":"https:\/\/coverseal.be\/de\/ufaq\/kann-die-coverseal-auf-klinkern-eingerichtet-werden\/","name":"Kann die Coverseal auf Klinkern eingerichtet werden? | Coverseal","isPartOf":{"@id":"https:\/\/coverseal.be\/de\/#website"},"datePublished":"2025-08-12T13:17:00+00:00","dateModified":"2025-10-29T19:40:45+00:00","description":"Es ist durchaus möglich, eine Coverseal auf Klinkern einzurichten, sofern dieselben ordnungsgemäß verlegt wurden, stabil sind","breadcrumb":{"@id":"https:\/\/coverseal.be\/de\/ufaq\/kann-die-coverseal-auf-klinkern-eingerichtet-werden\/#breadcrumb"},"inLanguage":"de","potentialAction":[{"@type":"ReadAction","target":["https:\/\/coverseal.be\/de\/ufaq\/kann-die-coverseal-auf-klinkern-eingerichtet-werden\/"]}]},{"@type":"BreadcrumbList","@id":"https:\/\/coverseal.be\/de\/ufaq\/kann-die-coverseal-auf-klinkern-eingerichtet-werden\/#breadcrumb","itemListElement":[{"@type":"ListItem","position":1,"name":"Accueil","item":"https:\/\/coverseal.be\/de\/"},{"@type":"ListItem","position":2,"name":"FAQs","item":"https:\/\/coverseal.be\/de\/ufaq\/"},{"@type":"ListItem","position":3,"name":"Kann die Coverseal auf Klinkern eingerichtet werden?"}]},{"@type":"WebSite","@id":"https:\/\/coverseal.be\/de\/#website","url":"https:\/\/coverseal.be\/de\/","name":"Coverseal","description":"","potentialAction":[{"@type":"SearchAction","target":{"@type":"EntryPoint","urlTemplate":"https:\/\/coverseal.be\/de\/?s={search_term_string}"},"query-input":{"@type":"PropertyValueSpecification","valueRequired":true,"valueName":"search_term_string"}}],"inLanguage":"de"}]}</script>
<!-- / Yoast SEO plugin. -->

Es ist durchaus möglich, eine Coverseal auf Klinkern einzurichten, sofern dieselben ordnungsgemäß verlegt wurden, stabil sind
