{"id":10397,"date":"2025-08-12T15:18:25","date_gmt":"2025-08-12T13:18:25","guid":{"rendered":"https:\/\/coverseal.be\/ufaq\/peut-on-installer-une-coverseal-sur-du-composite-plein\/"},"modified":"2025-10-29T20:37:09","modified_gmt":"2025-10-29T19:37:09","slug":"kann-eine-coverseal-auf-massivverbundstoff-eingerichtet-werden","status":"publish","type":"ufaq","link":"https:\/\/coverseal.be\/de\/ufaq\/kann-eine-coverseal-auf-massivverbundstoff-eingerichtet-werden\/","title":{"rendered":"Kann eine Coverseal auf Massivverbundstoff eingerichtet werden?"},"content":{"rendered":"<style>.ewd-ufaq-post-margin-symbol { color: #7f351b !important; }.ewd-ufaq-faq-title .ewd-ufaq-post-margin-symbol span { font-size: 22px !important; }div.ewd-ufaq-faq-title h5 { font-family: Lexend !important; }div.ewd-ufaq-faq-title h5 { font-size: 20px !important; }<\/style><div  class=\"ewd-ufaq-faq-list ewd-ufaq-page-type-infinite_scroll ewd-ufaq-category-tabs-\" id='ewd-ufaq-faq-list'>\n\n\t<input type='hidden' name='show_on_load' value='' id='ewd-ufaq-show-on-load' \/>\n<input type='hidden' name='include_category' value='' id='ewd-ufaq-include-category' \/>\n<input type='hidden' name='exclude_category' value='' id='ewd-ufaq-exclude-category' \/>\n<input type='hidden' name='orderby' value='title' id='ewd-ufaq-orderby' \/>\n<input type='hidden' name='order' value='asc' id='ewd-ufaq-order' \/>\n<input type='hidden' name='post_count' value='-1' id='ewd-ufaq-post-count' \/>\n<input type='hidden' name='current_url' value='\/de\/wp-json\/wp\/v2\/ufaq\/10397' id='ewd-ufaq-current-url' \/>\n\t\n\t\n\t<div class='ewd-ufaq-faqs'>\n\n\t\t<div  class=\"ewd-ufaq-faq-div ewd-ufaq-faq-column-count-one ewd-ufaq-faq-responsive-columns- ewd-ufaq-faq-display-style-default ewd-ufaq-can-be-toggled\" id='ewd-ufaq-post-10397-Ief3n69prN' data-post_id='10397'>\n\n\t\t\n\t<div class='ewd-ufaq-faq-title ewd-ufaq-faq-toggle'>\n\t\n\t<a class='ewd-ufaq-post-margin'  href='#' role=\"button\">\n\n\t\t<div class='ewd-ufaq-post-margin-symbol ewd-ufaq-'>\n\t\t\t<span >B<\/span>\n\t\t<\/div>\n\n\t\t<div class='ewd-ufaq-faq-title-text'>\n\n\t\t\t<h5>\n\t\t\t\tKann eine Coverseal auf Massivverbundstoff eingerichtet werden?\t\t\t<\/h5>\n\n\t\t<\/div>\n\n\t\t<div class='ewd-ufaq-clear'><\/div>\n\n\t<\/a>\n\t\n<\/div>\n\t\n\t<div class='ewd-ufaq-faq-body' >\n\n\t\t\n\t\t\t<div class='ewd-ufaq-faq-categories'>\n\t\n\tKategorie:\n\t\n\t\tAllgemeines\n\t\n<\/div>\n\t\t\n\t\t\t<div class='ewd-ufaq-post-margin ewd-ufaq-faq-post'>\n\t<div class=\"ewa-rteLine\">\n<p>Ja, die Einrichtung einer Coverseal auf einem Massivverbundstofftr\u00e4ger ist insofern m\u00f6glich, als die Struktur stabil ist und ordnungsgem\u00e4\u00df befestigt wurde, um zu vermeiden, dass sie sich mit der Zeit verformt.<\/p>\n<p>Wir bieten zwei Schienenl\u00f6sungen an &#8211; Standard- und Gel\u00e4ndeschienen, um den Merkmalen Ihres Tr\u00e4gers Rechnung zu tragen. Im Fall einer Terrasse aus Massivverbundstoff wird bevorzugt die Gel\u00e4ndeschiene verwendet, um eine optimale Befestigung auf dieser Oberfl\u00e4che zu gew\u00e4hrleisten.<\/p>\n<\/div>\n<\/div>\n\t\t\n\t\t\t\n\t\t\n\t\t\t\n\t\t\n\t\t\t\n\t\t\n\t\t\t\n\t\t\n\t\t\t\n\t\t\n\t\t\t\n\t\t\n\t\t\t\n\t\t\n\t\t\t\n\t\t\n\t<\/div>\n\n<\/div>\n\t<\/div>\n\n\t\n<\/div>","protected":false},"excerpt":{"rendered":"<p>B Kann eine Coverseal auf Massivverbundstoff eingerichtet werden? Kategorie: Allgemeines Ja, die Einrichtung einer Coverseal auf einem Massivverbundstofftr\u00e4ger ist insofern m\u00f6glich, als die Struktur stabil ist und ordnungsgem\u00e4\u00df befestigt wurde, um zu vermeiden, dass sie sich mit der Zeit verformt. Wir bieten zwei Schienenl\u00f6sungen an &#8211; Standard- und Gel\u00e4ndeschienen, um den Merkmalen Ihres Tr\u00e4gers Rechnung [&hellip;]<\/p>\n","protected":false},"author":17,"featured_media":0,"comment_status":"closed","ping_status":"closed","template":"","ufaq-category":[70],"ufaq-tag":[],"class_list":["post-10397","ufaq","type-ufaq","status-publish","hentry","ufaq-category-allgemeines"],"yoast_head":"<!-- This site is optimized with the Yoast SEO plugin v27.5 - https:\/\/yoast.com\/product\/yoast-seo-wordpress\/ -->\n<title>Kann eine Coverseal auf Massivverbundstoff eingerichtet werden? | Coverseal<\/title>\n<meta name=\"description\" content=\"Im Fall einer Terrasse aus Massivverbundstoff wird bevorzugt die Gel\u00e4ndeschiene verwendet, um eine optimale Befestigung\" \/>\n<meta name=\"robots\" content=\"index, follow, max-snippet:-1, max-image-preview:large, max-video-preview:-1\" \/>\n<link rel=\"canonical\" href=\"https:\/\/coverseal.be\/de\/ufaq\/kann-eine-coverseal-auf-massivverbundstoff-eingerichtet-werden\/\" \/>\n<meta property=\"og:locale\" content=\"de_DE\" \/>\n<meta property=\"og:type\" content=\"article\" \/>\n<meta property=\"og:title\" content=\"Kann eine Coverseal auf Massivverbundstoff eingerichtet werden? | Coverseal\" \/>\n<meta property=\"og:description\" content=\"Im Fall einer Terrasse aus Massivverbundstoff wird bevorzugt die Gel\u00e4ndeschiene verwendet, um eine optimale Befestigung\" \/>\n<meta property=\"og:url\" content=\"https:\/\/coverseal.be\/de\/ufaq\/kann-eine-coverseal-auf-massivverbundstoff-eingerichtet-werden\/\" \/>\n<meta property=\"og:site_name\" content=\"Coverseal\" \/>\n<meta property=\"article:modified_time\" content=\"2025-10-29T19:37:09+00:00\" \/>\n<meta name=\"twitter:card\" content=\"summary_large_image\" \/>\n<meta name=\"twitter:label1\" content=\"Gesch\u00e4tzte Lesezeit\" \/>\n\t<meta name=\"twitter:data1\" content=\"1\u00a0Minute\" \/>\n<script type=\"application\/ld+json\" class=\"yoast-schema-graph\">{\"@context\":\"https:\\\/\\\/schema.org\",\"@graph\":[{\"@type\":\"WebPage\",\"@id\":\"https:\\\/\\\/coverseal.be\\\/de\\\/ufaq\\\/kann-eine-coverseal-auf-massivverbundstoff-eingerichtet-werden\\\/\",\"url\":\"https:\\\/\\\/coverseal.be\\\/de\\\/ufaq\\\/kann-eine-coverseal-auf-massivverbundstoff-eingerichtet-werden\\\/\",\"name\":\"Kann eine Coverseal auf Massivverbundstoff eingerichtet werden? | Coverseal\",\"isPartOf\":{\"@id\":\"https:\\\/\\\/coverseal.be\\\/de\\\/#website\"},\"datePublished\":\"2025-08-12T13:18:25+00:00\",\"dateModified\":\"2025-10-29T19:37:09+00:00\",\"description\":\"Im Fall einer Terrasse aus Massivverbundstoff wird bevorzugt die Gel\u00e4ndeschiene verwendet, um eine optimale Befestigung\",\"breadcrumb\":{\"@id\":\"https:\\\/\\\/coverseal.be\\\/de\\\/ufaq\\\/kann-eine-coverseal-auf-massivverbundstoff-eingerichtet-werden\\\/#breadcrumb\"},\"inLanguage\":\"de\",\"potentialAction\":[{\"@type\":\"ReadAction\",\"target\":[\"https:\\\/\\\/coverseal.be\\\/de\\\/ufaq\\\/kann-eine-coverseal-auf-massivverbundstoff-eingerichtet-werden\\\/\"]}]},{\"@type\":\"BreadcrumbList\",\"@id\":\"https:\\\/\\\/coverseal.be\\\/de\\\/ufaq\\\/kann-eine-coverseal-auf-massivverbundstoff-eingerichtet-werden\\\/#breadcrumb\",\"itemListElement\":[{\"@type\":\"ListItem\",\"position\":1,\"name\":\"Accueil\",\"item\":\"https:\\\/\\\/coverseal.be\\\/de\\\/\"},{\"@type\":\"ListItem\",\"position\":2,\"name\":\"FAQs\",\"item\":\"https:\\\/\\\/coverseal.be\\\/de\\\/ufaq\\\/\"},{\"@type\":\"ListItem\",\"position\":3,\"name\":\"Kann eine Coverseal auf Massivverbundstoff eingerichtet werden?\"}]},{\"@type\":\"WebSite\",\"@id\":\"https:\\\/\\\/coverseal.be\\\/de\\\/#website\",\"url\":\"https:\\\/\\\/coverseal.be\\\/de\\\/\",\"name\":\"Coverseal\",\"description\":\"\",\"potentialAction\":[{\"@type\":\"SearchAction\",\"target\":{\"@type\":\"EntryPoint\",\"urlTemplate\":\"https:\\\/\\\/coverseal.be\\\/de\\\/?s={search_term_string}\"},\"query-input\":{\"@type\":\"PropertyValueSpecification\",\"valueRequired\":true,\"valueName\":\"search_term_string\"}}],\"inLanguage\":\"de\"}]}<\/script>\n<!-- \/ Yoast SEO plugin. -->","yoast_head_json":{"title":"Kann eine Coverseal auf Massivverbundstoff eingerichtet werden? | Coverseal","description":"Im Fall einer Terrasse aus Massivverbundstoff wird bevorzugt die Gel\u00e4ndeschiene verwendet, um eine optimale Befestigung","robots":{"index":"index","follow":"follow","max-snippet":"max-snippet:-1","max-image-preview":"max-image-preview:large","max-video-preview":"max-video-preview:-1"},"canonical":"https:\/\/coverseal.be\/de\/ufaq\/kann-eine-coverseal-auf-massivverbundstoff-eingerichtet-werden\/","og_locale":"de_DE","og_type":"article","og_title":"Kann eine Coverseal auf Massivverbundstoff eingerichtet werden? | Coverseal","og_description":"Im Fall einer Terrasse aus Massivverbundstoff wird bevorzugt die Gel\u00e4ndeschiene verwendet, um eine optimale Befestigung","og_url":"https:\/\/coverseal.be\/de\/ufaq\/kann-eine-coverseal-auf-massivverbundstoff-eingerichtet-werden\/","og_site_name":"Coverseal","article_modified_time":"2025-10-29T19:37:09+00:00","twitter_card":"summary_large_image","twitter_misc":{"Gesch\u00e4tzte Lesezeit":"1\u00a0Minute"},"schema":{"@context":"https:\/\/schema.org","@graph":[{"@type":"WebPage","@id":"https:\/\/coverseal.be\/de\/ufaq\/kann-eine-coverseal-auf-massivverbundstoff-eingerichtet-werden\/","url":"https:\/\/coverseal.be\/de\/ufaq\/kann-eine-coverseal-auf-massivverbundstoff-eingerichtet-werden\/","name":"Kann eine Coverseal auf Massivverbundstoff eingerichtet werden? | Coverseal","isPartOf":{"@id":"https:\/\/coverseal.be\/de\/#website"},"datePublished":"2025-08-12T13:18:25+00:00","dateModified":"2025-10-29T19:37:09+00:00","description":"Im Fall einer Terrasse aus Massivverbundstoff wird bevorzugt die Gel\u00e4ndeschiene verwendet, um eine optimale Befestigung","breadcrumb":{"@id":"https:\/\/coverseal.be\/de\/ufaq\/kann-eine-coverseal-auf-massivverbundstoff-eingerichtet-werden\/#breadcrumb"},"inLanguage":"de","potentialAction":[{"@type":"ReadAction","target":["https:\/\/coverseal.be\/de\/ufaq\/kann-eine-coverseal-auf-massivverbundstoff-eingerichtet-werden\/"]}]},{"@type":"BreadcrumbList","@id":"https:\/\/coverseal.be\/de\/ufaq\/kann-eine-coverseal-auf-massivverbundstoff-eingerichtet-werden\/#breadcrumb","itemListElement":[{"@type":"ListItem","position":1,"name":"Accueil","item":"https:\/\/coverseal.be\/de\/"},{"@type":"ListItem","position":2,"name":"FAQs","item":"https:\/\/coverseal.be\/de\/ufaq\/"},{"@type":"ListItem","position":3,"name":"Kann eine Coverseal auf Massivverbundstoff eingerichtet werden?"}]},{"@type":"WebSite","@id":"https:\/\/coverseal.be\/de\/#website","url":"https:\/\/coverseal.be\/de\/","name":"Coverseal","description":"","potentialAction":[{"@type":"SearchAction","target":{"@type":"EntryPoint","urlTemplate":"https:\/\/coverseal.be\/de\/?s={search_term_string}"},"query-input":{"@type":"PropertyValueSpecification","valueRequired":true,"valueName":"search_term_string"}}],"inLanguage":"de"}]}},"_links":{"self":[{"href":"https:\/\/coverseal.be\/de\/wp-json\/wp\/v2\/ufaq\/10397","targetHints":{"allow":["GET"]}}],"collection":[{"href":"https:\/\/coverseal.be\/de\/wp-json\/wp\/v2\/ufaq"}],"about":[{"href":"https:\/\/coverseal.be\/de\/wp-json\/wp\/v2\/types\/ufaq"}],"author":[{"embeddable":true,"href":"https:\/\/coverseal.be\/de\/wp-json\/wp\/v2\/users\/17"}],"replies":[{"embeddable":true,"href":"https:\/\/coverseal.be\/de\/wp-json\/wp\/v2\/comments?post=10397"}],"wp:attachment":[{"href":"https:\/\/coverseal.be\/de\/wp-json\/wp\/v2\/media?parent=10397"}],"wp:term":[{"taxonomy":"ufaq-category","embeddable":true,"href":"https:\/\/coverseal.be\/de\/wp-json\/wp\/v2\/ufaq-category?post=10397"},{"taxonomy":"ufaq-tag","embeddable":true,"href":"https:\/\/coverseal.be\/de\/wp-json\/wp\/v2\/ufaq-tag?post=10397"}],"curies":[{"name":"wp","href":"https:\/\/api.w.org\/{rel}","templated":true}]}}

<style>.ewd-ufaq-post-margin-symbol { color: #7f351b !important; }.ewd-ufaq-faq-title .ewd-ufaq-post-margin-symbol span { font-size: 22px !important; }div.ewd-ufaq-faq-title h5 { font-family: Lexend !important; }div.ewd-ufaq-faq-title h5 { font-size: 20px !important; }</style><div  class="ewd-ufaq-faq-list ewd-ufaq-page-type-infinite_scroll ewd-ufaq-category-tabs-" id='ewd-ufaq-faq-list'>

	<input type='hidden' name='show_on_load' value='' id='ewd-ufaq-show-on-load' />
<input type='hidden' name='include_category' value='' id='ewd-ufaq-include-category' />
<input type='hidden' name='exclude_category' value='' id='ewd-ufaq-exclude-category' />
<input type='hidden' name='orderby' value='title' id='ewd-ufaq-orderby' />
<input type='hidden' name='order' value='asc' id='ewd-ufaq-order' />
<input type='hidden' name='post_count' value='-1' id='ewd-ufaq-post-count' />
<input type='hidden' name='current_url' value='/de/wp-json/wp/v2/ufaq/10397' id='ewd-ufaq-current-url' />
	
	
	<div class='ewd-ufaq-faqs'>

		<div  class="ewd-ufaq-faq-div ewd-ufaq-faq-column-count-one ewd-ufaq-faq-responsive-columns- ewd-ufaq-faq-display-style-default ewd-ufaq-can-be-toggled" id='ewd-ufaq-post-10397-Ief3n69prN' data-post_id='10397'>

		
	<div class='ewd-ufaq-faq-title ewd-ufaq-faq-toggle'>
	
	<a class='ewd-ufaq-post-margin'  href='#' role="button">

		<div class='ewd-ufaq-post-margin-symbol ewd-ufaq-'>
			<span >B</span>
		</div>

		<div class='ewd-ufaq-faq-title-text'>

			<h5>
				Kann eine Coverseal auf Massivverbundstoff eingerichtet werden?			</h5>

		</div>

		<div class='ewd-ufaq-clear'></div>

	</a>
	
</div>
	
	<div class='ewd-ufaq-faq-body' >

		
			<div class='ewd-ufaq-faq-categories'>
	
	Kategorie:
	
		Allgemeines
	
</div>
		
			<div class='ewd-ufaq-post-margin ewd-ufaq-faq-post'>
	<div class="ewa-rteLine">
<p>Ja, die Einrichtung einer Coverseal auf einem Massivverbundstoffträger ist insofern möglich, als die Struktur stabil ist und ordnungsgemäß befestigt wurde, um zu vermeiden, dass sie sich mit der Zeit verformt.</p>
<p>Wir bieten zwei Schienenlösungen an &#8211; Standard- und Geländeschienen, um den Merkmalen Ihres Trägers Rechnung zu tragen. Im Fall einer Terrasse aus Massivverbundstoff wird bevorzugt die Geländeschiene verwendet, um eine optimale Befestigung auf dieser Oberfläche zu gewährleisten.</p>
</div>
</div>
		
			
		
			
		
			
		
			
		
			
		
			
		
			
		
			
		
	</div>

</div>
	</div>

	
</div>

<p>B Kann eine Coverseal auf Massivverbundstoff eingerichtet werden? Kategorie: Allgemeines Ja, die Einrichtung einer Coverseal auf einem Massivverbundstoffträger ist insofern möglich, als die Struktur stabil ist und ordnungsgemäß befestigt wurde, um zu vermeiden, dass sie sich mit der Zeit verformt. Wir bieten zwei Schienenlösungen an &#8211; Standard- und Geländeschienen, um den Merkmalen Ihres Trägers Rechnung [&hellip;]</p>

<!-- This site is optimized with the Yoast SEO plugin v27.5 - https://yoast.com/product/yoast-seo-wordpress/ -->
<title>Kann eine Coverseal auf Massivverbundstoff eingerichtet werden? | Coverseal</title>
<meta name="description" content="Im Fall einer Terrasse aus Massivverbundstoff wird bevorzugt die Geländeschiene verwendet, um eine optimale Befestigung" />
<meta name="robots" content="index, follow, max-snippet:-1, max-image-preview:large, max-video-preview:-1" />
<link rel="canonical" href="https://coverseal.be/de/ufaq/kann-eine-coverseal-auf-massivverbundstoff-eingerichtet-werden/" />
<meta property="og:locale" content="de_DE" />
<meta property="og:type" content="article" />
<meta property="og:title" content="Kann eine Coverseal auf Massivverbundstoff eingerichtet werden? | Coverseal" />
<meta property="og:description" content="Im Fall einer Terrasse aus Massivverbundstoff wird bevorzugt die Geländeschiene verwendet, um eine optimale Befestigung" />
<meta property="og:url" content="https://coverseal.be/de/ufaq/kann-eine-coverseal-auf-massivverbundstoff-eingerichtet-werden/" />
<meta property="og:site_name" content="Coverseal" />
<meta property="article:modified_time" content="2025-10-29T19:37:09+00:00" />
<meta name="twitter:card" content="summary_large_image" />
<meta name="twitter:label1" content="Geschätzte Lesezeit" />
	<meta name="twitter:data1" content="1 Minute" />
<script type="application/ld+json" class="yoast-schema-graph">{"@context":"https:\/\/schema.org","@graph":[{"@type":"WebPage","@id":"https:\/\/coverseal.be\/de\/ufaq\/kann-eine-coverseal-auf-massivverbundstoff-eingerichtet-werden\/","url":"https:\/\/coverseal.be\/de\/ufaq\/kann-eine-coverseal-auf-massivverbundstoff-eingerichtet-werden\/","name":"Kann eine Coverseal auf Massivverbundstoff eingerichtet werden? | Coverseal","isPartOf":{"@id":"https:\/\/coverseal.be\/de\/#website"},"datePublished":"2025-08-12T13:18:25+00:00","dateModified":"2025-10-29T19:37:09+00:00","description":"Im Fall einer Terrasse aus Massivverbundstoff wird bevorzugt die Geländeschiene verwendet, um eine optimale Befestigung","breadcrumb":{"@id":"https:\/\/coverseal.be\/de\/ufaq\/kann-eine-coverseal-auf-massivverbundstoff-eingerichtet-werden\/#breadcrumb"},"inLanguage":"de","potentialAction":[{"@type":"ReadAction","target":["https:\/\/coverseal.be\/de\/ufaq\/kann-eine-coverseal-auf-massivverbundstoff-eingerichtet-werden\/"]}]},{"@type":"BreadcrumbList","@id":"https:\/\/coverseal.be\/de\/ufaq\/kann-eine-coverseal-auf-massivverbundstoff-eingerichtet-werden\/#breadcrumb","itemListElement":[{"@type":"ListItem","position":1,"name":"Accueil","item":"https:\/\/coverseal.be\/de\/"},{"@type":"ListItem","position":2,"name":"FAQs","item":"https:\/\/coverseal.be\/de\/ufaq\/"},{"@type":"ListItem","position":3,"name":"Kann eine Coverseal auf Massivverbundstoff eingerichtet werden?"}]},{"@type":"WebSite","@id":"https:\/\/coverseal.be\/de\/#website","url":"https:\/\/coverseal.be\/de\/","name":"Coverseal","description":"","potentialAction":[{"@type":"SearchAction","target":{"@type":"EntryPoint","urlTemplate":"https:\/\/coverseal.be\/de\/?s={search_term_string}"},"query-input":{"@type":"PropertyValueSpecification","valueRequired":true,"valueName":"search_term_string"}}],"inLanguage":"de"}]}</script>
<!-- / Yoast SEO plugin. -->

Im Fall einer Terrasse aus Massivverbundstoff wird bevorzugt die Geländeschiene verwendet, um eine optimale Befestigung
